(1368,5,'2020-08-03 11:00:40','2020-08-03 14:00:40','<!-- wp:fl-builder/layout -->\n			<img src=\"https://www.papelariablumenau.com/wp-content/uploads/2020/07/slide_03_06072020_photos_v2_x4-1.jpg\" alt=\"\" />			\n			<img src=\"https://www.papelariablumenau.com/wp-content/uploads/2020/07/slide_01_04072020_2005_photos_v2_x4-1.jpg\" alt=\"\" />			\n<h2>NOVIDADES</h2>\n		<ul>\n<li>\n		<a href=\"https://www.papelariablumenau.com/produto/lapis-de-cor-mega-soft-12-cores-metalicas-tris/\"><img width=\"300\" height=\"300\" src=\"https://www.papelariablumenau.com/wp-content/uploads/2020/07/Lápis-de-cor-tris-metalico-300x300.jpg\" alt=\"\" srcset=\"https://www.papelariablumenau.com/wp-content/uploads/2020/07/Lápis-de-cor-tris-metalico-300x300.jpg 300w, https://www.papelariablumenau.com/wp-content/uploads/2020/07/Lápis-de-cor-tris-metalico-150x150.jpg 150w, https://www.papelariablumenau.com/wp-content/uploads/2020/07/Lápis-de-cor-tris-metalico-768x768.jpg 768w, https://www.papelariablumenau.com/wp-content/uploads/2020/07/Lápis-de-cor-tris-metalico-600x600.jpg 600w, https://www.papelariablumenau.com/wp-content/uploads/2020/07/Lápis-de-cor-tris-metalico-100x100.jpg 100w, https://www.papelariablumenau.com/wp-content/uploads/2020/07/Lápis-de-cor-tris-metalico.jpg 1000w\" sizes=\"(max-width: 300px) 100vw, 300px\" /></a>Quick View<a href=?add-to-cart=1324 data-product_id=\"1324\">Comprar</a>			\n				NOVIDADES			\n			<a href=\"https://www.papelariablumenau.com/produto/lapis-de-cor-mega-soft-12-cores-metalicas-tris/\"><h2>Lápis de cor Mega Soft 12 cores Metálicas TRIS</h2></a>Avaliação <strong>0</strong> de 5\n	&#82;&#36;27,00\n</li>\n<li>\n	-14%\n	<a href=\"https://www.papelariablumenau.com/produto/caderno-3-em-1-candy-redoma/\"><img width=\"300\" height=\"300\" src=\"https://www.papelariablumenau.com/wp-content/uploads/2020/07/caderneta-redoma-3-em-1-2-300x300.jpg\" alt=\"\" srcset=\"https://www.papelariablumenau.com/wp-content/uploads/2020/07/caderneta-redoma-3-em-1-2-300x300.jpg 300w, https://www.papelariablumenau.com/wp-content/uploads/2020/07/caderneta-redoma-3-em-1-2-150x150.jpg 150w, https://www.papelariablumenau.com/wp-content/uploads/2020/07/caderneta-redoma-3-em-1-2-100x100.jpg 100w\" sizes=\"(max-width: 300px) 100vw, 300px\" /><img width=\"300\" height=\"300\" src=\"https://www.papelariablumenau.com/wp-content/uploads/2020/07/Caderno-3-em-1-verso-redoma-300x300.jpg\" alt=\"\" /></a>Quick View<a href=?add-to-cart=1301 data-product_id=\"1301\">Comprar</a>			\n				CADERNOS			\n			<a href=\"https://www.papelariablumenau.com/produto/caderno-3-em-1-candy-redoma/\"><h2>Caderno 3 em 1 Candy Redoma</h2></a>Avaliação <strong>0</strong> de 5\n	<del>&#82;&#36;29,00</del> <ins>&#82;&#36;24,90</ins>\n</li>\n<li>\n	-10%\n	<a href=\"https://www.papelariablumenau.com/produto/fichario-universitario-caderno-argolado-cristal-rosa-breeze-dac/\"><img width=\"300\" height=\"300\" src=\"https://www.papelariablumenau.com/wp-content/uploads/2020/07/Fichario-dac-breeze-rosa--300x300.jpg\" alt=\"\" srcset=\"https://www.papelariablumenau.com/wp-content/uploads/2020/07/Fichario-dac-breeze-rosa--300x300.jpg 300w, https://www.papelariablumenau.com/wp-content/uploads/2020/07/Fichario-dac-breeze-rosa--150x150.jpg 150w, https://www.papelariablumenau.com/wp-content/uploads/2020/07/Fichario-dac-breeze-rosa--768x768.jpg 768w, https://www.papelariablumenau.com/wp-content/uploads/2020/07/Fichario-dac-breeze-rosa--600x600.jpg 600w, https://www.papelariablumenau.com/wp-content/uploads/2020/07/Fichario-dac-breeze-rosa--100x100.jpg 100w, https://www.papelariablumenau.com/wp-content/uploads/2020/07/Fichario-dac-breeze-rosa-.jpg 1000w\" sizes=\"(max-width: 300px) 100vw, 300px\" /><img width=\"300\" height=\"300\" src=\"https://www.papelariablumenau.com/wp-content/uploads/2020/07/Fichario-breeze-dac-rosa--300x300.jpg\" alt=\"\" /></a>Quick View<a href=?add-to-cart=1279 data-product_id=\"1279\">Comprar</a>			\n				CADERNOS			\n			<a href=\"https://www.papelariablumenau.com/produto/fichario-universitario-caderno-argolado-cristal-rosa-breeze-dac/\"><h2>Fichário Universitário/ Caderno argolado Cristal Rosa Breeze DAC</h2></a>Avaliação <strong>0</strong> de 5\n	<del>&#82;&#36;99,99</del> <ins>&#82;&#36;89,99</ins>\n</li>\n<li>\n	-11%\n	<a href=\"https://www.papelariablumenau.com/produto/fichario-universitario-caderno-argolado-cristal-verde-agua-breeze-dac/\"><img width=\"300\" height=\"300\" src=\"https://www.papelariablumenau.com/wp-content/uploads/2020/07/Fichario-breeze-verde-agua-dac-300x300.jpg\" alt=\"\" srcset=\"https://www.papelariablumenau.com/wp-content/uploads/2020/07/Fichario-breeze-verde-agua-dac-300x300.jpg 300w, https://www.papelariablumenau.com/wp-content/uploads/2020/07/Fichario-breeze-verde-agua-dac-150x150.jpg 150w, https://www.papelariablumenau.com/wp-content/uploads/2020/07/Fichario-breeze-verde-agua-dac-100x100.jpg 100w\" sizes=\"(max-width: 300px) 100vw, 300px\" /><img width=\"300\" height=\"300\" src=\"https://www.papelariablumenau.com/wp-content/uploads/2020/07/Fichario-verde-agua-por-dentro-300x300.jpg\" alt=\"\" /></a>Quick View<a href=?add-to-cart=1276 data-product_id=\"1276\">Comprar</a>			\n				CADERNOS			\n			<a href=\"https://www.papelariablumenau.com/produto/fichario-universitario-caderno-argolado-cristal-verde-agua-breeze-dac/\"><h2>Fichário Universitário/ Caderno argolado Cristal Verde água Breeze DAC</h2></a>Avaliação <strong>0</strong> de 5\n	<del>&#82;&#36;99,99</del> <ins>&#82;&#36;88,99</ins>\n</li>\n<li>\n	-11%\n	<a href=\"https://www.papelariablumenau.com/produto/fichario-universitario-caderno-argolado-cristal-lilas-breeze-dac/\"><img width=\"300\" height=\"300\" src=\"https://www.papelariablumenau.com/wp-content/uploads/2020/07/Fichario-roxo-dac-breeze-1-1-300x300.jpg\" alt=\"\" srcset=\"https://www.papelariablumenau.com/wp-content/uploads/2020/07/Fichario-roxo-dac-breeze-1-1-300x300.jpg 300w, https://www.papelariablumenau.com/wp-content/uploads/2020/07/Fichario-roxo-dac-breeze-1-1-150x150.jpg 150w, https://www.papelariablumenau.com/wp-content/uploads/2020/07/Fichario-roxo-dac-breeze-1-1-100x100.jpg 100w\" sizes=\"(max-width: 300px) 100vw, 300px\" /><img width=\"300\" height=\"300\" src=\"https://www.papelariablumenau.com/wp-content/uploads/2020/07/Fichario-breeze-dac-roxo-por-dentro-300x300.jpg\" alt=\"\" /></a>Quick View<a href=?add-to-cart=1271 data-product_id=\"1271\">Comprar</a>			\n				CADERNOS			\n			<a href=\"https://www.papelariablumenau.com/produto/fichario-universitario-caderno-argolado-cristal-lilas-breeze-dac/\"><h2>Fichário Universitário/ Caderno argolado Cristal Lilás Breeze DAC</h2></a>Avaliação <strong>0</strong> de 5\n	<del>&#82;&#36;99,99</del> <ins>&#82;&#36;88,99</ins>\n</li>\n<li>\n		<a href=\"https://www.papelariablumenau.com/produto/caneta-esferografica-trilux-style-colors-estojo-com-5-cores-faber-castell/\"><img width=\"300\" height=\"300\" src=\"https://www.papelariablumenau.com/wp-content/uploads/2020/07/Caneta-trilux-tom-pastel-faber-castell-300x300.jpg\" alt=\"\" srcset=\"https://www.papelariablumenau.com/wp-content/uploads/2020/07/Caneta-trilux-tom-pastel-faber-castell-300x300.jpg 300w, https://www.papelariablumenau.com/wp-content/uploads/2020/07/Caneta-trilux-tom-pastel-faber-castell-150x150.jpg 150w, https://www.papelariablumenau.com/wp-content/uploads/2020/07/Caneta-trilux-tom-pastel-faber-castell-768x768.jpg 768w, https://www.papelariablumenau.com/wp-content/uploads/2020/07/Caneta-trilux-tom-pastel-faber-castell-600x600.jpg 600w, https://www.papelariablumenau.com/wp-content/uploads/2020/07/Caneta-trilux-tom-pastel-faber-castell-100x100.jpg 100w, https://www.papelariablumenau.com/wp-content/uploads/2020/07/Caneta-trilux-tom-pastel-faber-castell.jpg 900w\" sizes=\"(max-width: 300px) 100vw, 300px\" /></a>Quick View<a href=?add-to-cart=1268 data-product_id=\"1268\">Comprar</a>			\n				CANETAS			\n			<a href=\"https://www.papelariablumenau.com/produto/caneta-esferografica-trilux-style-colors-estojo-com-5-cores-faber-castell/\"><h2>Caneta esferográfica Trilux Style Colors estojo com 5 cores Faber-Castell</h2></a>Avaliação <strong>0</strong> de 5\n	&#82;&#36;11,00\n</li>\n<li>\n	-16%\n	<a href=\"https://www.papelariablumenau.com/produto/marca-texto-textliner-46-pastel-4-cores-faber-castell/\"><img width=\"300\" height=\"300\" src=\"https://www.papelariablumenau.com/wp-content/uploads/2020/07/Estojo-marca-texto-faber-castell-com-4-cores-300x300.jpg\" alt=\"\" srcset=\"https://www.papelariablumenau.com/wp-content/uploads/2020/07/Estojo-marca-texto-faber-castell-com-4-cores-300x300.jpg 300w, https://www.papelariablumenau.com/wp-content/uploads/2020/07/Estojo-marca-texto-faber-castell-com-4-cores-150x150.jpg 150w, https://www.papelariablumenau.com/wp-content/uploads/2020/07/Estojo-marca-texto-faber-castell-com-4-cores-100x100.jpg 100w\" sizes=\"(max-width: 300px) 100vw, 300px\" /><img width=\"300\" height=\"300\" src=\"https://www.papelariablumenau.com/wp-content/uploads/2020/07/Marca-texto-faber-4-cores-300x300.jpg\" alt=\"\" /></a>Quick View<a href=?add-to-cart=1265 data-product_id=\"1265\">Comprar</a>			\n				CANETAS			\n			<a href=\"https://www.papelariablumenau.com/produto/marca-texto-textliner-46-pastel-4-cores-faber-castell/\"><h2>Marca Texto Textliner 46 Pastel 4 cores Faber-Castell</h2></a>Avaliação <strong>0</strong> de 5\n	<del>&#82;&#36;37,00</del> <ins>&#82;&#36;30,99</ins>\n</li>\n<li>\n	-18%\n	<a href=\"https://www.papelariablumenau.com/produto/marca-texto-textliner-46-pastel-6-cores-faber-castell/\"><img width=\"300\" height=\"300\" src=\"https://www.papelariablumenau.com/wp-content/uploads/2020/07/Estojo-marca-texto-faber-com-6-cores-300x300.jpg\" alt=\"\" srcset=\"https://www.papelariablumenau.com/wp-content/uploads/2020/07/Estojo-marca-texto-faber-com-6-cores-300x300.jpg 300w, https://www.papelariablumenau.com/wp-content/uploads/2020/07/Estojo-marca-texto-faber-com-6-cores-150x150.jpg 150w, https://www.papelariablumenau.com/wp-content/uploads/2020/07/Estojo-marca-texto-faber-com-6-cores-768x768.jpg 768w, https://www.papelariablumenau.com/wp-content/uploads/2020/07/Estojo-marca-texto-faber-com-6-cores-600x600.jpg 600w, https://www.papelariablumenau.com/wp-content/uploads/2020/07/Estojo-marca-texto-faber-com-6-cores-100x100.jpg 100w, https://www.papelariablumenau.com/wp-content/uploads/2020/07/Estojo-marca-texto-faber-com-6-cores.jpg 800w\" sizes=\"(max-width: 300px) 100vw, 300px\" /><img width=\"300\" height=\"300\" src=\"https://www.papelariablumenau.com/wp-content/uploads/2020/07/Marca-texto-faber-6-cores-300x300.jpg\" alt=\"\" /></a>Quick View<a href=?add-to-cart=1261 data-product_id=\"1261\">Comprar</a>			\n				CANETAS			\n			<a href=\"https://www.papelariablumenau.com/produto/marca-texto-textliner-46-pastel-6-cores-faber-castell/\"><h2>Marca Texto Textliner 46 Pastel 6 cores Faber-Castell</h2></a>Avaliação <strong>0</strong> de 5\n	<del>&#82;&#36;54,90</del> <ins>&#82;&#36;44,99</ins>\n</li>\n<li>\n	-15%\n	<a href=\"https://www.papelariablumenau.com/produto/giz-pastel-a-oleo-com-25-cores-pentel-phn-25/\"><img width=\"300\" height=\"300\" src=\"https://www.papelariablumenau.com/wp-content/uploads/2020/07/Giz-pastel-25-cores-300x300.jpg\" alt=\"\" srcset=\"https://www.papelariablumenau.com/wp-content/uploads/2020/07/Giz-pastel-25-cores-300x300.jpg 300w, https://www.papelariablumenau.com/wp-content/uploads/2020/07/Giz-pastel-25-cores-150x150.jpg 150w, https://www.papelariablumenau.com/wp-content/uploads/2020/07/Giz-pastel-25-cores-768x768.jpg 768w, https://www.papelariablumenau.com/wp-content/uploads/2020/07/Giz-pastel-25-cores-600x600.jpg 600w, https://www.papelariablumenau.com/wp-content/uploads/2020/07/Giz-pastel-25-cores-100x100.jpg 100w, https://www.papelariablumenau.com/wp-content/uploads/2020/07/Giz-pastel-25-cores.jpg 1000w\" sizes=\"(max-width: 300px) 100vw, 300px\" /></a>Quick View<a href=?add-to-cart=1218 data-product_id=\"1218\">Comprar</a>			\n				NOVIDADES			\n			<a href=\"https://www.papelariablumenau.com/produto/giz-pastel-a-oleo-com-25-cores-pentel-phn-25/\"><h2>Giz pastel a óleo com 25 cores Pentel PHN-25</h2></a>Avaliação <strong>0</strong> de 5\n	<del>&#82;&#36;27,00</del> <ins>&#82;&#36;22,95</ins>\n</li>\n<li>\n	-14%\n	<a href=\"https://www.papelariablumenau.com/produto/giz-pastel-a-oleo-com-12-cores-pentel-phn-12/\"><img width=\"300\" height=\"300\" src=\"https://www.papelariablumenau.com/wp-content/uploads/2020/07/Giz-pastel-12-cores-300x300.jpg\" alt=\"\" srcset=\"https://www.papelariablumenau.com/wp-content/uploads/2020/07/Giz-pastel-12-cores-300x300.jpg 300w, https://www.papelariablumenau.com/wp-content/uploads/2020/07/Giz-pastel-12-cores-150x150.jpg 150w, https://www.papelariablumenau.com/wp-content/uploads/2020/07/Giz-pastel-12-cores-768x768.jpg 768w, https://www.papelariablumenau.com/wp-content/uploads/2020/07/Giz-pastel-12-cores-600x600.jpg 600w, https://www.papelariablumenau.com/wp-content/uploads/2020/07/Giz-pastel-12-cores-100x100.jpg 100w, https://www.papelariablumenau.com/wp-content/uploads/2020/07/Giz-pastel-12-cores.jpg 1000w\" sizes=\"(max-width: 300px) 100vw, 300px\" /></a>Quick View<a href=?add-to-cart=1216 data-product_id=\"1216\">Comprar</a>			\n				NOVIDADES			\n			<a href=\"https://www.papelariablumenau.com/produto/giz-pastel-a-oleo-com-12-cores-pentel-phn-12/\"><h2>Giz pastel a óleo com 12 cores Pentel PHN-12</h2></a>Avaliação <strong>0</strong> de 5\n	<del>&#82;&#36;17,00</del> <ins>&#82;&#36;14,60</ins>\n</li>\n<li>\n	-20%\n	<a href=\"https://www.papelariablumenau.com/produto/aquarela-caixa-com-24-cores-water-colors-pentel-htp-24-6ml/\"><img width=\"300\" height=\"300\" src=\"https://www.papelariablumenau.com/wp-content/uploads/2020/07/Aquarela-24-cores-pentel-1-300x300.jpg\" alt=\"\" srcset=\"https://www.papelariablumenau.com/wp-content/uploads/2020/07/Aquarela-24-cores-pentel-1-300x300.jpg 300w, https://www.papelariablumenau.com/wp-content/uploads/2020/07/Aquarela-24-cores-pentel-1-150x150.jpg 150w, https://www.papelariablumenau.com/wp-content/uploads/2020/07/Aquarela-24-cores-pentel-1-768x768.jpg 768w, https://www.papelariablumenau.com/wp-content/uploads/2020/07/Aquarela-24-cores-pentel-1-600x600.jpg 600w, https://www.papelariablumenau.com/wp-content/uploads/2020/07/Aquarela-24-cores-pentel-1-100x100.jpg 100w, https://www.papelariablumenau.com/wp-content/uploads/2020/07/Aquarela-24-cores-pentel-1.jpg 1000w\" sizes=\"(max-width: 300px) 100vw, 300px\" /><img width=\"300\" height=\"300\" src=\"https://www.papelariablumenau.com/wp-content/uploads/2020/07/Aquarela-24-cores-por-dentro-pentel-300x300.jpg\" alt=\"\" /></a>Quick View<a href=?add-to-cart=1211 data-product_id=\"1211\">Comprar</a>			\n				NOVIDADES			\n			<a href=\"https://www.papelariablumenau.com/produto/aquarela-caixa-com-24-cores-water-colors-pentel-htp-24-6ml/\"><h2>Aquarela caixa com 24 cores Water Colors Pentel HTP-24 6ml</h2></a>Avaliação <strong>0</strong> de 5\n	<del>&#82;&#36;73,00</del> <ins>&#82;&#36;58,40</ins>\n</li>\n<li>\n	-20%\n	<a href=\"https://www.papelariablumenau.com/produto/aquarela-caixa-com-12-cores-water-colors-pentel-htp-12-6ml/\"><img width=\"300\" height=\"300\" src=\"https://www.papelariablumenau.com/wp-content/uploads/2020/07/Aquarela-12-cores-pentel-300x300.jpg\" alt=\"\" srcset=\"https://www.papelariablumenau.com/wp-content/uploads/2020/07/Aquarela-12-cores-pentel-300x300.jpg 300w, https://www.papelariablumenau.com/wp-content/uploads/2020/07/Aquarela-12-cores-pentel-150x150.jpg 150w, https://www.papelariablumenau.com/wp-content/uploads/2020/07/Aquarela-12-cores-pentel-768x768.jpg 768w, https://www.papelariablumenau.com/wp-content/uploads/2020/07/Aquarela-12-cores-pentel-600x600.jpg 600w, https://www.papelariablumenau.com/wp-content/uploads/2020/07/Aquarela-12-cores-pentel-100x100.jpg 100w, https://www.papelariablumenau.com/wp-content/uploads/2020/07/Aquarela-12-cores-pentel.jpg 1000w\" sizes=\"(max-width: 300px) 100vw, 300px\" /><img width=\"300\" height=\"300\" src=\"https://www.papelariablumenau.com/wp-content/uploads/2020/07/Aquarela-12-cores-aberta-300x300.jpg\" alt=\"\" /></a>Quick View<a href=?add-to-cart=1207 data-product_id=\"1207\">Comprar</a>			\n				NOVIDADES			\n			<a href=\"https://www.papelariablumenau.com/produto/aquarela-caixa-com-12-cores-water-colors-pentel-htp-12-6ml/\"><h2>Aquarela caixa com 12 cores Water Colors Pentel HTP-12 6ml</h2></a>Avaliação <strong>0</strong> de 5\n	<del>&#82;&#36;39,00</del> <ins>&#82;&#36;31,20</ins>\n</li>\n<li>\n	-20%\n	<a href=\"https://www.papelariablumenau.com/produto/aquarela-caixa-com-8-cores-water-colors-pentel-htp-8-6ml/\"><img width=\"300\" height=\"300\" src=\"https://www.papelariablumenau.com/wp-content/uploads/2020/07/Aquarela-8-cores-pentel-300x300.jpg\" alt=\"\" srcset=\"https://www.papelariablumenau.com/wp-content/uploads/2020/07/Aquarela-8-cores-pentel-300x300.jpg 300w, https://www.papelariablumenau.com/wp-content/uploads/2020/07/Aquarela-8-cores-pentel-150x150.jpg 150w, https://www.papelariablumenau.com/wp-content/uploads/2020/07/Aquarela-8-cores-pentel-768x768.jpg 768w, https://www.papelariablumenau.com/wp-content/uploads/2020/07/Aquarela-8-cores-pentel-600x600.jpg 600w, https://www.papelariablumenau.com/wp-content/uploads/2020/07/Aquarela-8-cores-pentel-100x100.jpg 100w, https://www.papelariablumenau.com/wp-content/uploads/2020/07/Aquarela-8-cores-pentel.jpg 1000w\" sizes=\"(max-width: 300px) 100vw, 300px\" /><img width=\"300\" height=\"300\" src=\"https://www.papelariablumenau.com/wp-content/uploads/2020/07/aquarela-8-cores-aberta-27-1-300x300.jpg\" alt=\"\" /></a>Quick View<a href=?add-to-cart=1203 data-product_id=\"1203\">Comprar</a>			\n				NOVIDADES			\n			<a href=\"https://www.papelariablumenau.com/produto/aquarela-caixa-com-8-cores-water-colors-pentel-htp-8-6ml/\"><h2>Aquarela caixa com 8 cores Water Colors Pentel HTP-8 6ml</h2></a>Avaliação <strong>0</strong> de 5\n	<del>&#82;&#36;29,00</del> <ins>&#82;&#36;23,20</ins>\n</li>\n<li>\n		<a href=\"https://www.papelariablumenau.com/produto/caneta-gel-uniball-signo-angelic-colour-branca-0-7mm/\"><img width=\"300\" height=\"300\" src=\"https://www.papelariablumenau.com/wp-content/uploads/2020/07/Caneta-Signo-Branca-300x300.jpg\" alt=\"\" srcset=\"https://www.papelariablumenau.com/wp-content/uploads/2020/07/Caneta-Signo-Branca-300x300.jpg 300w, https://www.papelariablumenau.com/wp-content/uploads/2020/07/Caneta-Signo-Branca-150x150.jpg 150w, https://www.papelariablumenau.com/wp-content/uploads/2020/07/Caneta-Signo-Branca-100x100.jpg 100w\" sizes=\"(max-width: 300px) 100vw, 300px\" /><img width=\"300\" height=\"300\" src=\"https://www.papelariablumenau.com/wp-content/uploads/2020/07/Signo-branca-300x300.jpeg\" alt=\"\" /></a>Quick View<a href=?add-to-cart=1050 data-product_id=\"1050\">Comprar</a>			\n				CANETAS			\n			<a href=\"https://www.papelariablumenau.com/produto/caneta-gel-uniball-signo-angelic-colour-branca-0-7mm/\"><h2>Caneta Gel Uniball Signo Angelic Colour Branca 0.7mm Avulsa</h2></a>Avaliação <strong>0</strong> de 5\n	&#82;&#36;9,99\n</li>\n<li>\n		<a href=\"https://www.papelariablumenau.com/produto/conjunto-4-em-1-donuts-bee-unique-clips-prendedor-de-papel-e-alfinete/\"><img width=\"300\" height=\"300\" src=\"https://www.papelariablumenau.com/wp-content/uploads/2020/06/4-em-1-completa-300x300.jpg\" alt=\"\" srcset=\"https://www.papelariablumenau.com/wp-content/uploads/2020/06/4-em-1-completa-300x300.jpg 300w, https://www.papelariablumenau.com/wp-content/uploads/2020/06/4-em-1-completa-150x150.jpg 150w, https://www.papelariablumenau.com/wp-content/uploads/2020/06/4-em-1-completa-100x100.jpg 100w\" sizes=\"(max-width: 300px) 100vw, 300px\" /><img width=\"300\" height=\"300\" src=\"https://www.papelariablumenau.com/wp-content/uploads/2020/06/4-em-1-1-1-300x300.jpg\" alt=\"\" /></a>Quick View<a href=https://www.papelariablumenau.com/produto/conjunto-4-em-1-donuts-bee-unique-clips-prendedor-de-papel-e-alfinete/ data-product_id=\"606\">Ver opções</a>			\n				CLIPS E PRENDEDORES			\n			<a href=\"https://www.papelariablumenau.com/produto/conjunto-4-em-1-donuts-bee-unique-clips-prendedor-de-papel-e-alfinete/\"><h2>Estojo acrílico 4 em 1 donuts Bee Unique Clips, prendedor de papel e alfinete LK-PA009</h2></a>Avaliação <strong>0</strong> de 5\n	&#82;&#36;12,90\n</li>\n<li>\n		<a href=\"https://www.papelariablumenau.com/produto/agenda-2021-planner-magic-espiral-m7-tilibra/\"><img width=\"300\" height=\"300\" src=\"https://www.papelariablumenau.com/wp-content/uploads/2020/06/Planner-Magic-Tilibra-300x300.jpg\" alt=\"\" srcset=\"https://www.papelariablumenau.com/wp-content/uploads/2020/06/Planner-Magic-Tilibra-300x300.jpg 300w, https://www.papelariablumenau.com/wp-content/uploads/2020/06/Planner-Magic-Tilibra-150x150.jpg 150w, https://www.papelariablumenau.com/wp-content/uploads/2020/06/Planner-Magic-Tilibra-768x768.jpg 768w, https://www.papelariablumenau.com/wp-content/uploads/2020/06/Planner-Magic-Tilibra-600x600.jpg 600w, https://www.papelariablumenau.com/wp-content/uploads/2020/06/Planner-Magic-Tilibra-100x100.jpg 100w, https://www.papelariablumenau.com/wp-content/uploads/2020/06/Planner-Magic-Tilibra.jpg 900w\" sizes=\"(max-width: 300px) 100vw, 300px\" /><img width=\"300\" height=\"300\" src=\"https://www.papelariablumenau.com/wp-content/uploads/2020/06/Planner-Magic-Tilibra-2-300x300.jpg\" alt=\"\" /></a>Quick View<a href=?add-to-cart=825 data-product_id=\"825\">Comprar</a>			\n				AGENDA			\n			<a href=\"https://www.papelariablumenau.com/produto/agenda-2021-planner-magic-espiral-m7-tilibra/\"><h2>Agenda 2021 Planner Magic Espiral M7 Tilibra</h2></a>Avaliação <strong>0</strong> de 5\n	&#82;&#36;26,90\n</li>\n</ul>\n		<!--\n		-->\n						<a href=\"#\" id=\"uabb-quick-view-close\"></a>\n<h2>OFERTAS IMPERDÍVEIS</h2>\n		<ul>\n<li>\n	-36%\n	<a href=\"https://www.papelariablumenau.com/produto/estojo-caneta-brush-pen-aquarelavel-6-cores-basicas-newpen/\"><img width=\"300\" height=\"300\" src=\"https://www.papelariablumenau.com/wp-content/uploads/2020/07/Brush-pen-cores-basicas-300x300.jpg\" alt=\"\" srcset=\"https://www.papelariablumenau.com/wp-content/uploads/2020/07/Brush-pen-cores-basicas-300x300.jpg 300w, https://www.papelariablumenau.com/wp-content/uploads/2020/07/Brush-pen-cores-basicas-150x150.jpg 150w, https://www.papelariablumenau.com/wp-content/uploads/2020/07/Brush-pen-cores-basicas-100x100.jpg 100w\" sizes=\"(max-width: 300px) 100vw, 300px\" /></a>Quick View<a href=?add-to-cart=1143 data-product_id=\"1143\">Comprar</a>			\n				BRUSH PEN			\n			<a href=\"https://www.papelariablumenau.com/produto/estojo-caneta-brush-pen-aquarelavel-6-cores-basicas-newpen/\"><h2>Estojo caneta Brush Pen aquarelável 6 cores básicas NewPen</h2></a>Avaliação <strong>0</strong> de 5\n	<del>&#82;&#36;38,90</del> <ins>&#82;&#36;24,90</ins>\n</li>\n<li>\n	-36%\n	<a href=\"https://www.papelariablumenau.com/produto/estojo-caneta-brush-pen-6-cores-pastel-newpen/\"><img width=\"300\" height=\"300\" src=\"https://www.papelariablumenau.com/wp-content/uploads/2020/07/Brush-pen-tom-pastel-newpen-2-300x300.jpeg\" alt=\"\" srcset=\"https://www.papelariablumenau.com/wp-content/uploads/2020/07/Brush-pen-tom-pastel-newpen-2-300x300.jpeg 300w, https://www.papelariablumenau.com/wp-content/uploads/2020/07/Brush-pen-tom-pastel-newpen-2-150x150.jpeg 150w, https://www.papelariablumenau.com/wp-content/uploads/2020/07/Brush-pen-tom-pastel-newpen-2-100x100.jpeg 100w\" sizes=\"(max-width: 300px) 100vw, 300px\" /></a>Quick View<a href=?add-to-cart=1120 data-product_id=\"1120\">Comprar</a>			\n				BRUSH PEN			\n			<a href=\"https://www.papelariablumenau.com/produto/estojo-caneta-brush-pen-6-cores-pastel-newpen/\"><h2>Estojo caneta Brush Pen aquarelável 6 cores em tom Pastel NewPen</h2></a>Avaliação <strong>0</strong> de 5\n	<del>&#82;&#36;38,90</del> <ins>&#82;&#36;24,90</ins>\n</li>\n<li>\n	-36%\n	<a href=\"https://www.papelariablumenau.com/produto/estojo-caneta-brush-pen-aquarelavel-com-20-unidades-newpen/\"><img width=\"300\" height=\"300\" src=\"https://www.papelariablumenau.com/wp-content/uploads/2020/07/Caneta-Brush-20-cores-300x300.jpg\" alt=\"\" srcset=\"https://www.papelariablumenau.com/wp-content/uploads/2020/07/Caneta-Brush-20-cores-300x300.jpg 300w, https://www.papelariablumenau.com/wp-content/uploads/2020/07/Caneta-Brush-20-cores-150x150.jpg 150w, https://www.papelariablumenau.com/wp-content/uploads/2020/07/Caneta-Brush-20-cores-100x100.jpg 100w\" sizes=\"(max-width: 300px) 100vw, 300px\" /></a>Quick View<a href=?add-to-cart=1118 data-product_id=\"1118\">Comprar</a>			\n				BRUSH PEN			\n			<a href=\"https://www.papelariablumenau.com/produto/estojo-caneta-brush-pen-aquarelavel-com-20-unidades-newpen/\"><h2>Estojo caneta Brush Pen aquarelável com 20 unidades NewPen</h2></a>Avaliação <strong>0</strong> de 5\n	<del>&#82;&#36;124,90</del> <ins>&#82;&#36;79,90</ins>\n</li>\n<li>\n	-37%\n	<a href=\"https://www.papelariablumenau.com/produto/estojo-caneta-brush-pen-aquarelavel-com-16-unidades-newpen/\"><img width=\"300\" height=\"300\" src=\"https://www.papelariablumenau.com/wp-content/uploads/2020/07/Caneta-Brush-newpen-16-cores-300x300.jpg\" alt=\"\" srcset=\"https://www.papelariablumenau.com/wp-content/uploads/2020/07/Caneta-Brush-newpen-16-cores-300x300.jpg 300w, https://www.papelariablumenau.com/wp-content/uploads/2020/07/Caneta-Brush-newpen-16-cores-150x150.jpg 150w, https://www.papelariablumenau.com/wp-content/uploads/2020/07/Caneta-Brush-newpen-16-cores-100x100.jpg 100w\" sizes=\"(max-width: 300px) 100vw, 300px\" /></a>Quick View<a href=?add-to-cart=1116 data-product_id=\"1116\">Comprar</a>			\n				BRUSH PEN			\n			<a href=\"https://www.papelariablumenau.com/produto/estojo-caneta-brush-pen-aquarelavel-com-16-unidades-newpen/\"><h2>Estojo caneta Brush Pen aquarelável com 16 unidades NewPen</h2></a>Avaliação <strong>0</strong> de 5\n	<del>&#82;&#36;98,00</del> <ins>&#82;&#36;62,00</ins>\n</li>\n<li>\n	-22%\n	<a href=\"https://www.papelariablumenau.com/produto/caderno-inteligente-arco-iris-pastel-grande/\"><img width=\"300\" height=\"300\" src=\"https://www.papelariablumenau.com/wp-content/uploads/2020/07/Caderno-inteligente-arco-iris-300x300.jpg\" alt=\"\" srcset=\"https://www.papelariablumenau.com/wp-content/uploads/2020/07/Caderno-inteligente-arco-iris-300x300.jpg 300w, https://www.papelariablumenau.com/wp-content/uploads/2020/07/Caderno-inteligente-arco-iris-150x150.jpg 150w, https://www.papelariablumenau.com/wp-content/uploads/2020/07/Caderno-inteligente-arco-iris-100x100.jpg 100w\" sizes=\"(max-width: 300px) 100vw, 300px\" /></a>Quick View<a href=?add-to-cart=1088 data-product_id=\"1088\">Comprar</a>			\n				CADERNOS			\n			<a href=\"https://www.papelariablumenau.com/produto/caderno-inteligente-arco-iris-pastel-grande/\"><h2>Caderno Inteligente Arco-Íris Pastel Grande</h2></a>Avaliação <strong>0</strong> de 5\n	<del>&#82;&#36;130,00</del> <ins>&#82;&#36;102,00</ins>\n</li>\n<li>\n	-22%\n	<a href=\"https://www.papelariablumenau.com/produto/prendedor-de-papel-de-coracao-rosa-cis/\"><img width=\"300\" height=\"300\" src=\"https://www.papelariablumenau.com/wp-content/uploads/2020/07/Cis-prendedor-coração-300x300.jpg\" alt=\"\" srcset=\"https://www.papelariablumenau.com/wp-content/uploads/2020/07/Cis-prendedor-coração-300x300.jpg 300w, https://www.papelariablumenau.com/wp-content/uploads/2020/07/Cis-prendedor-coração-150x150.jpg 150w, https://www.papelariablumenau.com/wp-content/uploads/2020/07/Cis-prendedor-coração-768x768.jpg 768w, https://www.papelariablumenau.com/wp-content/uploads/2020/07/Cis-prendedor-coração-600x600.jpg 600w, https://www.papelariablumenau.com/wp-content/uploads/2020/07/Cis-prendedor-coração-100x100.jpg 100w, https://www.papelariablumenau.com/wp-content/uploads/2020/07/Cis-prendedor-coração.jpg 921w\" sizes=\"(max-width: 300px) 100vw, 300px\" /></a>Quick View<a href=?add-to-cart=1084 data-product_id=\"1084\">Comprar</a>			\n				CLIPS E PRENDEDORES			\n			<a href=\"https://www.papelariablumenau.com/produto/prendedor-de-papel-de-coracao-rosa-cis/\"><h2>Prendedor de papel de Coração Rosa CIS</h2></a>Avaliação <strong>0</strong> de 5\n	<del>&#82;&#36;9,00</del> <ins>&#82;&#36;6,99</ins>\n</li>\n<li>\n	-18%\n	<a href=\"https://www.papelariablumenau.com/produto/kit-marca-texto-stabilo-boss-c-8-cores-pastel/\"><img width=\"300\" height=\"300\" src=\"https://www.papelariablumenau.com/wp-content/uploads/2020/07/Boss-foto-nova-300x300.jpeg\" alt=\"\" srcset=\"https://www.papelariablumenau.com/wp-content/uploads/2020/07/Boss-foto-nova-300x300.jpeg 300w, https://www.papelariablumenau.com/wp-content/uploads/2020/07/Boss-foto-nova-150x150.jpeg 150w, https://www.papelariablumenau.com/wp-content/uploads/2020/07/Boss-foto-nova-100x100.jpeg 100w\" sizes=\"(max-width: 300px) 100vw, 300px\" /></a>Quick View<a href=?add-to-cart=470 data-product_id=\"470\">Comprar</a>			\n				CANETAS			\n			<a href=\"https://www.papelariablumenau.com/produto/kit-marca-texto-stabilo-boss-c-8-cores-pastel/\"><h2>Kit Marca Texto Stabilo BOSS c/ 8 cores pastel</h2></a>Avaliação <strong>0</strong> de 5\n	<del>&#82;&#36;68,00</del> <ins>&#82;&#36;56,00</ins>\n</li>\n<li>\n	-10%\n	<a href=\"https://www.papelariablumenau.com/produto/985/\"><img width=\"300\" height=\"300\" src=\"https://www.papelariablumenau.com/wp-content/uploads/2020/07/Marca-texto-Staedtler-6-cores-300x300.jpeg\" alt=\"\" srcset=\"https://www.papelariablumenau.com/wp-content/uploads/2020/07/Marca-texto-Staedtler-6-cores-300x300.jpeg 300w, https://www.papelariablumenau.com/wp-content/uploads/2020/07/Marca-texto-Staedtler-6-cores-1024x1024.jpeg 1024w, https://www.papelariablumenau.com/wp-content/uploads/2020/07/Marca-texto-Staedtler-6-cores-150x150.jpeg 150w, https://www.papelariablumenau.com/wp-content/uploads/2020/07/Marca-texto-Staedtler-6-cores-768x768.jpeg 768w, https://www.papelariablumenau.com/wp-content/uploads/2020/07/Marca-texto-Staedtler-6-cores-600x600.jpeg 600w, https://www.papelariablumenau.com/wp-content/uploads/2020/07/Marca-texto-Staedtler-6-cores-100x100.jpeg 100w, https://www.papelariablumenau.com/wp-content/uploads/2020/07/Marca-texto-Staedtler-6-cores.jpeg 1500w\" sizes=\"(max-width: 300px) 100vw, 300px\" /></a>Quick View<a href=?add-to-cart=985 data-product_id=\"985\">Comprar</a>			\n				CANETAS			\n			<a href=\"https://www.papelariablumenau.com/produto/985/\"><h2>Estojo Marca texto com 6 cores Pastel Staedtler Textsurfer</h2></a>Avaliação <strong>0</strong> de 5\n	<del>&#82;&#36;52,00</del> <ins>&#82;&#36;46,99</ins>\n</li>\n</ul>\n		<!--\n		-->\n						<a href=\"#\" id=\"uabb-quick-view-close\"></a>\n	<h2><!--\n	-->Acompanhe nossas publicações no<!--	--><!--\n	-->\n	</h2>\n		<blockquote cite=\"https://www.facebook.com/papelariablumenauoficial/\"><a href=\"https://www.facebook.com/papelariablumenauoficial/\"></a></blockquote>\n<!-- /wp:fl-builder/layout -->','Home','','inherit','closed','closed','','50-revision-v1','','','2020-08-03 11:00:40','2020-08-03 14:00:40','',50,'https://www.papelariablumenau.com/2020/08/03/50-revision-v1/',0,'revision','',0),(1369,1,'2020-08-03 11:15:15','2020-08-03 14:15:15','','Order &ndash; agosto 3, 2020 @ 11:15 AM','','wc-cancelled','closed','closed','wc_order_blZCUYI3XhoA8','pedido-03-de-aug-de-2020-as-141515','','','2020-08-04 07:52:57','2020-08-04 10:52:57','',0,'https://www.papelariablumenau.com/?post_type=shop_order&#038;p=1369',0,'shop_order','',4),(1371,5,'2020-08-03 19:31:07','2020-08-03 22:31:07','<!-- wp:fl-builder/layout --><h3>\n		Institucional\n	</h3>\n<h3>\n		Formas de Pagamento\n	</h3>\n                        	<img src=\"https://www.papelariablumenau.com/wp-content/uploads/2020/05/mastercard.png\" alt=\"https://www.papelariablumenau.com/wp-content/uploads/2020/05/mastercard.png\" data-no-lazy=\"1\" />\n                        	<img src=\"https://www.papelariablumenau.com/wp-content/uploads/2020/05/Visa.png\" alt=\"https://www.papelariablumenau.com/wp-content/uploads/2020/05/Visa.png\" data-no-lazy=\"1\" />\n                        	<img src=\"https://www.papelariablumenau.com/wp-content/uploads/2020/05/boleto.png\" alt=\"https://www.papelariablumenau.com/wp-content/uploads/2020/05/boleto.png\" data-no-lazy=\"1\" />\n                        	<img src=\"https://www.papelariablumenau.com/wp-content/uploads/2020/05/download.png\" alt=\"https://www.papelariablumenau.com/wp-content/uploads/2020/05/download.png\" data-no-lazy=\"1\" />\n<h3>\n		Fale Conosco\n	</h3>\n<h3>\n		Categorias\n	</h3>\n	<p><a href=\"https://www.papelariablumenau.com/categoria-produto/novidades/\">NOVIDADES</a></p>\n<p><a href=\"https://www.papelariablumenau.com/categoria-produto/ofertas/\">OFERTAS</a></p>\n<p><a href=\"https://www.papelariablumenau.com/categoria-produto/cadernos/\">CADERNOS</a></p>\n<p><a href=\"https://www.papelariablumenau.com/categoria-produto/canetas/\">CANETAS</a></p>\n<p><a href=\"https://www.papelariablumenau.com/categoria-produto/papelaria/\">PAPELARIA</a></p>\n<form >\n    <h3>\n	Quer receber ofertas?	</h3>\n	\n	Preencha o nome e email.	\n    		<label for=\"pp-name-\">Nome</label>\n    		Please enter your name.\n    		<input type=\"text\" name=\"pp-name\" id=\"pp-name-\" value=\"\" placeholder=\"Nome\"  />\n    		<label for=\"pp-email-\">Email</label>\n    		Please enter a valid email.\n    		<input type=\"email\" name=\"pp-email\" id=\"pp-email-\" value=\"\" placeholder=\"Email\"  />\n    	<a href=\"#\" target=\"_self\" role=\"button\" rel=\"noopener noreferrer\">\n    		    		    		Quero Ofertas!\n    		    		    	</a>\n			Ops, alguma informação está incorreta. Digite novamente.\n</form>\n  <p>Obrigado por preencher! Agora é só esperar ! </p>\n	<p>Papelaria Blumenau Ltda. CNPJ: 05.495.183/0001-87</p>\n	<p>© 2020 [wpbb site:title] - <a href=\"https://saobernardo.hostnet.com.br/\">Desenvolvido e Hospedado pela HOSTNET-SBC-SP</a></p>\n<!-- /wp:fl-builder/layout -->','Footer Home','','inherit','closed','closed','','259-revision-v1','','','2020-08-03 19:31:07','2020-08-03 22:31:07','',259,'https://www.papelariablumenau.com/2020/08/03/259-revision-v1/',0,'revision','',0),(1372,5,'2020-08-03 19:35:24','2020-08-03 22:35:24','<!-- wp:fl-builder/layout -->\n			<img src=\"https://www.papelariablumenau.com/wp-content/uploads/2020/07/slide_03_06072020_photos_v2_x4-1.jpg\" alt=\"\" />			\n			<img src=\"https://www.papelariablumenau.com/wp-content/uploads/2020/07/slide_01_04072020_2005_photos_v2_x4-1.jpg\" alt=\"\" />			\n<h2>NOVIDADES</h2>\n		<ul>\n<li>\n		<a href=\"https://www.papelariablumenau.com/produto/lapis-de-cor-mega-soft-12-cores-metalicas-tris/\"><img width=\"300\" height=\"300\" src=\"https://www.papelariablumenau.com/wp-content/uploads/2020/07/Lápis-de-cor-tris-metalico-300x300.jpg\" alt=\"\" srcset=\"https://www.papelariablumenau.com/wp-content/uploads/2020/07/Lápis-de-cor-tris-metalico-300x300.jpg 300w, https://www.papelariablumenau.com/wp-content/uploads/2020/07/Lápis-de-cor-tris-metalico-150x150.jpg 150w, https://www.papelariablumenau.com/wp-content/uploads/2020/07/Lápis-de-cor-tris-metalico-768x768.jpg 768w, https://www.papelariablumenau.com/wp-content/uploads/2020/07/Lápis-de-cor-tris-metalico-600x600.jpg 600w, https://www.papelariablumenau.com/wp-content/uploads/2020/07/Lápis-de-cor-tris-metalico-100x100.jpg 100w, https://www.papelariablumenau.com/wp-content/uploads/2020/07/Lápis-de-cor-tris-metalico.jpg 1000w\" sizes=\"(max-width: 300px) 100vw, 300px\" /></a>Quick View<a href=?add-to-cart=1324 data-product_id=\"1324\">Comprar</a>			\n				NOVIDADES			\n			<a href=\"https://www.papelariablumenau.com/produto/lapis-de-cor-mega-soft-12-cores-metalicas-tris/\"><h2>Lápis de cor Mega Soft 12 cores Metálicas TRIS</h2></a>Avaliação <strong>0</strong> de 5\n	&#82;&#36;27,00\n</li>\n<li>\n	-14%\n	<a href=\"https://www.papelariablumenau.com/produto/caderno-3-em-1-candy-redoma/\"><img width=\"300\" height=\"300\" src=\"https://www.papelariablumenau.com/wp-content/uploads/2020/07/caderneta-redoma-3-em-1-2-300x300.jpg\" alt=\"\" srcset=\"https://www.papelariablumenau.com/wp-content/uploads/2020/07/caderneta-redoma-3-em-1-2-300x300.jpg 300w, https://www.papelariablumenau.com/wp-content/uploads/2020/07/caderneta-redoma-3-em-1-2-150x150.jpg 150w, https://www.papelariablumenau.com/wp-content/uploads/2020/07/caderneta-redoma-3-em-1-2-100x100.jpg 100w\" sizes=\"(max-width: 300px) 100vw, 300px\" /><img width=\"300\" height=\"300\" src=\"https://www.papelariablumenau.com/wp-content/uploads/2020/07/Caderno-3-em-1-verso-redoma-300x300.jpg\" alt=\"\" /></a>Quick View<a href=?add-to-cart=1301 data-product_id=\"1301\">Comprar</a>			\n				CADERNOS			\n			<a href=\"https://www.papelariablumenau.com/produto/caderno-3-em-1-candy-redoma/\"><h2>Caderno 3 em 1 Candy Redoma</h2></a>Avaliação <strong>0</strong> de 5\n	<del>&#82;&#36;29,00</del> <ins>&#82;&#36;24,90</ins>\n</li>\n<li>\n	-10%\n	<a href=\"https://www.papelariablumenau.com/produto/fichario-universitario-caderno-argolado-cristal-rosa-breeze-dac/\"><img width=\"300\" height=\"300\" src=\"https://www.papelariablumenau.com/wp-content/uploads/2020/07/Fichario-dac-breeze-rosa--300x300.jpg\" alt=\"\" srcset=\"https://www.papelariablumenau.com/wp-content/uploads/2020/07/Fichario-dac-breeze-rosa--300x300.jpg 300w, https://www.papelariablumenau.com/wp-content/uploads/2020/07/Fichario-dac-breeze-rosa--150x150.jpg 150w, https://www.papelariablumenau.com/wp-content/uploads/2020/07/Fichario-dac-breeze-rosa--768x768.jpg 768w, https://www.papelariablumenau.com/wp-content/uploads/2020/07/Fichario-dac-breeze-rosa--600x600.jpg 600w, https://www.papelariablumenau.com/wp-content/uploads/2020/07/Fichario-dac-breeze-rosa--100x100.jpg 100w, https://www.papelariablumenau.com/wp-content/uploads/2020/07/Fichario-dac-breeze-rosa-.jpg 1000w\" sizes=\"(max-width: 300px) 100vw, 300px\" /><img width=\"300\" height=\"300\" src=\"https://www.papelariablumenau.com/wp-content/uploads/2020/07/Fichario-breeze-dac-rosa--300x300.jpg\" alt=\"\" /></a>Quick View<a href=?add-to-cart=1279 data-product_id=\"1279\">Comprar</a>			\n				CADERNOS			\n			<a href=\"https://www.papelariablumenau.com/produto/fichario-universitario-caderno-argolado-cristal-rosa-breeze-dac/\"><h2>Fichário Universitário/ Caderno argolado Cristal Rosa Breeze DAC</h2></a>Avaliação <strong>0</strong> de 5\n	<del>&#82;&#36;99,99</del> <ins>&#82;&#36;89,99</ins>\n</li>\n<li>\n	-11%\n	<a href=\"https://www.papelariablumenau.com/produto/fichario-universitario-caderno-argolado-cristal-verde-agua-breeze-dac/\"><img width=\"300\" height=\"300\" src=\"https://www.papelariablumenau.com/wp-content/uploads/2020/07/Fichario-breeze-verde-agua-dac-300x300.jpg\" alt=\"\" srcset=\"https://www.papelariablumenau.com/wp-content/uploads/2020/07/Fichario-breeze-verde-agua-dac-300x300.jpg 300w, https://www.papelariablumenau.com/wp-content/uploads/2020/07/Fichario-breeze-verde-agua-dac-150x150.jpg 150w, https://www.papelariablumenau.com/wp-content/uploads/2020/07/Fichario-breeze-verde-agua-dac-100x100.jpg 100w\" sizes=\"(max-width: 300px) 100vw, 300px\" /><img width=\"300\" height=\"300\" src=\"https://www.papelariablumenau.com/wp-content/uploads/2020/07/Fichario-verde-agua-por-dentro-300x300.jpg\" alt=\"\" /></a>Quick View<a href=?add-to-cart=1276 data-product_id=\"1276\">Comprar</a>			\n				CADERNOS			\n			<a href=\"https://www.papelariablumenau.com/produto/fichario-universitario-caderno-argolado-cristal-verde-agua-breeze-dac/\"><h2>Fichário Universitário/ Caderno argolado Cristal Verde água Breeze DAC</h2></a>Avaliação <strong>0</strong> de 5\n	<del>&#82;&#36;99,99</del> <ins>&#82;&#36;88,99</ins>\n</li>\n<li>\n	-11%\n	<a href=\"https://www.papelariablumenau.com/produto/fichario-universitario-caderno-argolado-cristal-lilas-breeze-dac/\"><img width=\"300\" height=\"300\" src=\"https://www.papelariablumenau.com/wp-content/uploads/2020/07/Fichario-roxo-dac-breeze-1-1-300x300.jpg\" alt=\"\" srcset=\"https://www.papelariablumenau.com/wp-content/uploads/2020/07/Fichario-roxo-dac-breeze-1-1-300x300.jpg 300w, https://www.papelariablumenau.com/wp-content/uploads/2020/07/Fichario-roxo-dac-breeze-1-1-150x150.jpg 150w, https://www.papelariablumenau.com/wp-content/uploads/2020/07/Fichario-roxo-dac-breeze-1-1-100x100.jpg 100w\" sizes=\"(max-width: 300px) 100vw, 300px\" /><img width=\"300\" height=\"300\" src=\"https://www.papelariablumenau.com/wp-content/uploads/2020/07/Fichario-breeze-dac-roxo-por-dentro-300x300.jpg\" alt=\"\" /></a>Quick View<a href=?add-to-cart=1271 data-product_id=\"1271\">Comprar</a>			\n				CADERNOS			\n			<a href=\"https://www.papelariablumenau.com/produto/fichario-universitario-caderno-argolado-cristal-lilas-breeze-dac/\"><h2>Fichário Universitário/ Caderno argolado Cristal Lilás Breeze DAC</h2></a>Avaliação <strong>0</strong> de 5\n	<del>&#82;&#36;99,99</del> <ins>&#82;&#36;88,99</ins>\n</li>\n<li>\n		<a href=\"https://www.papelariablumenau.com/produto/caneta-esferografica-trilux-style-colors-estojo-com-5-cores-faber-castell/\"><img width=\"300\" height=\"300\" src=\"https://www.papelariablumenau.com/wp-content/uploads/2020/07/Caneta-trilux-tom-pastel-faber-castell-300x300.jpg\" alt=\"\" srcset=\"https://www.papelariablumenau.com/wp-content/uploads/2020/07/Caneta-trilux-tom-pastel-faber-castell-300x300.jpg 300w, https://www.papelariablumenau.com/wp-content/uploads/2020/07/Caneta-trilux-tom-pastel-faber-castell-150x150.jpg 150w, https://www.papelariablumenau.com/wp-content/uploads/2020/07/Caneta-trilux-tom-pastel-faber-castell-768x768.jpg 768w, https://www.papelariablumenau.com/wp-content/uploads/2020/07/Caneta-trilux-tom-pastel-faber-castell-600x600.jpg 600w, https://www.papelariablumenau.com/wp-content/uploads/2020/07/Caneta-trilux-tom-pastel-faber-castell-100x100.jpg 100w, https://www.papelariablumenau.com/wp-content/uploads/2020/07/Caneta-trilux-tom-pastel-faber-castell.jpg 900w\" sizes=\"(max-width: 300px) 100vw, 300px\" /></a>Quick View<a href=?add-to-cart=1268 data-product_id=\"1268\">Comprar</a>			\n				CANETAS			\n			<a href=\"https://www.papelariablumenau.com/produto/caneta-esferografica-trilux-style-colors-estojo-com-5-cores-faber-castell/\"><h2>Caneta esferográfica Trilux Style Colors estojo com 5 cores Faber-Castell</h2></a>Avaliação <strong>0</strong> de 5\n	&#82;&#36;11,00\n</li>\n<li>\n	-16%\n	<a href=\"https://www.papelariablumenau.com/produto/marca-texto-textliner-46-pastel-4-cores-faber-castell/\"><img width=\"300\" height=\"300\" src=\"https://www.papelariablumenau.com/wp-content/uploads/2020/07/Estojo-marca-texto-faber-castell-com-4-cores-300x300.jpg\" alt=\"\" srcset=\"https://www.papelariablumenau.com/wp-content/uploads/2020/07/Estojo-marca-texto-faber-castell-com-4-cores-300x300.jpg 300w, https://www.papelariablumenau.com/wp-content/uploads/2020/07/Estojo-marca-texto-faber-castell-com-4-cores-150x150.jpg 150w, https://www.papelariablumenau.com/wp-content/uploads/2020/07/Estojo-marca-texto-faber-castell-com-4-cores-100x100.jpg 100w\" sizes=\"(max-width: 300px) 100vw, 300px\" /><img width=\"300\" height=\"300\" src=\"https://www.papelariablumenau.com/wp-content/uploads/2020/07/Marca-texto-faber-4-cores-300x300.jpg\" alt=\"\" /></a>Quick View<a href=?add-to-cart=1265 data-product_id=\"1265\">Comprar</a>			\n				CANETAS			\n			<a href=\"https://www.papelariablumenau.com/produto/marca-texto-textliner-46-pastel-4-cores-faber-castell/\"><h2>Marca Texto Textliner 46 Pastel 4 cores Faber-Castell</h2></a>Avaliação <strong>0</strong> de 5\n	<del>&#82;&#36;37,00</del> <ins>&#82;&#36;30,99</ins>\n</li>\n<li>\n	-18%\n	<a href=\"https://www.papelariablumenau.com/produto/marca-texto-textliner-46-pastel-6-cores-faber-castell/\"><img width=\"300\" height=\"300\" src=\"https://www.papelariablumenau.com/wp-content/uploads/2020/07/Estojo-marca-texto-faber-com-6-cores-300x300.jpg\" alt=\"\" srcset=\"https://www.papelariablumenau.com/wp-content/uploads/2020/07/Estojo-marca-texto-faber-com-6-cores-300x300.jpg 300w, https://www.papelariablumenau.com/wp-content/uploads/2020/07/Estojo-marca-texto-faber-com-6-cores-150x150.jpg 150w, https://www.papelariablumenau.com/wp-content/uploads/2020/07/Estojo-marca-texto-faber-com-6-cores-768x768.jpg 768w, https://www.papelariablumenau.com/wp-content/uploads/2020/07/Estojo-marca-texto-faber-com-6-cores-600x600.jpg 600w, https://www.papelariablumenau.com/wp-content/uploads/2020/07/Estojo-marca-texto-faber-com-6-cores-100x100.jpg 100w, https://www.papelariablumenau.com/wp-content/uploads/2020/07/Estojo-marca-texto-faber-com-6-cores.jpg 800w\" sizes=\"(max-width: 300px) 100vw, 300px\" /><img width=\"300\" height=\"300\" src=\"https://www.papelariablumenau.com/wp-content/uploads/2020/07/Marca-texto-faber-6-cores-300x300.jpg\" alt=\"\" /></a>Quick View<a href=?add-to-cart=1261 data-product_id=\"1261\">Comprar</a>			\n				CANETAS			\n			<a href=\"https://www.papelariablumenau.com/produto/marca-texto-textliner-46-pastel-6-cores-faber-castell/\"><h2>Marca Texto Textliner 46 Pastel 6 cores Faber-Castell</h2></a>Avaliação <strong>0</strong> de 5\n	<del>&#82;&#36;54,90</del> <ins>&#82;&#36;44,99</ins>\n</li>\n<li>\n	-15%\n	<a href=\"https://www.papelariablumenau.com/produto/giz-pastel-a-oleo-com-25-cores-pentel-phn-25/\"><img width=\"300\" height=\"300\" src=\"https://www.papelariablumenau.com/wp-content/uploads/2020/07/Giz-pastel-25-cores-300x300.jpg\" alt=\"\" srcset=\"https://www.papelariablumenau.com/wp-content/uploads/2020/07/Giz-pastel-25-cores-300x300.jpg 300w, https://www.papelariablumenau.com/wp-content/uploads/2020/07/Giz-pastel-25-cores-150x150.jpg 150w, https://www.papelariablumenau.com/wp-content/uploads/2020/07/Giz-pastel-25-cores-768x768.jpg 768w, https://www.papelariablumenau.com/wp-content/uploads/2020/07/Giz-pastel-25-cores-600x600.jpg 600w, https://www.papelariablumenau.com/wp-content/uploads/2020/07/Giz-pastel-25-cores-100x100.jpg 100w, https://www.papelariablumenau.com/wp-content/uploads/2020/07/Giz-pastel-25-cores.jpg 1000w\" sizes=\"(max-width: 300px) 100vw, 300px\" /></a>Quick View<a href=?add-to-cart=1218 data-product_id=\"1218\">Comprar</a>			\n				NOVIDADES			\n			<a href=\"https://www.papelariablumenau.com/produto/giz-pastel-a-oleo-com-25-cores-pentel-phn-25/\"><h2>Giz pastel a óleo com 25 cores Pentel PHN-25</h2></a>Avaliação <strong>0</strong> de 5\n	<del>&#82;&#36;27,00</del> <ins>&#82;&#36;22,95</ins>\n</li>\n<li>\n	-14%\n	<a href=\"https://www.papelariablumenau.com/produto/giz-pastel-a-oleo-com-12-cores-pentel-phn-12/\"><img width=\"300\" height=\"300\" src=\"https://www.papelariablumenau.com/wp-content/uploads/2020/07/Giz-pastel-12-cores-300x300.jpg\" alt=\"\" srcset=\"https://www.papelariablumenau.com/wp-content/uploads/2020/07/Giz-pastel-12-cores-300x300.jpg 300w, https://www.papelariablumenau.com/wp-content/uploads/2020/07/Giz-pastel-12-cores-150x150.jpg 150w, https://www.papelariablumenau.com/wp-content/uploads/2020/07/Giz-pastel-12-cores-768x768.jpg 768w, https://www.papelariablumenau.com/wp-content/uploads/2020/07/Giz-pastel-12-cores-600x600.jpg 600w, https://www.papelariablumenau.com/wp-content/uploads/2020/07/Giz-pastel-12-cores-100x100.jpg 100w, https://www.papelariablumenau.com/wp-content/uploads/2020/07/Giz-pastel-12-cores.jpg 1000w\" sizes=\"(max-width: 300px) 100vw, 300px\" /></a>Quick View<a href=?add-to-cart=1216 data-product_id=\"1216\">Comprar</a>			\n				NOVIDADES			\n			<a href=\"https://www.papelariablumenau.com/produto/giz-pastel-a-oleo-com-12-cores-pentel-phn-12/\"><h2>Giz pastel a óleo com 12 cores Pentel PHN-12</h2></a>Avaliação <strong>0</strong> de 5\n	<del>&#82;&#36;17,00</del> <ins>&#82;&#36;14,60</ins>\n</li>\n<li>\n	-20%\n	<a href=\"https://www.papelariablumenau.com/produto/aquarela-caixa-com-24-cores-water-colors-pentel-htp-24-6ml/\"><img width=\"300\" height=\"300\" src=\"https://www.papelariablumenau.com/wp-content/uploads/2020/07/Aquarela-24-cores-pentel-1-300x300.jpg\" alt=\"\" srcset=\"https://www.papelariablumenau.com/wp-content/uploads/2020/07/Aquarela-24-cores-pentel-1-300x300.jpg 300w, https://www.papelariablumenau.com/wp-content/uploads/2020/07/Aquarela-24-cores-pentel-1-150x150.jpg 150w, https://www.papelariablumenau.com/wp-content/uploads/2020/07/Aquarela-24-cores-pentel-1-768x768.jpg 768w, https://www.papelariablumenau.com/wp-content/uploads/2020/07/Aquarela-24-cores-pentel-1-600x600.jpg 600w, https://www.papelariablumenau.com/wp-content/uploads/2020/07/Aquarela-24-cores-pentel-1-100x100.jpg 100w, https://www.papelariablumenau.com/wp-content/uploads/2020/07/Aquarela-24-cores-pentel-1.jpg 1000w\" sizes=\"(max-width: 300px) 100vw, 300px\" /><img width=\"300\" height=\"300\" src=\"https://www.papelariablumenau.com/wp-content/uploads/2020/07/Aquarela-24-cores-por-dentro-pentel-300x300.jpg\" alt=\"\" /></a>Quick View<a href=?add-to-cart=1211 data-product_id=\"1211\">Comprar</a>			\n				NOVIDADES			\n			<a href=\"https://www.papelariablumenau.com/produto/aquarela-caixa-com-24-cores-water-colors-pentel-htp-24-6ml/\"><h2>Aquarela caixa com 24 cores Water Colors Pentel HTP-24 6ml</h2></a>Avaliação <strong>0</strong> de 5\n	<del>&#82;&#36;73,00</del> <ins>&#82;&#36;58,40</ins>\n</li>\n<li>\n	-20%\n	<a href=\"https://www.papelariablumenau.com/produto/aquarela-caixa-com-12-cores-water-colors-pentel-htp-12-6ml/\"><img width=\"300\" height=\"300\" src=\"https://www.papelariablumenau.com/wp-content/uploads/2020/07/Aquarela-12-cores-pentel-300x300.jpg\" alt=\"\" srcset=\"https://www.papelariablumenau.com/wp-content/uploads/2020/07/Aquarela-12-cores-pentel-300x300.jpg 300w, https://www.papelariablumenau.com/wp-content/uploads/2020/07/Aquarela-12-cores-pentel-150x150.jpg 150w, https://www.papelariablumenau.com/wp-content/uploads/2020/07/Aquarela-12-cores-pentel-768x768.jpg 768w, https://www.papelariablumenau.com/wp-content/uploads/2020/07/Aquarela-12-cores-pentel-600x600.jpg 600w, https://www.papelariablumenau.com/wp-content/uploads/2020/07/Aquarela-12-cores-pentel-100x100.jpg 100w, https://www.papelariablumenau.com/wp-content/uploads/2020/07/Aquarela-12-cores-pentel.jpg 1000w\" sizes=\"(max-width: 300px) 100vw, 300px\" /><img width=\"300\" height=\"300\" src=\"https://www.papelariablumenau.com/wp-content/uploads/2020/07/Aquarela-12-cores-aberta-300x300.jpg\" alt=\"\" /></a>Quick View<a href=?add-to-cart=1207 data-product_id=\"1207\">Comprar</a>			\n				NOVIDADES			\n			<a href=\"https://www.papelariablumenau.com/produto/aquarela-caixa-com-12-cores-water-colors-pentel-htp-12-6ml/\"><h2>Aquarela caixa com 12 cores Water Colors Pentel HTP-12 6ml</h2></a>Avaliação <strong>0</strong> de 5\n	<del>&#82;&#36;39,00</del> <ins>&#82;&#36;31,20</ins>\n</li>\n<li>\n	-20%\n	<a href=\"https://www.papelariablumenau.com/produto/aquarela-caixa-com-8-cores-water-colors-pentel-htp-8-6ml/\"><img width=\"300\" height=\"300\" src=\"https://www.papelariablumenau.com/wp-content/uploads/2020/07/Aquarela-8-cores-pentel-300x300.jpg\" alt=\"\" srcset=\"https://www.papelariablumenau.com/wp-content/uploads/2020/07/Aquarela-8-cores-pentel-300x300.jpg 300w, https://www.papelariablumenau.com/wp-content/uploads/2020/07/Aquarela-8-cores-pentel-150x150.jpg 150w, https://www.papelariablumenau.com/wp-content/uploads/2020/07/Aquarela-8-cores-pentel-768x768.jpg 768w, https://www.papelariablumenau.com/wp-content/uploads/2020/07/Aquarela-8-cores-pentel-600x600.jpg 600w, https://www.papelariablumenau.com/wp-content/uploads/2020/07/Aquarela-8-cores-pentel-100x100.jpg 100w, https://www.papelariablumenau.com/wp-content/uploads/2020/07/Aquarela-8-cores-pentel.jpg 1000w\" sizes=\"(max-width: 300px) 100vw, 300px\" /><img width=\"300\" height=\"300\" src=\"https://www.papelariablumenau.com/wp-content/uploads/2020/07/aquarela-8-cores-aberta-27-1-300x300.jpg\" alt=\"\" /></a>Quick View<a href=?add-to-cart=1203 data-product_id=\"1203\">Comprar</a>			\n				NOVIDADES			\n			<a href=\"https://www.papelariablumenau.com/produto/aquarela-caixa-com-8-cores-water-colors-pentel-htp-8-6ml/\"><h2>Aquarela caixa com 8 cores Water Colors Pentel HTP-8 6ml</h2></a>Avaliação <strong>0</strong> de 5\n	<del>&#82;&#36;29,00</del> <ins>&#82;&#36;23,20</ins>\n</li>\n<li>\n		<a href=\"https://www.papelariablumenau.com/produto/caneta-gel-uniball-signo-angelic-colour-branca-0-7mm/\"><img width=\"300\" height=\"300\" src=\"https://www.papelariablumenau.com/wp-content/uploads/2020/07/Caneta-Signo-Branca-300x300.jpg\" alt=\"\" srcset=\"https://www.papelariablumenau.com/wp-content/uploads/2020/07/Caneta-Signo-Branca-300x300.jpg 300w, https://www.papelariablumenau.com/wp-content/uploads/2020/07/Caneta-Signo-Branca-150x150.jpg 150w, https://www.papelariablumenau.com/wp-content/uploads/2020/07/Caneta-Signo-Branca-100x100.jpg 100w\" sizes=\"(max-width: 300px) 100vw, 300px\" /><img width=\"300\" height=\"300\" src=\"https://www.papelariablumenau.com/wp-content/uploads/2020/07/Signo-branca-300x300.jpeg\" alt=\"\" /></a>Quick View<a href=?add-to-cart=1050 data-product_id=\"1050\">Comprar</a>			\n				CANETAS			\n			<a href=\"https://www.papelariablumenau.com/produto/caneta-gel-uniball-signo-angelic-colour-branca-0-7mm/\"><h2>Caneta Gel Uniball Signo Angelic Colour Branca 0.7mm Avulsa</h2></a>Avaliação <strong>0</strong> de 5\n	&#82;&#36;9,99\n</li>\n<li>\n		<a href=\"https://www.papelariablumenau.com/produto/conjunto-4-em-1-donuts-bee-unique-clips-prendedor-de-papel-e-alfinete/\"><img width=\"300\" height=\"300\" src=\"https://www.papelariablumenau.com/wp-content/uploads/2020/06/4-em-1-completa-300x300.jpg\" alt=\"\" srcset=\"https://www.papelariablumenau.com/wp-content/uploads/2020/06/4-em-1-completa-300x300.jpg 300w, https://www.papelariablumenau.com/wp-content/uploads/2020/06/4-em-1-completa-150x150.jpg 150w, https://www.papelariablumenau.com/wp-content/uploads/2020/06/4-em-1-completa-100x100.jpg 100w\" sizes=\"(max-width: 300px) 100vw, 300px\" /><img width=\"300\" height=\"300\" src=\"https://www.papelariablumenau.com/wp-content/uploads/2020/06/4-em-1-1-1-300x300.jpg\" alt=\"\" /></a>Quick View<a href=https://www.papelariablumenau.com/produto/conjunto-4-em-1-donuts-bee-unique-clips-prendedor-de-papel-e-alfinete/ data-product_id=\"606\">Ver opções</a>			\n				CLIPS E PRENDEDORES			\n			<a href=\"https://www.papelariablumenau.com/produto/conjunto-4-em-1-donuts-bee-unique-clips-prendedor-de-papel-e-alfinete/\"><h2>Estojo acrílico 4 em 1 donuts Bee Unique Clips, prendedor de papel e alfinete LK-PA009</h2></a>Avaliação <strong>0</strong> de 5\n	&#82;&#36;12,90\n</li>\n<li>\n		<a href=\"https://www.papelariablumenau.com/produto/agenda-2021-planner-magic-espiral-m7-tilibra/\"><img width=\"300\" height=\"300\" src=\"https://www.papelariablumenau.com/wp-content/uploads/2020/06/Planner-Magic-Tilibra-300x300.jpg\" alt=\"\" srcset=\"https://www.papelariablumenau.com/wp-content/uploads/2020/06/Planner-Magic-Tilibra-300x300.jpg 300w, https://www.papelariablumenau.com/wp-content/uploads/2020/06/Planner-Magic-Tilibra-150x150.jpg 150w, https://www.papelariablumenau.com/wp-content/uploads/2020/06/Planner-Magic-Tilibra-768x768.jpg 768w, https://www.papelariablumenau.com/wp-content/uploads/2020/06/Planner-Magic-Tilibra-600x600.jpg 600w, https://www.papelariablumenau.com/wp-content/uploads/2020/06/Planner-Magic-Tilibra-100x100.jpg 100w, https://www.papelariablumenau.com/wp-content/uploads/2020/06/Planner-Magic-Tilibra.jpg 900w\" sizes=\"(max-width: 300px) 100vw, 300px\" /><img width=\"300\" height=\"300\" src=\"https://www.papelariablumenau.com/wp-content/uploads/2020/06/Planner-Magic-Tilibra-2-300x300.jpg\" alt=\"\" /></a>Quick View<a href=?add-to-cart=825 data-product_id=\"825\">Comprar</a>			\n				AGENDA			\n			<a href=\"https://www.papelariablumenau.com/produto/agenda-2021-planner-magic-espiral-m7-tilibra/\"><h2>Agenda 2021 Planner Magic Espiral M7 Tilibra</h2></a>Avaliação <strong>0</strong> de 5\n	&#82;&#36;26,90\n</li>\n</ul>\n		<!--\n		-->\n						<a href=\"#\" id=\"uabb-quick-view-close\"></a>\n<h2>OFERTAS IMPERDÍVEIS</h2>\n		<ul>\n<li>\n	-36%\n	<a href=\"https://www.papelariablumenau.com/produto/estojo-caneta-brush-pen-aquarelavel-6-cores-basicas-newpen/\"><img width=\"300\" height=\"300\" src=\"https://www.papelariablumenau.com/wp-content/uploads/2020/07/Brush-pen-cores-basicas-300x300.jpg\" alt=\"\" srcset=\"https://www.papelariablumenau.com/wp-content/uploads/2020/07/Brush-pen-cores-basicas-300x300.jpg 300w, https://www.papelariablumenau.com/wp-content/uploads/2020/07/Brush-pen-cores-basicas-150x150.jpg 150w, https://www.papelariablumenau.com/wp-content/uploads/2020/07/Brush-pen-cores-basicas-100x100.jpg 100w\" sizes=\"(max-width: 300px) 100vw, 300px\" /></a>Quick View<a href=?add-to-cart=1143 data-product_id=\"1143\">Comprar</a>			\n				BRUSH PEN			\n			<a href=\"https://www.papelariablumenau.com/produto/estojo-caneta-brush-pen-aquarelavel-6-cores-basicas-newpen/\"><h2>Estojo caneta Brush Pen aquarelável 6 cores básicas NewPen</h2></a>Avaliação <strong>0</strong> de 5\n	<del>&#82;&#36;38,90</del> <ins>&#82;&#36;24,90</ins>\n</li>\n<li>\n	-36%\n	<a href=\"https://www.papelariablumenau.com/produto/estojo-caneta-brush-pen-6-cores-pastel-newpen/\"><img width=\"300\" height=\"300\" src=\"https://www.papelariablumenau.com/wp-content/uploads/2020/07/Brush-pen-tom-pastel-newpen-2-300x300.jpeg\" alt=\"\" srcset=\"https://www.papelariablumenau.com/wp-content/uploads/2020/07/Brush-pen-tom-pastel-newpen-2-300x300.jpeg 300w, https://www.papelariablumenau.com/wp-content/uploads/2020/07/Brush-pen-tom-pastel-newpen-2-150x150.jpeg 150w, https://www.papelariablumenau.com/wp-content/uploads/2020/07/Brush-pen-tom-pastel-newpen-2-100x100.jpeg 100w\" sizes=\"(max-width: 300px) 100vw, 300px\" /></a>Quick View<a href=?add-to-cart=1120 data-product_id=\"1120\">Comprar</a>			\n				BRUSH PEN			\n			<a href=\"https://www.papelariablumenau.com/produto/estojo-caneta-brush-pen-6-cores-pastel-newpen/\"><h2>Estojo caneta Brush Pen aquarelável 6 cores em tom Pastel NewPen</h2></a>Avaliação <strong>0</strong> de 5\n	<del>&#82;&#36;38,90</del> <ins>&#82;&#36;24,90</ins>\n</li>\n<li>\n	-36%\n	<a href=\"https://www.papelariablumenau.com/produto/estojo-caneta-brush-pen-aquarelavel-com-20-unidades-newpen/\"><img width=\"300\" height=\"300\" src=\"https://www.papelariablumenau.com/wp-content/uploads/2020/07/Caneta-Brush-20-cores-300x300.jpg\" alt=\"\" srcset=\"https://www.papelariablumenau.com/wp-content/uploads/2020/07/Caneta-Brush-20-cores-300x300.jpg 300w, https://www.papelariablumenau.com/wp-content/uploads/2020/07/Caneta-Brush-20-cores-150x150.jpg 150w, https://www.papelariablumenau.com/wp-content/uploads/2020/07/Caneta-Brush-20-cores-100x100.jpg 100w\" sizes=\"(max-width: 300px) 100vw, 300px\" /></a>Quick View<a href=?add-to-cart=1118 data-product_id=\"1118\">Comprar</a>			\n				BRUSH PEN			\n			<a href=\"https://www.papelariablumenau.com/produto/estojo-caneta-brush-pen-aquarelavel-com-20-unidades-newpen/\"><h2>Estojo caneta Brush Pen aquarelável com 20 unidades NewPen</h2></a>Avaliação <strong>0</strong> de 5\n	<del>&#82;&#36;124,90</del> <ins>&#82;&#36;79,90</ins>\n</li>\n<li>\n	-37%\n	<a href=\"https://www.papelariablumenau.com/produto/estojo-caneta-brush-pen-aquarelavel-com-16-unidades-newpen/\"><img width=\"300\" height=\"300\" src=\"https://www.papelariablumenau.com/wp-content/uploads/2020/07/Caneta-Brush-newpen-16-cores-300x300.jpg\" alt=\"\" srcset=\"https://www.papelariablumenau.com/wp-content/uploads/2020/07/Caneta-Brush-newpen-16-cores-300x300.jpg 300w, https://www.papelariablumenau.com/wp-content/uploads/2020/07/Caneta-Brush-newpen-16-cores-150x150.jpg 150w, https://www.papelariablumenau.com/wp-content/uploads/2020/07/Caneta-Brush-newpen-16-cores-100x100.jpg 100w\" sizes=\"(max-width: 300px) 100vw, 300px\" /></a>Quick View<a href=?add-to-cart=1116 data-product_id=\"1116\">Comprar</a>			\n				BRUSH PEN			\n			<a href=\"https://www.papelariablumenau.com/produto/estojo-caneta-brush-pen-aquarelavel-com-16-unidades-newpen/\"><h2>Estojo caneta Brush Pen aquarelável com 16 unidades NewPen</h2></a>Avaliação <strong>0</strong> de 5\n	<del>&#82;&#36;98,00</del> <ins>&#82;&#36;62,00</ins>\n</li>\n<li>\n	-22%\n	<a href=\"https://www.papelariablumenau.com/produto/caderno-inteligente-arco-iris-pastel-grande/\"><img width=\"300\" height=\"300\" src=\"https://www.papelariablumenau.com/wp-content/uploads/2020/07/Caderno-inteligente-arco-iris-300x300.jpg\" alt=\"\" srcset=\"https://www.papelariablumenau.com/wp-content/uploads/2020/07/Caderno-inteligente-arco-iris-300x300.jpg 300w, https://www.papelariablumenau.com/wp-content/uploads/2020/07/Caderno-inteligente-arco-iris-150x150.jpg 150w, https://www.papelariablumenau.com/wp-content/uploads/2020/07/Caderno-inteligente-arco-iris-100x100.jpg 100w\" sizes=\"(max-width: 300px) 100vw, 300px\" /></a>Quick View<a href=?add-to-cart=1088 data-product_id=\"1088\">Comprar</a>			\n				CADERNOS			\n			<a href=\"https://www.papelariablumenau.com/produto/caderno-inteligente-arco-iris-pastel-grande/\"><h2>Caderno Inteligente Arco-Íris Pastel Grande</h2></a>Avaliação <strong>0</strong> de 5\n	<del>&#82;&#36;130,00</del> <ins>&#82;&#36;102,00</ins>\n</li>\n<li>\n	-22%\n	<a href=\"https://www.papelariablumenau.com/produto/prendedor-de-papel-de-coracao-rosa-cis/\"><img width=\"300\" height=\"300\" src=\"https://www.papelariablumenau.com/wp-content/uploads/2020/07/Cis-prendedor-coração-300x300.jpg\" alt=\"\" srcset=\"https://www.papelariablumenau.com/wp-content/uploads/2020/07/Cis-prendedor-coração-300x300.jpg 300w, https://www.papelariablumenau.com/wp-content/uploads/2020/07/Cis-prendedor-coração-150x150.jpg 150w, https://www.papelariablumenau.com/wp-content/uploads/2020/07/Cis-prendedor-coração-768x768.jpg 768w, https://www.papelariablumenau.com/wp-content/uploads/2020/07/Cis-prendedor-coração-600x600.jpg 600w, https://www.papelariablumenau.com/wp-content/uploads/2020/07/Cis-prendedor-coração-100x100.jpg 100w, https://www.papelariablumenau.com/wp-content/uploads/2020/07/Cis-prendedor-coração.jpg 921w\" sizes=\"(max-width: 300px) 100vw, 300px\" /></a>Quick View<a href=?add-to-cart=1084 data-product_id=\"1084\">Comprar</a>			\n				CLIPS E PRENDEDORES			\n			<a href=\"https://www.papelariablumenau.com/produto/prendedor-de-papel-de-coracao-rosa-cis/\"><h2>Prendedor de papel de Coração Rosa CIS</h2></a>Avaliação <strong>0</strong> de 5\n	<del>&#82;&#36;9,00</del> <ins>&#82;&#36;6,99</ins>\n</li>\n<li>\n	-18%\n	<a href=\"https://www.papelariablumenau.com/produto/kit-marca-texto-stabilo-boss-c-8-cores-pastel/\"><img width=\"300\" height=\"300\" src=\"https://www.papelariablumenau.com/wp-content/uploads/2020/07/Boss-foto-nova-300x300.jpeg\" alt=\"\" srcset=\"https://www.papelariablumenau.com/wp-content/uploads/2020/07/Boss-foto-nova-300x300.jpeg 300w, https://www.papelariablumenau.com/wp-content/uploads/2020/07/Boss-foto-nova-150x150.jpeg 150w, https://www.papelariablumenau.com/wp-content/uploads/2020/07/Boss-foto-nova-100x100.jpeg 100w\" sizes=\"(max-width: 300px) 100vw, 300px\" /></a>Quick View<a href=?add-to-cart=470 data-product_id=\"470\">Comprar</a>			\n				CANETAS			\n			<a href=\"https://www.papelariablumenau.com/produto/kit-marca-texto-stabilo-boss-c-8-cores-pastel/\"><h2>Kit Marca Texto Stabilo BOSS c/ 8 cores pastel</h2></a>Avaliação <strong>0</strong> de 5\n	<del>&#82;&#36;68,00</del> <ins>&#82;&#36;56,00</ins>\n</li>\n<li>\n	-10%\n	<a href=\"https://www.papelariablumenau.com/produto/985/\"><img width=\"300\" height=\"300\" src=\"https://www.papelariablumenau.com/wp-content/uploads/2020/07/Marca-texto-Staedtler-6-cores-300x300.jpeg\" alt=\"\" srcset=\"https://www.papelariablumenau.com/wp-content/uploads/2020/07/Marca-texto-Staedtler-6-cores-300x300.jpeg 300w, https://www.papelariablumenau.com/wp-content/uploads/2020/07/Marca-texto-Staedtler-6-cores-1024x1024.jpeg 1024w, https://www.papelariablumenau.com/wp-content/uploads/2020/07/Marca-texto-Staedtler-6-cores-150x150.jpeg 150w, https://www.papelariablumenau.com/wp-content/uploads/2020/07/Marca-texto-Staedtler-6-cores-768x768.jpeg 768w, https://www.papelariablumenau.com/wp-content/uploads/2020/07/Marca-texto-Staedtler-6-cores-600x600.jpeg 600w, https://www.papelariablumenau.com/wp-content/uploads/2020/07/Marca-texto-Staedtler-6-cores-100x100.jpeg 100w, https://www.papelariablumenau.com/wp-content/uploads/2020/07/Marca-texto-Staedtler-6-cores.jpeg 1500w\" sizes=\"(max-width: 300px) 100vw, 300px\" /></a>Quick View<a href=?add-to-cart=985 data-product_id=\"985\">Comprar</a>			\n				CANETAS			\n			<a href=\"https://www.papelariablumenau.com/produto/985/\"><h2>Estojo Marca texto com 6 cores Pastel Staedtler Textsurfer</h2></a>Avaliação <strong>0</strong> de 5\n	<del>&#82;&#36;52,00</del> <ins>&#82;&#36;46,99</ins>\n</li>\n</ul>\n		<!--\n		-->\n						<a href=\"#\" id=\"uabb-quick-view-close\"></a>\n	<h2><!--\n	-->Acompanhe nossas publicações no<!--	--><!--\n	-->\n	</h2>\n		<blockquote cite=\"https://www.facebook.com/papelariablumenauoficial/\"><a href=\"https://www.facebook.com/papelariablumenauoficial/\"></a></blockquote>\n<!-- /wp:fl-builder/layout -->','Home','','inherit','closed','closed','','50-revision-v1','','','2020-08-03 19:35:24','2020-08-03 22:35:24','',50,'https://www.papelariablumenau.com/2020/08/03/50-revision-v1/',0,'revision','',0),(1374,1,'2020-08-06 12:14:26','2020-08-06 15:14:26','','Order &ndash; agosto 6, 2020 @ 12:14 PM','','wc-completed','closed','closed','wc_order_ezXTu2r8YRjjh','pedido-06-de-aug-de-2020-as-151414','','','2020-08-08 09:47:28','2020-08-08 12:47:28','',0,'https://www.papelariablumenau.com/?post_type=shop_order&#038;p=1374',0,'shop_order','',4),(1376,5,'2020-08-08 21:54:52','2020-08-09 00:54:52','<!-- wp:fl-builder/layout -->\n		<h1>\n							<a href=\"https://papelariablumenau.com/\" target=\"_self\" rel=\"noopener noreferrer\">\n			Papelaria\n											Blumenau\n							</a>\n		</h1>\n	<form role=\"search\" action=\"https://www.papelariablumenau.com\" method=\"get\">\n				Search\n						<input  placeholder=\"Pesquisar\" type=\"search\" name=\"s\" title=\"Search\" value=\"\">\n				Close\n	</form>\n		<a href=\"#\" title=\"View your shopping cart\" data-target=\"on-click\">\n					0\n		</a>\n	<p>Nenhum produto no carrinho.</p>\n<!-- /wp:fl-builder/layout -->','Header Home 3','','inherit','closed','closed','','178-revision-v1','','','2020-08-08 21:54:52','2020-08-09 00:54:52','',178,'https://www.papelariablumenau.com/2020/08/08/178-revision-v1/',0,'revision','',0),(1377,5,'2020-08-08 22:08:01','2020-08-09 01:08:01','<!-- wp:fl-builder/layout -->\n		<h1>\n							<a href=\"https://papelariablumenau.com/\" target=\"_self\" rel=\"noopener noreferrer\">\n			Papelaria\n											Blumenau\n							</a>\n		</h1>\n	<form role=\"search\" action=\"https://www.papelariablumenau.com\" method=\"get\">\n					Search\n						<input  placeholder=\"\" type=\"search\" name=\"s\" title=\"Search\" value=\"\">\n	</form>\n		<a href=\"#\" title=\"View your shopping cart\" data-target=\"on-click\">\n					0\n		</a>\n	<p>Nenhum produto no carrinho.</p>\n<!-- /wp:fl-builder/layout -->','Header Home 3','','inherit','closed','closed','','178-revision-v1','','','2020-08-08 22:08:01','2020-08-09 01:08:01','',178,'https://www.papelariablumenau.com/2020/08/08/178-revision-v1/',0,'revision','',0),(1378,5,'2020-08-08 22:08:36','2020-08-09 01:08:36','<!-- wp:fl-builder/layout -->\n		<h1>\n							<a href=\"https://papelariablumenau.com/\" target=\"_self\" rel=\"noopener noreferrer\">\n			Papelaria\n											Blumenau\n							</a>\n		</h1>\n	<form role=\"search\" action=\"https://www.papelariablumenau.com\" method=\"get\">\n					Search\n						<input  placeholder=\"\" type=\"search\" name=\"s\" title=\"Search\" value=\"\">\n	</form>\n		<a href=\"#\" title=\"View your shopping cart\" data-target=\"on-click\">\n					0\n		</a>\n	<p>Nenhum produto no carrinho.</p>\n<!-- /wp:fl-builder/layout -->','Header Home 3','','inherit','closed','closed','','178-revision-v1','','','2020-08-08 22:08:36','2020-08-09 01:08:36','',178,'https://www.papelariablumenau.com/2020/08/08/178-revision-v1/',0,'revision','',0),(1379,5,'2020-08-08 22:09:01','2020-08-09 01:09:01','<!-- wp:fl-builder/layout -->\n		<h1>\n							<a href=\"https://papelariablumenau.com/\" target=\"_self\" rel=\"noopener noreferrer\">\n			Papelaria\n											Blumenau\n							</a>\n		</h1>\n	<form role=\"search\" action=\"https://www.papelariablumenau.com\" method=\"get\">\n					Search\n						<input  placeholder=\"\" type=\"search\" name=\"s\" title=\"Search\" value=\"\">\n	</form>\n		<a href=\"#\" title=\"View your shopping cart\" data-target=\"on-click\">\n					0\n		</a>\n	<p>Nenhum produto no carrinho.</p>\n<!-- /wp:fl-builder/layout -->','Header Home 3','','inherit','closed','closed','','178-revision-v1','','','2020-08-08 22:09:01','2020-08-09 01:09:01','',178,'https://www.papelariablumenau.com/2020/08/08/178-revision-v1/',0,'revision','',0),(1380,5,'2020-08-08 22:09:21','2020-08-09 01:09:21','<!-- wp:fl-builder/layout -->\n		<h1>\n							<a href=\"https://papelariablumenau.com/\" target=\"_self\" rel=\"noopener noreferrer\">\n			Papelaria\n											Blumenau\n							</a>\n		</h1>\n	<form role=\"search\" action=\"https://www.papelariablumenau.com\" method=\"get\">\n					Search\n						<input  placeholder=\"\" type=\"search\" name=\"s\" title=\"Search\" value=\"\">\n	</form>\n		<a href=\"#\" title=\"View your shopping cart\" data-target=\"on-click\">\n					0\n		</a>\n	<p>Nenhum produto no carrinho.</p>\n<!-- /wp:fl-builder/layout -->','Header Home 3','','inherit','closed','closed','','178-revision-v1','','','2020-08-08 22:09:21','2020-08-09 01:09:21','',178,'https://www.papelariablumenau.com/2020/08/08/178-revision-v1/',0,'revision','',0),(1381,5,'2020-08-08 22:11:26','2020-08-09 01:11:26','<!-- wp:fl-builder/layout -->\n		<h1>\n							<a href=\"https://papelariablumenau.com/\" target=\"_self\" rel=\"noopener noreferrer\">\n			Papelaria\n											Blumenau\n							</a>\n		</h1>\n		<a href=\"#\" title=\"View your shopping cart\" data-target=\"on-click\">\n					0\n		</a>\n	<p>Nenhum produto no carrinho.</p>\n<!-- /wp:fl-builder/layout -->','Header Home 3','','inherit','closed','closed','','178-revision-v1','','','2020-08-08 22:11:26','2020-08-09 01:11:26','',178,'https://www.papelariablumenau.com/2020/08/08/178-revision-v1/',0,'revision','',0),(1382,1,'2020-08-10 09:39:15','2020-08-10 12:39:15','','Order &ndash; agosto 10, 2020 @ 09:39 AM','','wc-cancelled','closed','closed','wc_order_Js4RgwY2oSzCz','pedido-10-de-aug-de-2020-as-123939','','','2020-08-12 10:13:23','2020-08-12 13:13:23','',0,'https://www.papelariablumenau.com/?post_type=shop_order&#038;p=1382',0,'shop_order','',4),(1384,7,'2020-08-14 10:36:26','2020-08-14 13:36:26','','ANNA10','10% de desconto ','publish','closed','closed','','anna10','','','2020-08-14 10:36:26','2020-08-14 13:36:26','',0,'https://www.papelariablumenau.com/?post_type=shop_coupon&#038;p=1384',0,'shop_coupon','',0),(1385,7,'2020-08-14 10:39:07','2020-08-14 13:39:07','','ISA10','Cupom de 10% de desconto ','publish','closed','closed','','isa10','','','2020-08-14 10:40:29','2020-08-14 13:40:29','',0,'https://www.papelariablumenau.com/?post_type=shop_coupon&#038;p=1385',0,'shop_coupon','',0),(1386,7,'2020-08-14 10:42:37','2020-08-14 13:42:37','','VITORIA10','','publish','closed','closed','','vitoria10','','','2020-08-14 10:43:39','2020-08-14 13:43:39','',0,'https://www.papelariablumenau.com/?post_type=shop_coupon&#038;p=1386',0,'shop_coupon','',0),(1387,7,'2020-08-14 10:48:02','2020-08-14 13:48:02','','JULIA10','10% de desconto!','publish','closed','closed','','julia10','','','2020-08-14 10:48:02','2020-08-14 13:48:02','',0,'https://www.papelariablumenau.com/?post_type=shop_coupon&#038;p=1387',0,'shop_coupon','',0),(1388,7,'2020-08-14 10:54:06','2020-08-14 13:54:06','','BIEL10','10% de desconto!','publish','closed','closed','','biel10','','','2020-08-14 10:54:06','2020-08-14 13:54:06','',0,'https://www.papelariablumenau.com/?post_type=shop_coupon&#038;p=1388',0,'shop_coupon','',0),(1389,7,'2020-08-14 10:59:23','2020-08-14 13:59:23','','MAH10','10% de desconto!','publish','closed','closed','','mah10','','','2020-08-14 11:03:41','2020-08-14 14:03:41','',0,'https://www.papelariablumenau.com/?post_type=shop_coupon&#038;p=1389',0,'shop_coupon','',0),(1390,7,'2020-08-14 12:27:26','2020-08-14 15:27:26','','BEL10','10% de desconto!','publish','closed','closed','','bel10','','','2020-08-14 12:28:08','2020-08-14 15:28:08','',0,'https://www.papelariablumenau.com/?post_type=shop_coupon&#038;p=1390',0,'shop_coupon','',0),(1391,1,'2020-08-15 10:23:57','2020-08-15 13:23:57','','Order &ndash; agosto 15, 2020 @ 10:23 AM','','wc-completed','closed','closed','wc_order_SRHUlHzgKX6oR','pedido-15-de-aug-de-2020-as-132323','','','2020-08-19 22:04:58','2020-08-20 01:04:58','',0,'https://www.papelariablumenau.com/?post_type=shop_order&#038;p=1391',0,'shop_order','',6),(1393,1,'2020-08-18 12:23:45','2020-08-18 15:23:45','','Order &ndash; agosto 18, 2020 @ 12:23 PM','','wc-completed','closed','closed','wc_order_pGigcrEGplyjO','pedido-18-de-aug-de-2020-as-152323','','','2020-08-19 22:04:22','2020-08-20 01:04:22','',0,'https://www.papelariablumenau.com/?post_type=shop_order&#038;p=1393',0,'shop_order','',5),(1395,1,'2020-08-25 11:17:45','2020-08-25 14:17:45','','Order &ndash; agosto 25, 2020 @ 11:17 AM','','wc-completed','closed','closed','wc_order_Ke5tpe6h00LKo','pedido-25-de-aug-de-2020-as-141717','','','2020-08-29 14:01:45','2020-08-29 17:01:45','',0,'https://www.papelariablumenau.com/?post_type=shop_order&#038;p=1395',0,'shop_order','',5),(1399,7,'2020-08-27 18:39:46','2020-08-27 21:39:46','','KIT ESPECIAL','','inherit','closed','closed','','kit-especial-2','','','2020-08-27 18:39:46','2020-08-27 21:39:46','',0,'https://www.papelariablumenau.com/wp-content/uploads/2020/08/KIT-ESPECIAL.jpg',0,'attachment','image/jpeg',0),(1400,7,'2020-08-28 11:01:23','2020-08-28 14:01:23','O Planner Argolado Capa Dura Happy Rosa 2021 pode ser usado para organizar os compromissos do dia a dia, em casa, no trabalho e na escola. Com formato compacto, leve e bastante funcional, tem capa dura com detalhe metalizado, folha de adesivos, 12 divisórias e bolsa plástica.\r\nO miolo deste produto conta com 80 folhas em papel creme, com visões anual, mensal e semanal, além de páginas para anotações.\r\n\r\nA marca Happy apresenta todas as cores que a doçura pode ter! A linha combina a delicadeza dos tons pastel com frases que inspiram leveza e bons sentimentos para o dia a dia.','Planner Argolado Capa Dura Happy Rosa 2021 Tilibra','<ul>\r\n 	<li class=\"list\">Bolsa plástica</li>\r\n 	<li class=\"list\">Capa: dura</li>\r\n 	<li class=\"list\">Capa acabamento: com detalhe metalizado e com relevo</li>\r\n 	<li class=\"list\">Divisórias: 12 e decoradas</li>\r\n 	<li class=\"list\">Ferragem</li>\r\n 	<li class=\"list\">Folha de adesivos</li>\r\n 	<li class=\"list\">Folhas: em papel creme, para anotações e pautadas decoradas</li>\r\n 	<li class=\"list\">Parte interna da capa decorada</li>\r\n 	<li class=\"list\">Produto certificado: FSC</li>\r\n 	<li class=\"list\">Visão: anual, mensal e semanal</li>\r\n 	<li class=\"list\">Formato: 177mm x 240mm</li>\r\n 	<li class=\"list\">Gramatura: 90 g/m²</li>\r\n</ul>','publish','closed','closed','','planner-argolado-capa-dura-happy-rosa-2021-tilibra','','','2020-08-28 11:01:24','2020-08-28 14:01:24','',0,'https://www.papelariablumenau.com/?post_type=product&#038;p=1400',0,'product','',0),(1401,7,'2020-08-27 18:54:18','2020-08-27 21:54:18','','Planner 2021 tilibra','','inherit','closed','closed','','planner-2021-tilibra','','','2020-08-27 18:54:18','2020-08-27 21:54:18','',1400,'https://www.papelariablumenau.com/wp-content/uploads/2020/08/Planner-2021-tilibra.jpg',0,'attachment','image/jpeg',0),(1402,7,'2020-08-27 18:54:35','2020-08-27 21:54:35','','Planner happy 2021','','inherit','closed','closed','','planner-happy-2021','','','2020-08-27 18:54:35','2020-08-27 21:54:35','',1400,'https://www.papelariablumenau.com/wp-content/uploads/2020/08/Planner-happy-2021.jpg',0,'attachment','image/jpeg',0),(1403,7,'2020-08-27 18:54:49','2020-08-27 21:54:49','','Planner 2021 por dentro','','inherit','closed','closed','','planner-2021-por-dentro','','','2020-08-27 18:54:49','2020-08-27 21:54:49','',1400,'https://www.papelariablumenau.com/wp-content/uploads/2020/08/Planner-2021-por-dentro.jpg',0,'attachment','image/jpeg',0),(1404,7,'2020-08-27 18:55:06','2020-08-27 21:55:06','','Planner 2021 parte mensal','','inherit','closed','closed','','planner-2021-parte-mensal','','','2020-08-27 18:55:06','2020-08-27 21:55:06','',1400,'https://www.papelariablumenau.com/wp-content/uploads/2020/08/Planner-2021-parte-mensal.jpg',0,'attachment','image/jpeg',0),(1405,7,'2020-08-27 18:55:21','2020-08-27 21:55:21','','Planner 2021 parte semanal','','inherit','closed','closed','','planner-2021-parte-semanal','','','2020-08-27 18:55:21','2020-08-27 21:55:21','',1400,'https://www.papelariablumenau.com/wp-content/uploads/2020/08/Planner-2021-parte-semanal.jpg',0,'attachment','image/jpeg',0),(1406,1,'2020-08-27 23:00:25','2020-08-28 02:00:25','','Order &ndash; agosto 27, 2020 @ 11:00 PM','','wc-completed','closed','closed','wc_order_PVwjWMGWagvlO','pedido-28-de-aug-de-2020-as-020000','','','2020-09-01 16:35:38','2020-09-01 19:35:38','',0,'https://www.papelariablumenau.com/?post_type=shop_order&#038;p=1406',0,'shop_order','',6),(1409,1,'2020-09-04 20:13:55','2020-09-04 23:13:55','','Order &ndash; setembro 4, 2020 @ 08:13 PM','','wc-cancelled','closed','closed','wc_order_HBJwLyhoid6DL','pedido-04-de-sep-de-2020-as-231313','','','2020-09-06 22:07:05','2020-09-07 01:07:05','',0,'https://www.papelariablumenau.com/?post_type=shop_order&#038;p=1409',0,'shop_order','',4),(1413,7,'2020-09-16 16:23:34','2020-09-16 19:23:34','O Caderno Argolado Cartonado Colegial Soho 160 Folhas possui formato compacto, é leve e bastante funcional. Vem com folha de adesivos, 6 divisórias decoradas, folhas pautadas decoradas e bolsa plástica para guardar trabalhos e anotações.\r\n\r\nSoho é a abreviação do bairro South of Houston, em Nova Iorque. O local, conhecido pelas galerias de arte e lojas de luxo, influencia o visual destes produtos.','Caderno Argolado / Fichário Colegial Soho 160 folhas Tilibra','<b>Detalhes:</b>\r\n<ul>\r\n 	<li>Bolsa: plástica</li>\r\n 	<li>Capa: dura</li>\r\n 	<li>Capa acabamento: com detalhe metalizado</li>\r\n 	<li>Ferragem</li>\r\n 	<li>Folha de adesivos</li>\r\n 	<li>06 divisórias</li>\r\n 	<li>Folhas: pautadas decoradas</li>\r\n 	<li>Parte interna da capa decorada</li>\r\n 	<li>Formato: 177mm x 240mm</li>\r\n 	<li>Gramatura: 56 g/m²</li>\r\n 	<li>Número de folhas: 160 folhas</li>\r\n</ul>','publish','closed','closed','','caderno-argolado-fichario-colegial-soho-160-folhas-tilibra','','','2021-01-30 12:31:05','2021-01-30 15:31:05','',0,'https://www.papelariablumenau.com/?post_type=product&#038;p=1413',0,'product','',0),(1414,7,'2020-09-16 16:19:55','2020-09-16 19:19:55','','Caderno soho tilibra','','inherit','closed','closed','','caderno-soho-tilibra','','','2020-09-16 16:19:55','2020-09-16 19:19:55','',1413,'https://www.papelariablumenau.com/wp-content/uploads/2020/09/Caderno-soho-tilibra.jpg',0,'attachment','image/jpeg',0),(1415,7,'2020-09-16 16:21:16','2020-09-16 19:21:16','','Caderno soho tilibra','','inherit','closed','closed','','caderno-soho-tilibra-2','','','2020-09-16 16:21:16','2020-09-16 19:21:16','',1413,'https://www.papelariablumenau.com/wp-content/uploads/2020/09/Caderno-soho-tilibra-1.jpg',0,'attachment','image/jpeg',0),(1416,7,'2020-09-16 16:21:36','2020-09-16 19:21:36','','Caderno argolado soho divisorias','','inherit','closed','closed','','caderno-argolado-soho-divisorias','','','2020-09-16 16:21:36','2020-09-16 19:21:36','',1413,'https://www.papelariablumenau.com/wp-content/uploads/2020/09/Caderno-argolado-soho-divisorias.jpg',0,'attachment','image/jpeg',0),(1417,7,'2020-09-16 16:22:00','2020-09-16 19:22:00','','Caderno argolado soho adesivos','','inherit','closed','closed','','caderno-argolado-soho-adesivos','','','2020-09-16 16:22:00','2020-09-16 19:22:00','',1413,'https://www.papelariablumenau.com/wp-content/uploads/2020/09/Caderno-argolado-soho-adesivos.jpg',0,'attachment','image/jpeg',0),(1418,7,'2020-09-16 16:22:18','2020-09-16 19:22:18','','Caderno argolado soho folhas','','inherit','closed','closed','','caderno-argolado-soho-folhas','','','2020-09-16 16:22:18','2020-09-16 19:22:18','',1413,'https://www.papelariablumenau.com/wp-content/uploads/2020/09/Caderno-argolado-soho-folhas.jpg',0,'attachment','image/jpeg',0),(1420,7,'2020-09-22 16:44:42','2020-09-22 19:44:42','O Marcador Artístico Outline é um lançamento exclusivo da BRW.\r\n\r\nEle faz parte da linha Evoke e possui um incrível efeito metalizado, com o traço interno na cor prata e o contorno colorido, podendo ser utilizado em desenhos, lettering, títulos ou subtítulos, cartões e onde mais a sua imaginação permitir. Este super lançamento é ideal para papéis brancos e coloridos de tom claro, em uso doméstico e profissional.\r\n\r\nDicas: agite com a tampa direcionada para cima e pressione a ponta contra o papel para que a tinta desça.\r\n\r\n&nbsp;','Estojo Canetas Marcador Artístico Metálico 8 cores Evoke BRW','<ul>\r\n 	<li>Ideal para desenhar e pintar sobre o papel, cartolina e papel cartão.</li>\r\n 	<li>Traço prata e contorno colorido</li>\r\n 	<li>Cores vibrantes</li>\r\n 	<li>Design ergonômico</li>\r\n 	<li>Atóxica\r\n\r\n&nbsp;</li>\r\n 	<li>Estojo com 8 cores</li>\r\n</ul>','publish','closed','closed','','estojo-canetas-marcador-artistico-8-cores-brw','','','2020-11-17 10:59:52','2020-11-17 13:59:52','',0,'https://www.papelariablumenau.com/?post_type=product&#038;p=1420',0,'product','',0),(1421,7,'2020-09-22 16:41:51','2020-09-22 19:41:51','','Caneta BRW','','inherit','closed','closed','','caneta-brw','','','2020-09-22 16:41:51','2020-09-22 19:41:51','',1420,'https://www.papelariablumenau.com/wp-content/uploads/2020/09/Caneta-BRW.jpg',0,'attachment','image/jpeg',0),(1424,1,'2020-09-24 19:15:36','2020-09-24 22:15:36','','Order &ndash; setembro 24, 2020 @ 07:15 PM','','wc-completed','closed','closed','wc_order_TaQqmZJn9TPy1','pedido-24-de-sep-de-2020-as-221515','','','2020-09-28 09:05:32','2020-09-28 12:05:32','',0,'https://www.papelariablumenau.com/?post_type=shop_order&#038;p=1424',0,'shop_order','',4),(1425,5,'2020-09-25 15:04:05','2020-09-25 18:04:05','<!-- wp:fl-builder/layout -->\n		<h1>\n							<a href=\"https://papelariablumenau.com/\" target=\"_self\" rel=\"noopener noreferrer\">\n			Papelaria\n											Blumenau\n							</a>\n		</h1>\n		<a href=\"#\" title=\"View your shopping cart\" data-target=\"on-click\">\n					1\n		</a>\n	<ul>\n						<li>\n					<a href=\"https://www.papelariablumenau.com/carrinho/?remove_item=995665640dc319973d3173a74a03860c&#038;_wpnonce=1df3d7e67a\" aria-label=\"Remover este item\" data-product_id=\"1279\" data-cart_item_key=\"995665640dc319973d3173a74a03860c\" data-product_sku=\"\">&times;</a>											<a href=\"https://www.papelariablumenau.com/produto/fichario-universitario-caderno-argolado-cristal-rosa-breeze-dac/\">\n							<img width=\"300\" height=\"300\" src=\"https://www.papelariablumenau.com/wp-content/uploads/2020/07/Fichario-dac-breeze-rosa--300x300.jpg\" alt=\"\" srcset=\"https://www.papelariablumenau.com/wp-content/uploads/2020/07/Fichario-dac-breeze-rosa--300x300.jpg 300w, https://www.papelariablumenau.com/wp-content/uploads/2020/07/Fichario-dac-breeze-rosa--150x150.jpg 150w, https://www.papelariablumenau.com/wp-content/uploads/2020/07/Fichario-dac-breeze-rosa--768x768.jpg 768w, https://www.papelariablumenau.com/wp-content/uploads/2020/07/Fichario-dac-breeze-rosa--600x600.jpg 600w, https://www.papelariablumenau.com/wp-content/uploads/2020/07/Fichario-dac-breeze-rosa--100x100.jpg 100w, https://www.papelariablumenau.com/wp-content/uploads/2020/07/Fichario-dac-breeze-rosa-.jpg 1000w\" sizes=\"(max-width: 300px) 100vw, 300px\" />Fichário Universitário/ Caderno argolado Cristal Rosa Breeze DAC						</a>\n															1 &times; <bdi>&#82;&#36;89,99</bdi>				</li>\n					</ul>\n	\n		<strong>Subtotal:</strong> <bdi>&#82;&#36;89,99</bdi>	\n	<p><a href=\"https://www.papelariablumenau.com/carrinho/\">Ver carrinho</a><a href=\"https://www.papelariablumenau.com/finalizar-compra/\">Finalizar compra</a></p>\n<!-- /wp:fl-builder/layout -->','Header Home 3','','inherit','closed','closed','','178-revision-v1','','','2020-09-25 15:04:05','2020-09-25 18:04:05','',178,'https://www.papelariablumenau.com/2020/09/25/178-revision-v1/',0,'revision','',0),(1426,5,'2020-09-25 15:10:17','2020-09-25 18:10:17','<!-- wp:fl-builder/layout --><!-- /wp:fl-builder/layout -->','Contato','','inherit','closed','closed','','1170-revision-v1','','','2020-09-25 15:10:17','2020-09-25 18:10:17','',1170,'https://www.papelariablumenau.com/2020/09/25/1170-revision-v1/',0,'revision','',0),(1427,1,'2020-09-27 14:49:29','2020-09-27 17:49:29','','Order &ndash; setembro 27, 2020 @ 02:49 PM','','wc-completed','closed','closed','wc_order_4k75oxDrEsunz','pedido-27-de-sep-de-2020-as-174949','','','2020-09-29 08:44:40','2020-09-29 11:44:40','',0,'https://www.papelariablumenau.com/?post_type=shop_order&#038;p=1427',0,'shop_order','',4),(1428,7,'2020-09-28 09:44:10','2020-09-28 12:44:10','O Planner Argolado Capa Dura Happy Verde 2021 pode ser usado para organizar os compromissos do dia a dia, em casa, no trabalho e na escola. Com formato compacto, leve e bastante funcional, tem capa dura com detalhe metalizado, folha de adesivos, 12 divisórias e bolsa plástica.\r\nO miolo deste produto conta com 80 folhas em papel creme, com visões anual, mensal e semanal, além de páginas para anotações.\r\n\r\nA marca Happy apresenta todas as cores que a doçura pode ter! A linha combina a delicadeza dos tons pastel com frases que inspiram leveza e bons sentimentos para o dia a dia.','Planner Argolado Capa Dura Happy Verde 2021 Tilibra','<ul>\r\n 	<li class=\"list\">Bolsa plástica</li>\r\n 	<li class=\"list\">Capa: dura</li>\r\n 	<li class=\"list\">Capa acabamento: com detalhe metalizado e com relevo</li>\r\n 	<li class=\"list\">Divisórias: 12 e decoradas</li>\r\n 	<li class=\"list\">Ferragem</li>\r\n 	<li class=\"list\">Folha de adesivos</li>\r\n 	<li class=\"list\">Folhas: em papel creme, para anotações e pautadas decoradas</li>\r\n 	<li class=\"list\">Parte interna da capa decorada</li>\r\n 	<li class=\"list\">Produto certificado: FSC</li>\r\n 	<li class=\"list\">Visão: anual, mensal e semanal</li>\r\n 	<li class=\"list\">Formato: 177mm x 240mm</li>\r\n 	<li class=\"list\">Gramatura: 90 g/m²</li>\r\n</ul>','publish','closed','closed','','planner-argolado-capa-dura-happy-verde-2021-tilibra','','','2020-12-20 11:21:24','2020-12-20 14:21:24','',0,'https://www.papelariablumenau.com/?post_type=product&#038;p=1428',0,'product','',0),(1429,7,'2020-09-28 09:39:04','2020-09-28 12:39:04','','Planner tilibra verde capa','','inherit','closed','closed','','planner-tilibra-verde-capa','','','2020-09-28 09:39:04','2020-09-28 12:39:04','',1428,'https://www.papelariablumenau.com/wp-content/uploads/2020/09/Planner-tilibra-verde-capa.jpg',0,'attachment','image/jpeg',0),(1430,7,'2020-09-28 09:40:17','2020-09-28 12:40:17','','Planner verde tilibra figurinhas','','inherit','closed','closed','','planner-verde-tilibra-figurinhas','','','2020-09-28 09:40:17','2020-09-28 12:40:17','',1428,'https://www.papelariablumenau.com/wp-content/uploads/2020/09/Planner-verde-tilibra-figurinhas.jpg',0,'attachment','image/jpeg',0),(1431,7,'2020-09-28 09:41:32','2020-09-28 12:41:32','','Planner verde tilibra divisorias','','inherit','closed','closed','','planner-verde-tilibra-divisorias','','','2020-09-28 09:41:32','2020-09-28 12:41:32','',1428,'https://www.papelariablumenau.com/wp-content/uploads/2020/09/Planner-verde-tilibra-divisorias.jpg',0,'attachment','image/jpeg',0),(1432,7,'2020-09-28 09:42:26','2020-09-28 12:42:26','','Planner verde tilibra mensal','','inherit','closed','closed','','planner-verde-tilibra-mensal','','','2020-09-28 09:42:26','2020-09-28 12:42:26','',1428,'https://www.papelariablumenau.com/wp-content/uploads/2020/09/Planner-verde-tilibra-mensal.jpg',0,'attachment','image/jpeg',0),(1433,7,'2020-09-28 09:43:28','2020-09-28 12:43:28','','Planner verde tilibra semanal','','inherit','closed','closed','','planner-verde-tilibra-semanal','','','2020-09-28 09:43:28','2020-09-28 12:43:28','',1428,'https://www.papelariablumenau.com/wp-content/uploads/2020/09/Planner-verde-tilibra-semanal.jpg',0,'attachment','image/jpeg',0),(1437,7,'2020-10-10 10:01:13','0000-00-00 00:00:00','','','<p><br data-mce-bogus=\"1\"></p>','draft','closed','closed','','','','','2020-10-10 10:01:13','2020-10-10 13:01:13','',0,'https://www.papelariablumenau.com/?post_type=product&#038;p=1437',0,'product','',0),(1438,7,'2020-10-10 10:19:58','2020-10-10 13:19:58','O Caderno Pontilhado Colegial Espiral Capa Dura Cambridge Shine 80 Folhas possui capa dura com material especial e detalhe metalizada, bolsa plástica para guardar anotações, cartela adesiva e miolo pontilhado em papel creme. Ideal para o dia a dia.\r\n\r\nA coleção Cambridge Shine traz o brilho e sofisticação necessários para a rotina de estudos e do ambiente de trabalho. A marca apresenta produtos com design moderno e frases inspiradoras. Todos os modelos são baseados nas principais tendências e confeccionados em material especial brilhante.','Caderno Pontilhado Colegial Espiral Capa Dura 80 folhas Tilibra','<b>Detalhes:</b>\r\n<ul>\r\n 	<li>Acabamento</li>\r\n 	<li>Bolsa: plástica</li>\r\n 	<li>Capa: dura</li>\r\n 	<li>Capa acabamento: com detalhe metalizado e com material especial</li>\r\n 	<li>Formato: 177mm x 240mm</li>\r\n 	<li>Gramatura: 90g/m²</li>\r\n 	<li>Número de folhas: 80 folhas</li>\r\n</ul>','publish','closed','closed','','caderno-pontilhado-colegial-espiral-capa-dura-80-folhas-tilibra','','','2020-10-10 10:19:59','2020-10-10 13:19:59','',0,'https://www.papelariablumenau.com/?post_type=product&#038;p=1438',0,'product','',0),(1439,7,'2020-10-10 10:01:33','2020-10-10 13:01:33','','Caderno pontilhado tilibra preto','','inherit','closed','closed','','caderno-pontilhado-tilibra-preto','','','2020-10-10 10:01:33','2020-10-10 13:01:33','',1438,'https://www.papelariablumenau.com/wp-content/uploads/2020/10/Caderno-pontilhado-tilibra-preto.jpg',0,'attachment','image/jpeg',0),(1440,7,'2020-10-10 10:08:40','2020-10-10 13:08:40','','Caderno pontilhado adesivos','','inherit','closed','closed','','caderno-pontilhado-adesivos','','','2020-10-10 10:08:40','2020-10-10 13:08:40','',1438,'https://www.papelariablumenau.com/wp-content/uploads/2020/10/Caderno-pontilhado-adesivos.jpg',0,'attachment','image/jpeg',0),(1441,7,'2020-10-10 10:08:52','2020-10-10 13:08:52','','Folha pontilhada caderno','','inherit','closed','closed','','folha-pontilhada-caderno','','','2020-10-10 10:08:52','2020-10-10 13:08:52','',1438,'https://www.papelariablumenau.com/wp-content/uploads/2020/10/Folha-pontilhada-caderno.jpg',0,'attachment','image/jpeg',0),(1442,7,'2020-10-10 10:31:59','2020-10-10 13:31:59','Marcador Artístico 6 Cores Metallic Marker Cis Marcador multiuso. Cores metálicas. Ideal para papéis, cartões, madeira e outros materiais.\r\n\r\nPonta 1mm.\r\n\r\nCores: Azul, Rosa, Verde, Roxo, Ouro, Prata...','Estojo com 6 Marcadores Artísticos Metallic Marker CIS','','publish','closed','closed','','estojo-com-6-marcadores-artisticos','','','2020-10-10 10:32:00','2020-10-10 13:32:00','',0,'https://www.papelariablumenau.com/?post_type=product&#038;p=1442',0,'product','',0),(1443,7,'2020-10-10 10:29:41','2020-10-10 13:29:41','','Marcador metalico CIS','','inherit','closed','closed','','marcador-metalico-cis','','','2020-10-10 10:29:41','2020-10-10 13:29:41','',1442,'https://www.papelariablumenau.com/wp-content/uploads/2020/10/Marcador-metalico-CIS.jpg',0,'attachment','image/jpeg',0),(1445,1,'2020-10-11 15:48:10','2020-10-11 18:48:10','','Order &ndash; outubro 11, 2020 @ 03:48 PM','','wc-completed','closed','closed','wc_order_ecWhoIQmjk8iw','pedido-11-de-oct-de-2020-as-184848','','','2020-10-16 07:35:48','2020-10-16 10:35:48','',0,'https://www.papelariablumenau.com/?post_type=shop_order&#038;p=1445',0,'shop_order','',4),(1446,1,'2020-10-11 20:48:51','2020-10-11 23:48:51','','Order &ndash; outubro 11, 2020 @ 08:48 PM','','wc-cancelled','closed','closed','wc_order_V3tDjrSXFCo3s','pedido-11-de-oct-de-2020-as-234848','','','2020-10-13 22:44:14','2020-10-14 01:44:14','',0,'https://www.papelariablumenau.com/?post_type=shop_order&#038;p=1446',0,'shop_order','',4),(1453,1,'2020-11-08 21:01:48','2020-11-09 00:01:48','','Order &ndash; novembro 8, 2020 @ 09:01 PM','','wc-completed','closed','closed','wc_order_1URKDVjW3Cmmb','pedido-09-de-nov-de-2020-as-000101','','','2020-11-11 13:40:08','2020-11-11 16:40:08','',0,'https://www.papelariablumenau.com/?post_type=shop_order&#038;p=1453',0,'shop_order','',5),(1454,1,'2020-11-09 21:53:11','2020-11-10 00:53:11','','Order &ndash; novembro 9, 2020 @ 09:53 PM','','wc-cancelled','closed','closed','wc_order_vzpSJn92Zr5WS','pedido-10-de-nov-de-2020-as-005353','','','2020-11-09 23:45:25','2020-11-10 02:45:25','',0,'https://www.papelariablumenau.com/?post_type=shop_order&#038;p=1454',0,'shop_order','',1),(1455,1,'2020-11-09 21:58:29','2020-11-10 00:58:29','','Order &ndash; novembro 9, 2020 @ 09:58 PM','','wc-completed','closed','closed','wc_order_M3TP3N6oSTrpC','pedido-10-de-nov-de-2020-as-005858','','','2020-11-12 08:52:54','2020-11-12 11:52:54','',0,'https://www.papelariablumenau.com/?post_type=shop_order&#038;p=1455',0,'shop_order','',4),(1458,1,'2020-11-17 10:59:48','2020-11-17 13:59:48','','Order &ndash; novembro 17, 2020 @ 10:59 AM','','wc-completed','closed','closed','wc_order_6k41xJwtjRHuh','pedido-17-de-nov-de-2020-as-135959','','','2020-12-16 11:24:32','2020-12-16 14:24:32','',0,'https://www.papelariablumenau.com/?post_type=shop_order&#038;p=1458',0,'shop_order','',5),(1459,5,'2020-11-17 16:16:05','2020-11-17 19:16:05','<!-- wp:fl-builder/layout /-->','Contato','','inherit','closed','closed','','1170-revision-v1','','','2020-11-17 16:16:05','2020-11-17 19:16:05','',1170,'https://www.papelariablumenau.com/2020/11/17/1170-revision-v1/',0,'revision','',0),(1460,5,'2020-11-17 16:24:39','2020-11-17 19:24:39','<!-- wp:fl-builder/layout -->\n<p>[woocommerce_cart]</p>\n<!-- /wp:fl-builder/layout -->','Carrinho','','inherit','closed','closed','','21-revision-v1','','','2020-11-17 16:24:39','2020-11-17 19:24:39','',21,'https://www.papelariablumenau.com/2020/11/17/21-revision-v1/',0,'revision','',0),(1462,5,'2020-11-17 16:30:17','2020-11-17 19:30:17','<!-- wp:fl-builder/layout /-->','Contato','','inherit','closed','closed','','1170-autosave-v1','','','2020-11-17 16:30:17','2020-11-17 19:30:17','',1170,'https://www.papelariablumenau.com/2020/11/17/1170-autosave-v1/',0,'revision','',0),(1463,5,'2020-11-17 16:31:25','2020-11-17 19:31:25','<!-- wp:fl-builder/layout -->\n<p>[woocommerce_checkout]</p>\n<!-- /wp:fl-builder/layout -->','Finalizar compra','','inherit','closed','closed','','22-revision-v1','','','2020-11-17 16:31:25','2020-11-17 19:31:25','',22,'https://www.papelariablumenau.com/2020/11/17/22-revision-v1/',0,'revision','',0),(1464,5,'2020-11-17 16:34:10','2020-11-17 19:34:10','<!-- wp:fl-builder/layout -->\n<img src=\"https://www.papelariablumenau.com/wp-content/uploads/2020/07/slide_03_06072020_photos_v2_x4-1.jpg\" alt=\"\">			\n			<img src=\"https://www.papelariablumenau.com/wp-content/uploads/2020/07/slide_01_04072020_2005_photos_v2_x4-1.jpg\" alt=\"\">			\n<h2>NOVIDADES</h2>\n		<ul>\n<li>\n		<a href=\"https://www.papelariablumenau.com/produto/lapis-de-cor-mega-soft-12-cores-metalicas-tris/\"><img width=\"300\" height=\"300\" src=\"https://www.papelariablumenau.com/wp-content/uploads/2020/07/Lápis-de-cor-tris-metalico-300x300.jpg\" alt=\"\" srcset=\"https://www.papelariablumenau.com/wp-content/uploads/2020/07/Lápis-de-cor-tris-metalico-300x300.jpg 300w, https://www.papelariablumenau.com/wp-content/uploads/2020/07/Lápis-de-cor-tris-metalico-150x150.jpg 150w, https://www.papelariablumenau.com/wp-content/uploads/2020/07/Lápis-de-cor-tris-metalico-768x768.jpg 768w, https://www.papelariablumenau.com/wp-content/uploads/2020/07/Lápis-de-cor-tris-metalico-600x600.jpg 600w, https://www.papelariablumenau.com/wp-content/uploads/2020/07/Lápis-de-cor-tris-metalico-100x100.jpg 100w, https://www.papelariablumenau.com/wp-content/uploads/2020/07/Lápis-de-cor-tris-metalico.jpg 1000w\" sizes=\"(max-width: 300px) 100vw, 300px\"></a>Quick View<a href=\"?add-to-cart=1324\" data-product_id=\"1324\">Comprar</a>			\n				NOVIDADES			\n			<a href=\"https://www.papelariablumenau.com/produto/lapis-de-cor-mega-soft-12-cores-metalicas-tris/\"><h2>Lápis de cor Mega Soft 12 cores Metálicas TRIS</h2></a>Avaliação <strong>0</strong> de 5\n	R$27,00\n</li>\n<li>\n	-14%\n	<a href=\"https://www.papelariablumenau.com/produto/caderno-3-em-1-candy-redoma/\"><img width=\"300\" height=\"300\" src=\"https://www.papelariablumenau.com/wp-content/uploads/2020/07/caderneta-redoma-3-em-1-2-300x300.jpg\" alt=\"\" srcset=\"https://www.papelariablumenau.com/wp-content/uploads/2020/07/caderneta-redoma-3-em-1-2-300x300.jpg 300w, https://www.papelariablumenau.com/wp-content/uploads/2020/07/caderneta-redoma-3-em-1-2-150x150.jpg 150w, https://www.papelariablumenau.com/wp-content/uploads/2020/07/caderneta-redoma-3-em-1-2-100x100.jpg 100w\" sizes=\"(max-width: 300px) 100vw, 300px\"><img width=\"300\" height=\"300\" src=\"https://www.papelariablumenau.com/wp-content/uploads/2020/07/Caderno-3-em-1-verso-redoma-300x300.jpg\" alt=\"\"></a>Quick View<a href=\"?add-to-cart=1301\" data-product_id=\"1301\">Comprar</a>			\n				CADERNOS			\n			<a href=\"https://www.papelariablumenau.com/produto/caderno-3-em-1-candy-redoma/\"><h2>Caderno 3 em 1 Candy Redoma</h2></a>Avaliação <strong>0</strong> de 5\n	<del>R$29,00</del> <ins>R$24,90</ins>\n</li>\n<li>\n	-10%\n	<a href=\"https://www.papelariablumenau.com/produto/fichario-universitario-caderno-argolado-cristal-rosa-breeze-dac/\"><img width=\"300\" height=\"300\" src=\"https://www.papelariablumenau.com/wp-content/uploads/2020/07/Fichario-dac-breeze-rosa--300x300.jpg\" alt=\"\" srcset=\"https://www.papelariablumenau.com/wp-content/uploads/2020/07/Fichario-dac-breeze-rosa--300x300.jpg 300w, https://www.papelariablumenau.com/wp-content/uploads/2020/07/Fichario-dac-breeze-rosa--150x150.jpg 150w, https://www.papelariablumenau.com/wp-content/uploads/2020/07/Fichario-dac-breeze-rosa--768x768.jpg 768w, https://www.papelariablumenau.com/wp-content/uploads/2020/07/Fichario-dac-breeze-rosa--600x600.jpg 600w, https://www.papelariablumenau.com/wp-content/uploads/2020/07/Fichario-dac-breeze-rosa--100x100.jpg 100w, https://www.papelariablumenau.com/wp-content/uploads/2020/07/Fichario-dac-breeze-rosa-.jpg 1000w\" sizes=\"(max-width: 300px) 100vw, 300px\"><img width=\"300\" height=\"300\" src=\"https://www.papelariablumenau.com/wp-content/uploads/2020/07/Fichario-breeze-dac-rosa--300x300.jpg\" alt=\"\"></a>Quick View<a href=\"?add-to-cart=1279\" data-product_id=\"1279\">Comprar</a>			\n				CADERNOS			\n			<a href=\"https://www.papelariablumenau.com/produto/fichario-universitario-caderno-argolado-cristal-rosa-breeze-dac/\"><h2>Fichário Universitário/ Caderno argolado Cristal Rosa Breeze DAC</h2></a>Avaliação <strong>0</strong> de 5\n	<del>R$99,99</del> <ins>R$89,99</ins>\n</li>\n<li>\n	-11%\n	<a href=\"https://www.papelariablumenau.com/produto/fichario-universitario-caderno-argolado-cristal-verde-agua-breeze-dac/\"><img width=\"300\" height=\"300\" src=\"https://www.papelariablumenau.com/wp-content/uploads/2020/07/Fichario-breeze-verde-agua-dac-300x300.jpg\" alt=\"\" srcset=\"https://www.papelariablumenau.com/wp-content/uploads/2020/07/Fichario-breeze-verde-agua-dac-300x300.jpg 300w, https://www.papelariablumenau.com/wp-content/uploads/2020/07/Fichario-breeze-verde-agua-dac-150x150.jpg 150w, https://www.papelariablumenau.com/wp-content/uploads/2020/07/Fichario-breeze-verde-agua-dac-100x100.jpg 100w\" sizes=\"(max-width: 300px) 100vw, 300px\"><img width=\"300\" height=\"300\" src=\"https://www.papelariablumenau.com/wp-content/uploads/2020/07/Fichario-verde-agua-por-dentro-300x300.jpg\" alt=\"\"></a>Quick View<a href=\"?add-to-cart=1276\" data-product_id=\"1276\">Comprar</a>			\n				CADERNOS			\n			<a href=\"https://www.papelariablumenau.com/produto/fichario-universitario-caderno-argolado-cristal-verde-agua-breeze-dac/\"><h2>Fichário Universitário/ Caderno argolado Cristal Verde água Breeze DAC</h2></a>Avaliação <strong>0</strong> de 5\n	<del>R$99,99</del> <ins>R$88,99</ins>\n</li>\n<li>\n	-11%\n	<a href=\"https://www.papelariablumenau.com/produto/fichario-universitario-caderno-argolado-cristal-lilas-breeze-dac/\"><img width=\"300\" height=\"300\" src=\"https://www.papelariablumenau.com/wp-content/uploads/2020/07/Fichario-roxo-dac-breeze-1-1-300x300.jpg\" alt=\"\" srcset=\"https://www.papelariablumenau.com/wp-content/uploads/2020/07/Fichario-roxo-dac-breeze-1-1-300x300.jpg 300w, https://www.papelariablumenau.com/wp-content/uploads/2020/07/Fichario-roxo-dac-breeze-1-1-150x150.jpg 150w, https://www.papelariablumenau.com/wp-content/uploads/2020/07/Fichario-roxo-dac-breeze-1-1-100x100.jpg 100w\" sizes=\"(max-width: 300px) 100vw, 300px\"><img width=\"300\" height=\"300\" src=\"https://www.papelariablumenau.com/wp-content/uploads/2020/07/Fichario-breeze-dac-roxo-por-dentro-300x300.jpg\" alt=\"\"></a>Quick View<a href=\"?add-to-cart=1271\" data-product_id=\"1271\">Comprar</a>			\n				CADERNOS			\n			<a href=\"https://www.papelariablumenau.com/produto/fichario-universitario-caderno-argolado-cristal-lilas-breeze-dac/\"><h2>Fichário Universitário/ Caderno argolado Cristal Lilás Breeze DAC</h2></a>Avaliação <strong>0</strong> de 5\n	<del>R$99,99</del> <ins>R$88,99</ins>\n</li>\n<li>\n		<a href=\"https://www.papelariablumenau.com/produto/caneta-esferografica-trilux-style-colors-estojo-com-5-cores-faber-castell/\"><img width=\"300\" height=\"300\" src=\"https://www.papelariablumenau.com/wp-content/uploads/2020/07/Caneta-trilux-tom-pastel-faber-castell-300x300.jpg\" alt=\"\" srcset=\"https://www.papelariablumenau.com/wp-content/uploads/2020/07/Caneta-trilux-tom-pastel-faber-castell-300x300.jpg 300w, https://www.papelariablumenau.com/wp-content/uploads/2020/07/Caneta-trilux-tom-pastel-faber-castell-150x150.jpg 150w, https://www.papelariablumenau.com/wp-content/uploads/2020/07/Caneta-trilux-tom-pastel-faber-castell-768x768.jpg 768w, https://www.papelariablumenau.com/wp-content/uploads/2020/07/Caneta-trilux-tom-pastel-faber-castell-600x600.jpg 600w, https://www.papelariablumenau.com/wp-content/uploads/2020/07/Caneta-trilux-tom-pastel-faber-castell-100x100.jpg 100w, https://www.papelariablumenau.com/wp-content/uploads/2020/07/Caneta-trilux-tom-pastel-faber-castell.jpg 900w\" sizes=\"(max-width: 300px) 100vw, 300px\"></a>Quick View<a href=\"?add-to-cart=1268\" data-product_id=\"1268\">Comprar</a>			\n				CANETAS			\n			<a href=\"https://www.papelariablumenau.com/produto/caneta-esferografica-trilux-style-colors-estojo-com-5-cores-faber-castell/\"><h2>Caneta esferográfica Trilux Style Colors estojo com 5 cores Faber-Castell</h2></a>Avaliação <strong>0</strong> de 5\n	R$11,00\n</li>\n<li>\n	-16%\n	<a href=\"https://www.papelariablumenau.com/produto/marca-texto-textliner-46-pastel-4-cores-faber-castell/\"><img width=\"300\" height=\"300\" src=\"https://www.papelariablumenau.com/wp-content/uploads/2020/07/Estojo-marca-texto-faber-castell-com-4-cores-300x300.jpg\" alt=\"\" srcset=\"https://www.papelariablumenau.com/wp-content/uploads/2020/07/Estojo-marca-texto-faber-castell-com-4-cores-300x300.jpg 300w, https://www.papelariablumenau.com/wp-content/uploads/2020/07/Estojo-marca-texto-faber-castell-com-4-cores-150x150.jpg 150w, https://www.papelariablumenau.com/wp-content/uploads/2020/07/Estojo-marca-texto-faber-castell-com-4-cores-100x100.jpg 100w\" sizes=\"(max-width: 300px) 100vw, 300px\"><img width=\"300\" height=\"300\" src=\"https://www.papelariablumenau.com/wp-content/uploads/2020/07/Marca-texto-faber-4-cores-300x300.jpg\" alt=\"\"></a>Quick View<a href=\"?add-to-cart=1265\" data-product_id=\"1265\">Comprar</a>			\n				CANETAS			\n			<a href=\"https://www.papelariablumenau.com/produto/marca-texto-textliner-46-pastel-4-cores-faber-castell/\"><h2>Marca Texto Textliner 46 Pastel 4 cores Faber-Castell</h2></a>Avaliação <strong>0</strong> de 5\n	<del>R$37,00</del> <ins>R$30,99</ins>\n</li>\n<li>\n	-18%\n	<a href=\"https://www.papelariablumenau.com/produto/marca-texto-textliner-46-pastel-6-cores-faber-castell/\"><img width=\"300\" height=\"300\" src=\"https://www.papelariablumenau.com/wp-content/uploads/2020/07/Estojo-marca-texto-faber-com-6-cores-300x300.jpg\" alt=\"\" srcset=\"https://www.papelariablumenau.com/wp-content/uploads/2020/07/Estojo-marca-texto-faber-com-6-cores-300x300.jpg 300w, https://www.papelariablumenau.com/wp-content/uploads/2020/07/Estojo-marca-texto-faber-com-6-cores-150x150.jpg 150w, https://www.papelariablumenau.com/wp-content/uploads/2020/07/Estojo-marca-texto-faber-com-6-cores-768x768.jpg 768w, https://www.papelariablumenau.com/wp-content/uploads/2020/07/Estojo-marca-texto-faber-com-6-cores-600x600.jpg 600w, https://www.papelariablumenau.com/wp-content/uploads/2020/07/Estojo-marca-texto-faber-com-6-cores-100x100.jpg 100w, https://www.papelariablumenau.com/wp-content/uploads/2020/07/Estojo-marca-texto-faber-com-6-cores.jpg 800w\" sizes=\"(max-width: 300px) 100vw, 300px\"><img width=\"300\" height=\"300\" src=\"https://www.papelariablumenau.com/wp-content/uploads/2020/07/Marca-texto-faber-6-cores-300x300.jpg\" alt=\"\"></a>Quick View<a href=\"?add-to-cart=1261\" data-product_id=\"1261\">Comprar</a>			\n				CANETAS			\n			<a href=\"https://www.papelariablumenau.com/produto/marca-texto-textliner-46-pastel-6-cores-faber-castell/\"><h2>Marca Texto Textliner 46 Pastel 6 cores Faber-Castell</h2></a>Avaliação <strong>0</strong> de 5\n	<del>R$54,90</del> <ins>R$44,99</ins>\n</li>\n<li>\n	-15%\n	<a href=\"https://www.papelariablumenau.com/produto/giz-pastel-a-oleo-com-25-cores-pentel-phn-25/\"><img width=\"300\" height=\"300\" src=\"https://www.papelariablumenau.com/wp-content/uploads/2020/07/Giz-pastel-25-cores-300x300.jpg\" alt=\"\" srcset=\"https://www.papelariablumenau.com/wp-content/uploads/2020/07/Giz-pastel-25-cores-300x300.jpg 300w, https://www.papelariablumenau.com/wp-content/uploads/2020/07/Giz-pastel-25-cores-150x150.jpg 150w, https://www.papelariablumenau.com/wp-content/uploads/2020/07/Giz-pastel-25-cores-768x768.jpg 768w, https://www.papelariablumenau.com/wp-content/uploads/2020/07/Giz-pastel-25-cores-600x600.jpg 600w, https://www.papelariablumenau.com/wp-content/uploads/2020/07/Giz-pastel-25-cores-100x100.jpg 100w, https://www.papelariablumenau.com/wp-content/uploads/2020/07/Giz-pastel-25-cores.jpg 1000w\" sizes=\"(max-width: 300px) 100vw, 300px\"></a>Quick View<a href=\"?add-to-cart=1218\" data-product_id=\"1218\">Comprar</a>			\n				NOVIDADES			\n			<a href=\"https://www.papelariablumenau.com/produto/giz-pastel-a-oleo-com-25-cores-pentel-phn-25/\"><h2>Giz pastel a óleo com 25 cores Pentel PHN-25</h2></a>Avaliação <strong>0</strong> de 5\n	<del>R$27,00</del> <ins>R$22,95</ins>\n</li>\n<li>\n	-14%\n	<a href=\"https://www.papelariablumenau.com/produto/giz-pastel-a-oleo-com-12-cores-pentel-phn-12/\"><img width=\"300\" height=\"300\" src=\"https://www.papelariablumenau.com/wp-content/uploads/2020/07/Giz-pastel-12-cores-300x300.jpg\" alt=\"\" srcset=\"https://www.papelariablumenau.com/wp-content/uploads/2020/07/Giz-pastel-12-cores-300x300.jpg 300w, https://www.papelariablumenau.com/wp-content/uploads/2020/07/Giz-pastel-12-cores-150x150.jpg 150w, https://www.papelariablumenau.com/wp-content/uploads/2020/07/Giz-pastel-12-cores-768x768.jpg 768w, https://www.papelariablumenau.com/wp-content/uploads/2020/07/Giz-pastel-12-cores-600x600.jpg 600w, https://www.papelariablumenau.com/wp-content/uploads/2020/07/Giz-pastel-12-cores-100x100.jpg 100w, https://www.papelariablumenau.com/wp-content/uploads/2020/07/Giz-pastel-12-cores.jpg 1000w\" sizes=\"(max-width: 300px) 100vw, 300px\"></a>Quick View<a href=\"?add-to-cart=1216\" data-product_id=\"1216\">Comprar</a>			\n				NOVIDADES			\n			<a href=\"https://www.papelariablumenau.com/produto/giz-pastel-a-oleo-com-12-cores-pentel-phn-12/\"><h2>Giz pastel a óleo com 12 cores Pentel PHN-12</h2></a>Avaliação <strong>0</strong> de 5\n	<del>R$17,00</del> <ins>R$14,60</ins>\n</li>\n<li>\n	-20%\n	<a href=\"https://www.papelariablumenau.com/produto/aquarela-caixa-com-24-cores-water-colors-pentel-htp-24-6ml/\"><img width=\"300\" height=\"300\" src=\"https://www.papelariablumenau.com/wp-content/uploads/2020/07/Aquarela-24-cores-pentel-1-300x300.jpg\" alt=\"\" srcset=\"https://www.papelariablumenau.com/wp-content/uploads/2020/07/Aquarela-24-cores-pentel-1-300x300.jpg 300w, https://www.papelariablumenau.com/wp-content/uploads/2020/07/Aquarela-24-cores-pentel-1-150x150.jpg 150w, https://www.papelariablumenau.com/wp-content/uploads/2020/07/Aquarela-24-cores-pentel-1-768x768.jpg 768w, https://www.papelariablumenau.com/wp-content/uploads/2020/07/Aquarela-24-cores-pentel-1-600x600.jpg 600w, https://www.papelariablumenau.com/wp-content/uploads/2020/07/Aquarela-24-cores-pentel-1-100x100.jpg 100w, https://www.papelariablumenau.com/wp-content/uploads/2020/07/Aquarela-24-cores-pentel-1.jpg 1000w\" sizes=\"(max-width: 300px) 100vw, 300px\"><img width=\"300\" height=\"300\" src=\"https://www.papelariablumenau.com/wp-content/uploads/2020/07/Aquarela-24-cores-por-dentro-pentel-300x300.jpg\" alt=\"\"></a>Quick View<a href=\"?add-to-cart=1211\" data-product_id=\"1211\">Comprar</a>			\n				NOVIDADES			\n			<a href=\"https://www.papelariablumenau.com/produto/aquarela-caixa-com-24-cores-water-colors-pentel-htp-24-6ml/\"><h2>Aquarela caixa com 24 cores Water Colors Pentel HTP-24 6ml</h2></a>Avaliação <strong>0</strong> de 5\n	<del>R$73,00</del> <ins>R$58,40</ins>\n</li>\n<li>\n	-20%\n	<a href=\"https://www.papelariablumenau.com/produto/aquarela-caixa-com-12-cores-water-colors-pentel-htp-12-6ml/\"><img width=\"300\" height=\"300\" src=\"https://www.papelariablumenau.com/wp-content/uploads/2020/07/Aquarela-12-cores-pentel-300x300.jpg\" alt=\"\" srcset=\"https://www.papelariablumenau.com/wp-content/uploads/2020/07/Aquarela-12-cores-pentel-300x300.jpg 300w, https://www.papelariablumenau.com/wp-content/uploads/2020/07/Aquarela-12-cores-pentel-150x150.jpg 150w, https://www.papelariablumenau.com/wp-content/uploads/2020/07/Aquarela-12-cores-pentel-768x768.jpg 768w, https://www.papelariablumenau.com/wp-content/uploads/2020/07/Aquarela-12-cores-pentel-600x600.jpg 600w, https://www.papelariablumenau.com/wp-content/uploads/2020/07/Aquarela-12-cores-pentel-100x100.jpg 100w, https://www.papelariablumenau.com/wp-content/uploads/2020/07/Aquarela-12-cores-pentel.jpg 1000w\" sizes=\"(max-width: 300px) 100vw, 300px\"><img width=\"300\" height=\"300\" src=\"https://www.papelariablumenau.com/wp-content/uploads/2020/07/Aquarela-12-cores-aberta-300x300.jpg\" alt=\"\"></a>Quick View<a href=\"?add-to-cart=1207\" data-product_id=\"1207\">Comprar</a>			\n				NOVIDADES			\n			<a href=\"https://www.papelariablumenau.com/produto/aquarela-caixa-com-12-cores-water-colors-pentel-htp-12-6ml/\"><h2>Aquarela caixa com 12 cores Water Colors Pentel HTP-12 6ml</h2></a>Avaliação <strong>0</strong> de 5\n	<del>R$39,00</del> <ins>R$31,20</ins>\n</li>\n<li>\n	-20%\n	<a href=\"https://www.papelariablumenau.com/produto/aquarela-caixa-com-8-cores-water-colors-pentel-htp-8-6ml/\"><img width=\"300\" height=\"300\" src=\"https://www.papelariablumenau.com/wp-content/uploads/2020/07/Aquarela-8-cores-pentel-300x300.jpg\" alt=\"\" srcset=\"https://www.papelariablumenau.com/wp-content/uploads/2020/07/Aquarela-8-cores-pentel-300x300.jpg 300w, https://www.papelariablumenau.com/wp-content/uploads/2020/07/Aquarela-8-cores-pentel-150x150.jpg 150w, https://www.papelariablumenau.com/wp-content/uploads/2020/07/Aquarela-8-cores-pentel-768x768.jpg 768w, https://www.papelariablumenau.com/wp-content/uploads/2020/07/Aquarela-8-cores-pentel-600x600.jpg 600w, https://www.papelariablumenau.com/wp-content/uploads/2020/07/Aquarela-8-cores-pentel-100x100.jpg 100w, https://www.papelariablumenau.com/wp-content/uploads/2020/07/Aquarela-8-cores-pentel.jpg 1000w\" sizes=\"(max-width: 300px) 100vw, 300px\"><img width=\"300\" height=\"300\" src=\"https://www.papelariablumenau.com/wp-content/uploads/2020/07/aquarela-8-cores-aberta-27-1-300x300.jpg\" alt=\"\"></a>Quick View<a href=\"?add-to-cart=1203\" data-product_id=\"1203\">Comprar</a>			\n				NOVIDADES			\n			<a href=\"https://www.papelariablumenau.com/produto/aquarela-caixa-com-8-cores-water-colors-pentel-htp-8-6ml/\"><h2>Aquarela caixa com 8 cores Water Colors Pentel HTP-8 6ml</h2></a>Avaliação <strong>0</strong> de 5\n	<del>R$29,00</del> <ins>R$23,20</ins>\n</li>\n<li>\n		<a href=\"https://www.papelariablumenau.com/produto/caneta-gel-uniball-signo-angelic-colour-branca-0-7mm/\"><img width=\"300\" height=\"300\" src=\"https://www.papelariablumenau.com/wp-content/uploads/2020/07/Caneta-Signo-Branca-300x300.jpg\" alt=\"\" srcset=\"https://www.papelariablumenau.com/wp-content/uploads/2020/07/Caneta-Signo-Branca-300x300.jpg 300w, https://www.papelariablumenau.com/wp-content/uploads/2020/07/Caneta-Signo-Branca-150x150.jpg 150w, https://www.papelariablumenau.com/wp-content/uploads/2020/07/Caneta-Signo-Branca-100x100.jpg 100w\" sizes=\"(max-width: 300px) 100vw, 300px\"><img width=\"300\" height=\"300\" src=\"https://www.papelariablumenau.com/wp-content/uploads/2020/07/Signo-branca-300x300.jpeg\" alt=\"\"></a>Quick View<a href=\"?add-to-cart=1050\" data-product_id=\"1050\">Comprar</a>			\n				CANETAS			\n			<a href=\"https://www.papelariablumenau.com/produto/caneta-gel-uniball-signo-angelic-colour-branca-0-7mm/\"><h2>Caneta Gel Uniball Signo Angelic Colour Branca 0.7mm Avulsa</h2></a>Avaliação <strong>0</strong> de 5\n	R$9,99\n</li>\n<li>\n		<a href=\"https://www.papelariablumenau.com/produto/conjunto-4-em-1-donuts-bee-unique-clips-prendedor-de-papel-e-alfinete/\"><img width=\"300\" height=\"300\" src=\"https://www.papelariablumenau.com/wp-content/uploads/2020/06/4-em-1-completa-300x300.jpg\" alt=\"\" srcset=\"https://www.papelariablumenau.com/wp-content/uploads/2020/06/4-em-1-completa-300x300.jpg 300w, https://www.papelariablumenau.com/wp-content/uploads/2020/06/4-em-1-completa-150x150.jpg 150w, https://www.papelariablumenau.com/wp-content/uploads/2020/06/4-em-1-completa-100x100.jpg 100w\" sizes=\"(max-width: 300px) 100vw, 300px\"><img width=\"300\" height=\"300\" src=\"https://www.papelariablumenau.com/wp-content/uploads/2020/06/4-em-1-1-1-300x300.jpg\" alt=\"\"></a>Quick View<a href=\"https://www.papelariablumenau.com/produto/conjunto-4-em-1-donuts-bee-unique-clips-prendedor-de-papel-e-alfinete/\" data-product_id=\"606\">Ver opções</a>			\n				CLIPS E PRENDEDORES			\n			<a href=\"https://www.papelariablumenau.com/produto/conjunto-4-em-1-donuts-bee-unique-clips-prendedor-de-papel-e-alfinete/\"><h2>Estojo acrílico 4 em 1 donuts Bee Unique Clips, prendedor de papel e alfinete LK-PA009</h2></a>Avaliação <strong>0</strong> de 5\n	R$12,90\n</li>\n<li>\n		<a href=\"https://www.papelariablumenau.com/produto/agenda-2021-planner-magic-espiral-m7-tilibra/\"><img width=\"300\" height=\"300\" src=\"https://www.papelariablumenau.com/wp-content/uploads/2020/06/Planner-Magic-Tilibra-300x300.jpg\" alt=\"\" srcset=\"https://www.papelariablumenau.com/wp-content/uploads/2020/06/Planner-Magic-Tilibra-300x300.jpg 300w, https://www.papelariablumenau.com/wp-content/uploads/2020/06/Planner-Magic-Tilibra-150x150.jpg 150w, https://www.papelariablumenau.com/wp-content/uploads/2020/06/Planner-Magic-Tilibra-768x768.jpg 768w, https://www.papelariablumenau.com/wp-content/uploads/2020/06/Planner-Magic-Tilibra-600x600.jpg 600w, https://www.papelariablumenau.com/wp-content/uploads/2020/06/Planner-Magic-Tilibra-100x100.jpg 100w, https://www.papelariablumenau.com/wp-content/uploads/2020/06/Planner-Magic-Tilibra.jpg 900w\" sizes=\"(max-width: 300px) 100vw, 300px\"><img width=\"300\" height=\"300\" src=\"https://www.papelariablumenau.com/wp-content/uploads/2020/06/Planner-Magic-Tilibra-2-300x300.jpg\" alt=\"\"></a>Quick View<a href=\"?add-to-cart=825\" data-product_id=\"825\">Comprar</a>			\n				AGENDA			\n			<a href=\"https://www.papelariablumenau.com/produto/agenda-2021-planner-magic-espiral-m7-tilibra/\"><h2>Agenda 2021 Planner Magic Espiral M7 Tilibra</h2></a>Avaliação <strong>0</strong> de 5\n	R$26,90\n</li>\n</ul>\n		<!--\n		-->\n						<a href=\"#\" id=\"uabb-quick-view-close\"></a>\n<h2>OFERTAS IMPERDÍVEIS</h2>\n		<ul>\n<li>\n	-36%\n	<a href=\"https://www.papelariablumenau.com/produto/estojo-caneta-brush-pen-aquarelavel-6-cores-basicas-newpen/\"><img width=\"300\" height=\"300\" src=\"https://www.papelariablumenau.com/wp-content/uploads/2020/07/Brush-pen-cores-basicas-300x300.jpg\" alt=\"\" srcset=\"https://www.papelariablumenau.com/wp-content/uploads/2020/07/Brush-pen-cores-basicas-300x300.jpg 300w, https://www.papelariablumenau.com/wp-content/uploads/2020/07/Brush-pen-cores-basicas-150x150.jpg 150w, https://www.papelariablumenau.com/wp-content/uploads/2020/07/Brush-pen-cores-basicas-100x100.jpg 100w\" sizes=\"(max-width: 300px) 100vw, 300px\"></a>Quick View<a href=\"?add-to-cart=1143\" data-product_id=\"1143\">Comprar</a>			\n				BRUSH PEN			\n			<a href=\"https://www.papelariablumenau.com/produto/estojo-caneta-brush-pen-aquarelavel-6-cores-basicas-newpen/\"><h2>Estojo caneta Brush Pen aquarelável 6 cores básicas NewPen</h2></a>Avaliação <strong>0</strong> de 5\n	<del>R$38,90</del> <ins>R$24,90</ins>\n</li>\n<li>\n	-36%\n	<a href=\"https://www.papelariablumenau.com/produto/estojo-caneta-brush-pen-6-cores-pastel-newpen/\"><img width=\"300\" height=\"300\" src=\"https://www.papelariablumenau.com/wp-content/uploads/2020/07/Brush-pen-tom-pastel-newpen-2-300x300.jpeg\" alt=\"\" srcset=\"https://www.papelariablumenau.com/wp-content/uploads/2020/07/Brush-pen-tom-pastel-newpen-2-300x300.jpeg 300w, https://www.papelariablumenau.com/wp-content/uploads/2020/07/Brush-pen-tom-pastel-newpen-2-150x150.jpeg 150w, https://www.papelariablumenau.com/wp-content/uploads/2020/07/Brush-pen-tom-pastel-newpen-2-100x100.jpeg 100w\" sizes=\"(max-width: 300px) 100vw, 300px\"></a>Quick View<a href=\"?add-to-cart=1120\" data-product_id=\"1120\">Comprar</a>			\n				BRUSH PEN			\n			<a href=\"https://www.papelariablumenau.com/produto/estojo-caneta-brush-pen-6-cores-pastel-newpen/\"><h2>Estojo caneta Brush Pen aquarelável 6 cores em tom Pastel NewPen</h2></a>Avaliação <strong>0</strong> de 5\n	<del>R$38,90</del> <ins>R$24,90</ins>\n</li>\n<li>\n	-36%\n	<a href=\"https://www.papelariablumenau.com/produto/estojo-caneta-brush-pen-aquarelavel-com-20-unidades-newpen/\"><img width=\"300\" height=\"300\" src=\"https://www.papelariablumenau.com/wp-content/uploads/2020/07/Caneta-Brush-20-cores-300x300.jpg\" alt=\"\" srcset=\"https://www.papelariablumenau.com/wp-content/uploads/2020/07/Caneta-Brush-20-cores-300x300.jpg 300w, https://www.papelariablumenau.com/wp-content/uploads/2020/07/Caneta-Brush-20-cores-150x150.jpg 150w, https://www.papelariablumenau.com/wp-content/uploads/2020/07/Caneta-Brush-20-cores-100x100.jpg 100w\" sizes=\"(max-width: 300px) 100vw, 300px\"></a>Quick View<a href=\"?add-to-cart=1118\" data-product_id=\"1118\">Comprar</a>			\n				BRUSH PEN			\n			<a href=\"https://www.papelariablumenau.com/produto/estojo-caneta-brush-pen-aquarelavel-com-20-unidades-newpen/\"><h2>Estojo caneta Brush Pen aquarelável com 20 unidades NewPen</h2></a>Avaliação <strong>0</strong> de 5\n	<del>R$124,90</del> <ins>R$79,90</ins>\n</li>\n<li>\n	-37%\n	<a href=\"https://www.papelariablumenau.com/produto/estojo-caneta-brush-pen-aquarelavel-com-16-unidades-newpen/\"><img width=\"300\" height=\"300\" src=\"https://www.papelariablumenau.com/wp-content/uploads/2020/07/Caneta-Brush-newpen-16-cores-300x300.jpg\" alt=\"\" srcset=\"https://www.papelariablumenau.com/wp-content/uploads/2020/07/Caneta-Brush-newpen-16-cores-300x300.jpg 300w, https://www.papelariablumenau.com/wp-content/uploads/2020/07/Caneta-Brush-newpen-16-cores-150x150.jpg 150w, https://www.papelariablumenau.com/wp-content/uploads/2020/07/Caneta-Brush-newpen-16-cores-100x100.jpg 100w\" sizes=\"(max-width: 300px) 100vw, 300px\"></a>Quick View<a href=\"?add-to-cart=1116\" data-product_id=\"1116\">Comprar</a>			\n				BRUSH PEN			\n			<a href=\"https://www.papelariablumenau.com/produto/estojo-caneta-brush-pen-aquarelavel-com-16-unidades-newpen/\"><h2>Estojo caneta Brush Pen aquarelável com 16 unidades NewPen</h2></a>Avaliação <strong>0</strong> de 5\n	<del>R$98,00</del> <ins>R$62,00</ins>\n</li>\n<li>\n	-22%\n	<a href=\"https://www.papelariablumenau.com/produto/caderno-inteligente-arco-iris-pastel-grande/\"><img width=\"300\" height=\"300\" src=\"https://www.papelariablumenau.com/wp-content/uploads/2020/07/Caderno-inteligente-arco-iris-300x300.jpg\" alt=\"\" srcset=\"https://www.papelariablumenau.com/wp-content/uploads/2020/07/Caderno-inteligente-arco-iris-300x300.jpg 300w, https://www.papelariablumenau.com/wp-content/uploads/2020/07/Caderno-inteligente-arco-iris-150x150.jpg 150w, https://www.papelariablumenau.com/wp-content/uploads/2020/07/Caderno-inteligente-arco-iris-100x100.jpg 100w\" sizes=\"(max-width: 300px) 100vw, 300px\"></a>Quick View<a href=\"?add-to-cart=1088\" data-product_id=\"1088\">Comprar</a>			\n				CADERNOS			\n			<a href=\"https://www.papelariablumenau.com/produto/caderno-inteligente-arco-iris-pastel-grande/\"><h2>Caderno Inteligente Arco-Íris Pastel Grande</h2></a>Avaliação <strong>0</strong> de 5\n	<del>R$130,00</del> <ins>R$102,00</ins>\n</li>\n<li>\n	-22%\n	<a href=\"https://www.papelariablumenau.com/produto/prendedor-de-papel-de-coracao-rosa-cis/\"><img width=\"300\" height=\"300\" src=\"https://www.papelariablumenau.com/wp-content/uploads/2020/07/Cis-prendedor-coração-300x300.jpg\" alt=\"\" srcset=\"https://www.papelariablumenau.com/wp-content/uploads/2020/07/Cis-prendedor-coração-300x300.jpg 300w, https://www.papelariablumenau.com/wp-content/uploads/2020/07/Cis-prendedor-coração-150x150.jpg 150w, https://www.papelariablumenau.com/wp-content/uploads/2020/07/Cis-prendedor-coração-768x768.jpg 768w, https://www.papelariablumenau.com/wp-content/uploads/2020/07/Cis-prendedor-coração-600x600.jpg 600w, https://www.papelariablumenau.com/wp-content/uploads/2020/07/Cis-prendedor-coração-100x100.jpg 100w, https://www.papelariablumenau.com/wp-content/uploads/2020/07/Cis-prendedor-coração.jpg 921w\" sizes=\"(max-width: 300px) 100vw, 300px\"></a>Quick View<a href=\"?add-to-cart=1084\" data-product_id=\"1084\">Comprar</a>			\n				CLIPS E PRENDEDORES			\n			<a href=\"https://www.papelariablumenau.com/produto/prendedor-de-papel-de-coracao-rosa-cis/\"><h2>Prendedor de papel de Coração Rosa CIS</h2></a>Avaliação <strong>0</strong> de 5\n	<del>R$9,00</del> <ins>R$6,99</ins>\n</li>\n<li>\n	-18%\n	<a href=\"https://www.papelariablumenau.com/produto/kit-marca-texto-stabilo-boss-c-8-cores-pastel/\"><img width=\"300\" height=\"300\" src=\"https://www.papelariablumenau.com/wp-content/uploads/2020/07/Boss-foto-nova-300x300.jpeg\" alt=\"\" srcset=\"https://www.papelariablumenau.com/wp-content/uploads/2020/07/Boss-foto-nova-300x300.jpeg 300w, https://www.papelariablumenau.com/wp-content/uploads/2020/07/Boss-foto-nova-150x150.jpeg 150w, https://www.papelariablumenau.com/wp-content/uploads/2020/07/Boss-foto-nova-100x100.jpeg 100w\" sizes=\"(max-width: 300px) 100vw, 300px\"></a>Quick View<a href=\"?add-to-cart=470\" data-product_id=\"470\">Comprar</a>			\n				CANETAS			\n			<a href=\"https://www.papelariablumenau.com/produto/kit-marca-texto-stabilo-boss-c-8-cores-pastel/\"><h2>Kit Marca Texto Stabilo BOSS c/ 8 cores pastel</h2></a>Avaliação <strong>0</strong> de 5\n	<del>R$68,00</del> <ins>R$56,00</ins>\n</li>\n<li>\n	-10%\n	<a href=\"https://www.papelariablumenau.com/produto/985/\"><img width=\"300\" height=\"300\" src=\"https://www.papelariablumenau.com/wp-content/uploads/2020/07/Marca-texto-Staedtler-6-cores-300x300.jpeg\" alt=\"\" srcset=\"https://www.papelariablumenau.com/wp-content/uploads/2020/07/Marca-texto-Staedtler-6-cores-300x300.jpeg 300w, https://www.papelariablumenau.com/wp-content/uploads/2020/07/Marca-texto-Staedtler-6-cores-1024x1024.jpeg 1024w, https://www.papelariablumenau.com/wp-content/uploads/2020/07/Marca-texto-Staedtler-6-cores-150x150.jpeg 150w, https://www.papelariablumenau.com/wp-content/uploads/2020/07/Marca-texto-Staedtler-6-cores-768x768.jpeg 768w, https://www.papelariablumenau.com/wp-content/uploads/2020/07/Marca-texto-Staedtler-6-cores-600x600.jpeg 600w, https://www.papelariablumenau.com/wp-content/uploads/2020/07/Marca-texto-Staedtler-6-cores-100x100.jpeg 100w, https://www.papelariablumenau.com/wp-content/uploads/2020/07/Marca-texto-Staedtler-6-cores.jpeg 1500w\" sizes=\"(max-width: 300px) 100vw, 300px\"></a>Quick View<a href=\"?add-to-cart=985\" data-product_id=\"985\">Comprar</a>			\n				CANETAS			\n			<a href=\"https://www.papelariablumenau.com/produto/985/\"><h2>Estojo Marca texto com 6 cores Pastel Staedtler Textsurfer</h2></a>Avaliação <strong>0</strong> de 5\n	<del>R$52,00</del> <ins>R$46,99</ins>\n</li>\n</ul>\n		<!--\n		-->\n						<a href=\"#\" id=\"uabb-quick-view-close\"></a>\n	<h2><!--\n	-->Acompanhe nossas publicações no<!--	--><!--\n	-->\n	</h2>\n		<blockquote cite=\"https://www.facebook.com/papelariablumenauoficial/\"><a href=\"https://www.facebook.com/papelariablumenauoficial/\"></a></blockquote>\n<!-- /wp:fl-builder/layout -->','Home','','inherit','closed','closed','','50-revision-v1','','','2020-11-17 16:34:10','2020-11-17 19:34:10','',50,'https://www.papelariablumenau.com/2020/11/17/50-revision-v1/',0,'revision','',0),(1465,5,'2020-11-17 16:37:30','2020-11-17 19:37:30','[yith_wcwl_wishlist]','Lista de Desejos','','inherit','closed','closed','','24-revision-v1','','','2020-11-17 16:37:30','2020-11-17 19:37:30','',24,'https://www.papelariablumenau.com/2020/11/17/24-revision-v1/',0,'revision','',0),(1466,5,'2020-11-17 16:39:54','2020-11-17 19:39:54','','Loja','','inherit','closed','closed','','20-revision-v1','','','2020-11-17 16:39:54','2020-11-17 19:39:54','',20,'https://www.papelariablumenau.com/2020/11/17/20-revision-v1/',0,'revision','',0),(1467,5,'2020-11-17 16:41:48','2020-11-17 19:41:48','<!-- wp:shortcode -->\n[woocommerce_my_account]\n<!-- /wp:shortcode -->','Minha conta','','inherit','closed','closed','','23-revision-v1','','','2020-11-17 16:41:48','2020-11-17 19:41:48','',23,'https://www.papelariablumenau.com/2020/11/17/23-revision-v1/',0,'revision','',0),(1468,5,'2020-11-17 16:43:29','2020-11-17 19:43:29','<!-- wp:fl-builder/layout -->\n<h2>\n		Vários produtos em um só lugar.\n	</h2>\n[products ids=\"\" columns=\"3\" orderby=\"menu_order\" order=\"ASC\"]\n<!-- /wp:fl-builder/layout -->','Store','','inherit','closed','closed','','61-revision-v1','','','2020-11-17 16:43:29','2020-11-17 19:43:29','',61,'https://www.papelariablumenau.com/2020/11/17/61-revision-v1/',0,'revision','',0),(1469,1,'2020-11-23 07:34:10','2020-11-23 10:34:10','','Order &ndash; novembro 23, 2020 @ 07:34 AM','','wc-completed','closed','closed','wc_order_dwUQZK4boVmQt','pedido-23-de-nov-de-2020-as-103434','','','2020-11-24 09:56:24','2020-11-24 12:56:24','',0,'https://www.papelariablumenau.com/?post_type=shop_order&#038;p=1469',0,'shop_order','',5),(1476,1,'2020-12-20 11:21:20','2020-12-20 14:21:20','','Order &ndash; dezembro 20, 2020 @ 11:21 AM','TALITA VILLAIN FARÁ A RETIRADA NA LOJA','wc-completed','closed','closed','wc_order_SDdNdGQD4C7rZ','pedido-20-de-dec-de-2020-as-142121','','','2020-12-28 20:15:04','2020-12-28 23:15:04','',0,'https://www.papelariablumenau.com/?post_type=shop_order&#038;p=1476',0,'shop_order','',4),(1480,1,'2021-01-07 20:51:56','2021-01-07 23:51:56','','Order &ndash; janeiro 7, 2021 @ 08:51 PM','','wc-completed','closed','closed','wc_order_68ZusI9DmnhFW','pedido-07-de-jan-de-2021-as-235151','','','2021-01-11 07:55:21','2021-01-11 10:55:21','',0,'https://www.papelariablumenau.com/?post_type=shop_order&#038;p=1480',0,'shop_order','',3),(1481,1,'2021-01-13 13:02:12','2021-01-13 16:02:12','','Order &ndash; janeiro 13, 2021 @ 01:02 PM','','wc-completed','closed','closed','wc_order_gbFFWxXfdwTVW','pedido-13-de-jan-de-2021-as-160202','','','2021-01-18 08:46:10','2021-01-18 11:46:10','',0,'https://www.papelariablumenau.com/?post_type=shop_order&#038;p=1481',0,'shop_order','',4),(1487,1,'2021-02-08 16:52:11','2021-02-08 19:52:11','','Order &ndash; fevereiro 8, 2021 @ 04:52 PM','','wc-completed','closed','closed','wc_order_zEeCwCpWw5T9X','pedido-08-de-feb-de-2021-as-195252','','','2021-02-15 10:28:25','2021-02-15 13:28:25','',0,'https://www.papelariablumenau.com/?post_type=shop_order&#038;p=1487',0,'shop_order','',4),(1491,1,'2021-03-10 06:51:21','2021-03-10 09:51:21','','Order &ndash; março 10, 2021 @ 06:51 AM','','wc-cancelled','closed','closed','wc_order_LtH7SBohfGige','pedido-10-de-mar-de-2021-as-095151','','','2021-03-10 07:50:49','2021-03-10 10:50:49','',0,'https://www.papelariablumenau.com/?post_type=shop_order&#038;p=1491',0,'shop_order','',4),(1493,5,'2021-03-10 18:41:57','2021-03-10 21:41:57','Marcador Artístico 6 Cores Metallic Marker Cis Marcador multiuso. Cores metálicas. Ideal para papéis, cartões, madeira e outros materiais.\n\nPonta 1mm.\n\nCores: Azul, Rosa, Verde, Roxo, Ouro, Prata...','Estojo com 6 Marcadores Artísticos Metallic Marker CIS','<p><br data-mce-bogus=\"1\"></p>','inherit','closed','closed','','1442-autosave-v1','','','2021-03-10 18:41:57','2021-03-10 21:41:57','',1442,'https://www.papelariablumenau.com/?p=1493',0,'revision','',0),(1494,7,'2021-03-15 09:14:52','0000-00-00 00:00:00','','Rascunho automático','','auto-draft','closed','open','','','','','2021-03-15 09:14:52','0000-00-00 00:00:00','',0,'https://www.papelariablumenau.com/?p=1494',0,'post','',0),(1495,3,'2021-03-16 14:02:47','0000-00-00 00:00:00','','Rascunho automático','','auto-draft','closed','open','','','','','2021-03-16 14:02:47','0000-00-00 00:00:00','',0,'https://www.papelariablumenau.com/?p=1495',0,'post','',0),(1496,3,'2021-03-16 14:12:48','2021-03-16 17:12:48','<!-- wp:fl-builder/layout -->\n\n		<h1>\n							<a\n					href=\"https://papelariablumenau.com/\"\n					target=\"_self\">\n			Papelaria\n											Blumenau\n							</a>\n		</h1>\n\n<!-- /wp:fl-builder/layout -->','Header Home 3','','inherit','closed','closed','','178-revision-v1','','','2021-03-16 14:12:48','2021-03-16 17:12:48','',178,'https://www.papelariablumenau.com/?p=1496',0,'revision','',0);

--
-- Table structure for table `wp2__rank_math_404_logs`
--

CREATE TABLE `wp2__rank_math_404_logs` (
  `id` bigint(20) unsigned NOT NULL AUTO_INCREMENT,
  `uri` varchar(255) COLLATE utf8mb4_unicode_ci NOT NULL,
  `accessed` datetime NOT NULL DEFAULT '0000-00-00 00:00:00',
  `times_accessed` bigint(20) unsigned NOT NULL DEFAULT '1',
  `ip` varchar(50) COLLATE utf8mb4_unicode_ci NOT NULL DEFAULT '',
  `referer` varchar(255) COLLATE utf8mb4_unicode_ci NOT NULL DEFAULT '',
  `user_agent` varchar(255) COLLATE utf8mb4_unicode_ci NOT NULL DEFAULT '',
  PRIMARY KEY (`id`),
  KEY `uri` (`uri`(191))
) ENGINE=InnoDB DEFAULT CHARSET=utf8mb4 COLLATE=utf8mb4_unicode_ci;

--
-- Dumping data for table `wp2__rank_math_404_logs`
--


--
-- Table structure for table `wp2__rank_math_internal_links`
--

CREATE TABLE `wp2__rank_math_internal_links` (
  `id` bigint(20) unsigned NOT NULL AUTO_INCREMENT,
  `url` varchar(255) COLLATE utf8mb4_unicode_ci NOT NULL,
  `post_id` bigint(20) unsigned NOT NULL,
  `target_post_id` bigint(20) unsigned NOT NULL,
  `type` varchar(8) COLLATE utf8mb4_unicode_ci NOT NULL,
  PRIMARY KEY (`id`),
  KEY `link_direction` (`post_id`,`type`)
) ENGINE=InnoDB AUTO_INCREMENT=220 DEFAULT CHARSET=utf8mb4 COLLATE=utf8mb4_unicode_ci;

--
-- Dumping data for table `wp2__rank_math_internal_links`
--

INSERT INTO `wp2__rank_math_internal_links` VALUES (2,'https://www.papelariablumenau.com/produto/caneta-marca-texto-apagavel-pilot-frixion-light-roxa-copia/',104,76,'internal'),(3,'?add-to-cart=76',104,0,'internal'),(4,'https://www.papelariablumenau.com/produto/caneta-marca-texto-apagavel-pilot-frixion-light-roxa-copia/',104,76,'internal'),(5,'https://www.papelariablumenau.com/produto/caneta-marca-texto-apagavel-pilot-frixion-light-pastel/',104,53,'internal'),(6,'?add-to-cart=53',104,0,'internal'),(7,'https://www.papelariablumenau.com/produto/caneta-marca-texto-apagavel-pilot-frixion-light-pastel/',104,53,'internal'),(8,'https://www.papelariablumenau.com/produto/caneta-marca-texto-apagavel-pilot-frixion-light-roxa-copia/',102,76,'internal'),(9,'?add-to-cart=76',102,0,'internal'),(10,'https://www.papelariablumenau.com/produto/caneta-marca-texto-apagavel-pilot-frixion-light-roxa-copia/',102,76,'internal'),(11,'https://www.papelariablumenau.com/produto/caneta-marca-texto-apagavel-pilot-frixion-light-pastel/',102,53,'internal'),(12,'?add-to-cart=53',102,0,'internal'),(13,'https://www.papelariablumenau.com/produto/caneta-marca-texto-apagavel-pilot-frixion-light-pastel/',102,53,'internal'),(14,'https://www.papelariablumenau.com/produto/caderno-espiral-capa-dura-jandaia/',98,54,'internal'),(15,'?add-to-cart=54',98,0,'internal'),(16,'https://www.papelariablumenau.com/produto/caderno-espiral-capa-dura-jandaia/',98,54,'internal'),(17,'https://www.papelariablumenau.com/produto/caneta-marca-texto-apagavel-pilot-frixion-light-roxa-copia/',95,76,'internal'),(18,'?add-to-cart=76',95,0,'internal'),(19,'https://www.papelariablumenau.com/produto/caneta-marca-texto-apagavel-pilot-frixion-light-roxa-copia/',95,76,'internal'),(20,'https://www.papelariablumenau.com/produto/borracha-stabilo-legend/',95,55,'internal'),(21,'?add-to-cart=55',95,0,'internal'),(22,'https://www.papelariablumenau.com/produto/borracha-stabilo-legend/',95,55,'internal'),(23,'https://www.papelariablumenau.com/produto/caderno-espiral-capa-dura-jandaia/',95,54,'internal'),(24,'?add-to-cart=54',95,0,'internal'),(25,'https://www.papelariablumenau.com/produto/caderno-espiral-capa-dura-jandaia/',95,54,'internal'),(26,'https://www.papelariablumenau.com/produto/caneta-marca-texto-apagavel-pilot-frixion-light-pastel/',95,53,'internal'),(27,'?add-to-cart=53',95,0,'internal'),(28,'https://www.papelariablumenau.com/produto/caneta-marca-texto-apagavel-pilot-frixion-light-pastel/',95,53,'internal'),(29,'https://www.papelariablumenau.com/produto/post-it/',95,52,'internal'),(30,'https://www.papelariablumenau.com/produto/post-it/',95,52,'internal'),(31,'https://www.papelariablumenau.com/produto/post-it/',95,52,'internal'),(43,'https://www.papelariablumenau.com/wp-admin/',2,0,'internal'),(45,'https://papelariablumenau.com/trocas-e-devolucoes/',128,0,'external'),(46,'mailto:devolucao@papelariablumenau.com',128,0,'external'),(47,'mailto:devolucao@papelariablumenau.com',128,0,'external'),(48,'mailto:devolucao@papelariablumenau.com',128,0,'external'),(49,'mailto:devolucao@papelariablumenau.com',128,0,'external'),(123,'https://www.papelariablumenau.com/produto/lapis-de-cor-mega-soft-12-cores-metalicas-tris/',50,0,'internal'),(124,'?add-to-cart=1324',50,0,'internal'),(125,'https://www.papelariablumenau.com/produto/lapis-de-cor-mega-soft-12-cores-metalicas-tris/',50,0,'internal'),(126,'https://www.papelariablumenau.com/produto/caderno-3-em-1-candy-redoma/',50,1301,'internal'),(127,'?add-to-cart=1301',50,0,'internal'),(128,'https://www.papelariablumenau.com/produto/caderno-3-em-1-candy-redoma/',50,1301,'internal'),(129,'https://www.papelariablumenau.com/produto/fichario-universitario-caderno-argolado-cristal-rosa-breeze-dac/',50,1279,'internal'),(130,'?add-to-cart=1279',50,0,'internal'),(131,'https://www.papelariablumenau.com/produto/fichario-universitario-caderno-argolado-cristal-rosa-breeze-dac/',50,1279,'internal'),(132,'https://www.papelariablumenau.com/produto/fichario-universitario-caderno-argolado-cristal-verde-agua-breeze-dac/',50,1276,'internal'),(133,'?add-to-cart=1276',50,0,'internal'),(134,'https://www.papelariablumenau.com/produto/fichario-universitario-caderno-argolado-cristal-verde-agua-breeze-dac/',50,1276,'internal'),(135,'https://www.papelariablumenau.com/produto/fichario-universitario-caderno-argolado-cristal-lilas-breeze-dac/',50,1271,'internal'),(136,'?add-to-cart=1271',50,0,'internal'),(137,'https://www.papelariablumenau.com/produto/fichario-universitario-caderno-argolado-cristal-lilas-breeze-dac/',50,1271,'internal'),(138,'https://www.papelariablumenau.com/produto/caneta-esferografica-trilux-style-colors-estojo-com-5-cores-faber-castell/',50,1268,'internal'),(139,'?add-to-cart=1268',50,0,'internal'),(140,'https://www.papelariablumenau.com/produto/caneta-esferografica-trilux-style-colors-estojo-com-5-cores-faber-castell/',50,1268,'internal'),(141,'https://www.papelariablumenau.com/produto/marca-texto-textliner-46-pastel-4-cores-faber-castell/',50,1265,'internal'),(142,'?add-to-cart=1265',50,0,'internal'),(143,'https://www.papelariablumenau.com/produto/marca-texto-textliner-46-pastel-4-cores-faber-castell/',50,1265,'internal'),(144,'https://www.papelariablumenau.com/produto/marca-texto-textliner-46-pastel-6-cores-faber-castell/',50,1261,'internal'),(145,'?add-to-cart=1261',50,0,'internal'),(146,'https://www.papelariablumenau.com/produto/marca-texto-textliner-46-pastel-6-cores-faber-castell/',50,1261,'internal'),(147,'https://www.papelariablumenau.com/produto/giz-pastel-a-oleo-com-25-cores-pentel-phn-25/',50,1218,'internal'),(148,'?add-to-cart=1218',50,0,'internal'),(149,'https://www.papelariablumenau.com/produto/giz-pastel-a-oleo-com-25-cores-pentel-phn-25/',50,1218,'internal'),(150,'https://www.papelariablumenau.com/produto/giz-pastel-a-oleo-com-12-cores-pentel-phn-12/',50,1216,'internal'),(151,'?add-to-cart=1216',50,0,'internal'),(152,'https://www.papelariablumenau.com/produto/giz-pastel-a-oleo-com-12-cores-pentel-phn-12/',50,1216,'internal'),(153,'https://www.papelariablumenau.com/produto/aquarela-caixa-com-24-cores-water-colors-pentel-htp-24-6ml/',50,1211,'internal'),(154,'?add-to-cart=1211',50,0,'internal'),(155,'https://www.papelariablumenau.com/produto/aquarela-caixa-com-24-cores-water-colors-pentel-htp-24-6ml/',50,1211,'internal'),(156,'https://www.papelariablumenau.com/produto/aquarela-caixa-com-12-cores-water-colors-pentel-htp-12-6ml/',50,1207,'internal'),(157,'?add-to-cart=1207',50,0,'internal'),(158,'https://www.papelariablumenau.com/produto/aquarela-caixa-com-12-cores-water-colors-pentel-htp-12-6ml/',50,1207,'internal'),(159,'https://www.papelariablumenau.com/produto/aquarela-caixa-com-8-cores-water-colors-pentel-htp-8-6ml/',50,1203,'internal'),(160,'?add-to-cart=1203',50,0,'internal'),(161,'https://www.papelariablumenau.com/produto/aquarela-caixa-com-8-cores-water-colors-pentel-htp-8-6ml/',50,1203,'internal'),(162,'https://www.papelariablumenau.com/produto/caneta-gel-uniball-signo-angelic-colour-branca-0-7mm/',50,1050,'internal'),(163,'?add-to-cart=1050',50,0,'internal'),(164,'https://www.papelariablumenau.com/produto/caneta-gel-uniball-signo-angelic-colour-branca-0-7mm/',50,1050,'internal'),(165,'https://www.papelariablumenau.com/produto/conjunto-4-em-1-donuts-bee-unique-clips-prendedor-de-papel-e-alfinete/',50,606,'internal'),(166,'https://www.papelariablumenau.com/produto/conjunto-4-em-1-donuts-bee-unique-clips-prendedor-de-papel-e-alfinete/',50,606,'internal'),(167,'https://www.papelariablumenau.com/produto/conjunto-4-em-1-donuts-bee-unique-clips-prendedor-de-papel-e-alfinete/',50,606,'internal'),(168,'https://www.papelariablumenau.com/produto/agenda-2021-planner-magic-espiral-m7-tilibra/',50,825,'internal'),(169,'?add-to-cart=825',50,0,'internal'),(170,'https://www.papelariablumenau.com/produto/agenda-2021-planner-magic-espiral-m7-tilibra/',50,825,'internal'),(171,'https://www.papelariablumenau.com/produto/estojo-caneta-brush-pen-aquarelavel-6-cores-basicas-newpen/',50,1143,'internal'),(172,'?add-to-cart=1143',50,0,'internal'),(173,'https://www.papelariablumenau.com/produto/estojo-caneta-brush-pen-aquarelavel-6-cores-basicas-newpen/',50,1143,'internal'),(174,'https://www.papelariablumenau.com/produto/estojo-caneta-brush-pen-6-cores-pastel-newpen/',50,1120,'internal'),(175,'?add-to-cart=1120',50,0,'internal'),(176,'https://www.papelariablumenau.com/produto/estojo-caneta-brush-pen-6-cores-pastel-newpen/',50,1120,'internal'),(177,'https://www.papelariablumenau.com/produto/estojo-caneta-brush-pen-aquarelavel-com-20-unidades-newpen/',50,1118,'internal'),(178,'?add-to-cart=1118',50,0,'internal'),(179,'https://www.papelariablumenau.com/produto/estojo-caneta-brush-pen-aquarelavel-com-20-unidades-newpen/',50,1118,'internal'),(180,'https://www.papelariablumenau.com/produto/estojo-caneta-brush-pen-aquarelavel-com-16-unidades-newpen/',50,1116,'internal'),(181,'?add-to-cart=1116',50,0,'internal'),(182,'https://www.papelariablumenau.com/produto/estojo-caneta-brush-pen-aquarelavel-com-16-unidades-newpen/',50,1116,'internal'),(183,'https://www.papelariablumenau.com/produto/caderno-inteligente-arco-iris-pastel-grande/',50,1088,'internal'),(184,'?add-to-cart=1088',50,0,'internal'),(185,'https://www.papelariablumenau.com/produto/caderno-inteligente-arco-iris-pastel-grande/',50,1088,'internal'),(186,'https://www.papelariablumenau.com/produto/prendedor-de-papel-de-coracao-rosa-cis/',50,1084,'internal'),(187,'?add-to-cart=1084',50,0,'internal'),(188,'https://www.papelariablumenau.com/produto/prendedor-de-papel-de-coracao-rosa-cis/',50,1084,'internal'),(189,'https://www.papelariablumenau.com/produto/kit-marca-texto-stabilo-boss-c-8-cores-pastel/',50,470,'internal'),(190,'?add-to-cart=470',50,0,'internal'),(191,'https://www.papelariablumenau.com/produto/kit-marca-texto-stabilo-boss-c-8-cores-pastel/',50,470,'internal'),(192,'https://www.papelariablumenau.com/produto/985/',50,985,'internal'),(193,'?add-to-cart=985',50,0,'internal'),(194,'https://www.papelariablumenau.com/produto/985/',50,985,'internal'),(195,'https://www.facebook.com/papelariablumenauoficial/',50,0,'external'),(208,'/wp-admin/post.php?post=24&#038;action=edit&#038;meta-box-loader=1&#038;meta-box-loader-nonce=fc3551fb94&#038;_locale=user&#038;remove_from_wishlist=825',24,0,'internal'),(209,'https://www.papelariablumenau.com/produto/agenda-2021-planner-magic-espiral-m7-tilibra/',24,825,'internal'),(210,'https://www.papelariablumenau.com/produto/agenda-2021-planner-magic-espiral-m7-tilibra/',24,825,'internal'),(211,'https://www.papelariablumenau.com/carrinho/?add-to-cart=825',24,21,'internal'),(212,'/wp-admin/post.php?post=24&#038;action=edit&#038;meta-box-loader=1&#038;meta-box-loader-nonce=fc3551fb94&#038;_locale=user&#038;remove_from_wishlist=798',24,0,'internal'),(213,'https://www.papelariablumenau.com/produto/bloco-de-notas-adesivas-preto-76mmx76mm-eagle/',24,798,'internal'),(214,'https://www.papelariablumenau.com/produto/bloco-de-notas-adesivas-preto-76mmx76mm-eagle/',24,798,'internal'),(215,'https://www.papelariablumenau.com/carrinho/?add-to-cart=798',24,21,'internal'),(216,'https://www.facebook.com/sharer.php?u=https%3A%2F%2Fwww.papelariablumenau.com%2Fwishlist%2Fview%2FJLFQ8M5XLMO1%2F&p[title]=Minha+lista+de+desejos+na+Papelaria+Blumenau',24,0,'external'),(217,'https://twitter.com/share?url=https%3A%2F%2Fwww.papelariablumenau.com%2Fwishlist%2Fview%2FJLFQ8M5XLMO1%2F&amp;text=',24,0,'external'),(218,'http://pinterest.com/pin/create/button/?url=https%3A%2F%2Fwww.papelariablumenau.com%2Fwishlist%2Fview%2FJLFQ8M5XLMO1%2F&amp;description=&amp;media=',24,0,'external'),(219,'mailto:?subject=Minha+lista+de+desejos+na+Papelaria+Blumenau&amp;body=https%3A%2F%2Fwww.papelariablumenau.com%2Fwishlist%2Fview%2FJLFQ8M5XLMO1%2F&amp;title=Minha+lista+de+desejos+na+Papelaria+Blumenau',24,0,'external');

--
-- Table structure for table `wp2__rank_math_internal_meta`
--

CREATE TABLE `wp2__rank_math_internal_meta` (
  `object_id` bigint(20) unsigned NOT NULL,
  `internal_link_count` int(10) unsigned DEFAULT '0',
  `external_link_count` int(10) unsigned DEFAULT '0',
  `incoming_link_count` int(10) unsigned DEFAULT '0',
  PRIMARY KEY (`object_id`)
) ENGINE=InnoDB DEFAULT CHARSET=utf8mb4 COLLATE=utf8mb4_unicode_ci;

--
-- Dumping data for table `wp2__rank_math_internal_meta`
--

INSERT INTO `wp2__rank_math_internal_meta` VALUES (1,0,0,0),(2,1,0,0),(3,0,0,0),(20,0,0,0),(21,0,0,2),(22,0,0,0),(23,0,0,0),(24,8,4,0),(34,0,0,0),(50,72,1,0),(52,0,0,3),(53,0,0,6),(54,0,0,4),(55,0,0,2),(61,0,0,0),(76,0,0,6),(95,15,0,0),(98,3,0,0),(102,6,0,0),(104,6,0,0),(107,0,0,0),(128,0,5,0),(135,0,0,0),(138,0,0,0),(145,0,0,0),(146,0,0,0),(164,0,0,0),(166,0,0,0),(168,0,0,0),(171,0,0,0),(307,0,0,0),(308,0,0,0),(309,0,0,0),(310,0,0,0),(311,0,0,0),(312,0,0,0),(313,0,0,0),(314,0,0,0),(315,0,0,0),(316,0,0,0),(317,0,0,0),(318,0,0,0),(319,0,0,0),(320,0,0,0),(321,0,0,0),(322,0,0,0),(323,0,0,0),(324,0,0,0),(325,0,0,0),(326,0,0,0),(327,0,0,0),(328,0,0,0),(329,0,0,0),(330,0,0,0),(331,0,0,0),(332,0,0,0),(402,0,0,0),(447,0,0,0),(466,0,0,0),(470,0,0,2),(471,0,0,0),(473,0,0,0),(478,0,0,0),(503,0,0,0),(507,0,0,0),(508,0,0,0),(510,0,0,0),(513,0,0,0),(527,0,0,0),(533,0,0,0),(534,0,0,0),(540,0,0,0),(542,0,0,0),(550,0,0,0),(571,0,0,0),(584,0,0,0),(592,0,0,0),(597,0,0,0),(598,0,0,0),(602,0,0,0),(606,0,0,3),(632,0,0,0),(642,0,0,0),(650,0,0,0),(664,0,0,0),(687,0,0,0),(698,0,0,0),(709,0,0,0),(710,0,0,0),(716,0,0,0),(726,0,0,0),(748,0,0,0),(754,0,0,0),(759,0,0,0),(767,0,0,0),(769,0,0,0),(777,0,0,0),(782,0,0,0),(788,0,0,0),(792,0,0,0),(796,0,0,0),(798,0,0,2),(799,0,0,0),(825,0,0,4),(837,0,0,0),(853,0,0,0),(882,0,0,0),(885,0,0,0),(888,0,0,0),(889,0,0,0),(891,0,0,0),(935,0,0,0),(940,0,0,0),(942,0,0,0),(975,0,0,0),(985,0,0,2),(990,0,0,0),(995,0,0,0),(1006,0,0,0),(1010,0,0,0),(1023,0,0,0),(1037,0,0,0),(1043,0,0,0),(1045,0,0,0),(1050,0,0,2),(1060,0,0,0),(1079,0,0,0),(1084,0,0,2),(1088,0,0,2),(1092,0,0,0),(1099,0,0,0),(1116,0,0,2),(1118,0,0,2),(1120,0,0,2),(1124,0,0,0),(1136,0,0,0),(1143,0,0,2),(1170,0,0,0),(1174,0,0,0),(1183,0,0,0),(1186,0,0,0),(1191,0,0,0),(1203,0,0,2),(1207,0,0,2),(1211,0,0,2),(1216,0,0,2),(1218,0,0,2),(1222,0,0,0),(1261,0,0,2),(1265,0,0,2),(1268,0,0,2),(1271,0,0,2),(1276,0,0,2),(1279,0,0,2),(1287,0,0,0),(1294,0,0,0),(1301,0,0,2),(1305,0,0,0),(1307,0,0,0),(1313,0,0,0),(1320,0,0,0),(1324,0,0,0),(1326,0,0,0),(1327,0,0,0),(1330,0,0,0),(1333,0,0,0),(1336,0,0,0),(1339,0,0,0),(1341,0,0,0),(1343,0,0,0),(1346,0,0,0),(1398,0,0,0),(1400,0,0,0),(1413,0,0,0),(1420,0,0,0),(1428,0,0,0),(1438,0,0,0),(1442,0,0,0);

--
-- Table structure for table `wp2__rank_math_redirections`
--

CREATE TABLE `wp2__rank_math_redirections` (
  `id` bigint(20) unsigned NOT NULL AUTO_INCREMENT,
  `sources` text CHARACTER SET utf8mb4 COLLATE utf8mb4_bin NOT NULL,
  `url_to` text COLLATE utf8mb4_unicode_ci NOT NULL,
  `header_code` smallint(4) unsigned NOT NULL,
  `hits` bigint(20) unsigned NOT NULL DEFAULT '0',
  `status` varchar(25) COLLATE utf8mb4_unicode_ci NOT NULL DEFAULT 'active',
  `created` datetime NOT NULL DEFAULT '0000-00-00 00:00:00',
  `updated` datetime NOT NULL DEFAULT '0000-00-00 00:00:00',
  `last_accessed` datetime NOT NULL DEFAULT '0000-00-00 00:00:00',
  PRIMARY KEY (`id`),
  KEY `status` (`status`)
) ENGINE=InnoDB DEFAULT CHARSET=utf8mb4 COLLATE=utf8mb4_unicode_ci;

--
-- Dumping data for table `wp2__rank_math_redirections`
--


--
-- Table structure for table `wp2__rank_math_redirections_cache`
--

CREATE TABLE `wp2__rank_math_redirections_cache` (
  `id` bigint(20) unsigned NOT NULL AUTO_INCREMENT,
  `from_url` text CHARACTER SET utf8mb4 COLLATE utf8mb4_bin NOT NULL,
  `redirection_id` bigint(20) unsigned NOT NULL,
  `object_id` bigint(20) unsigned NOT NULL DEFAULT '0',
  `object_type` varchar(10) COLLATE utf8mb4_unicode_ci NOT NULL DEFAULT 'post',
  `is_redirected` tinyint(1) NOT NULL DEFAULT '0',
  PRIMARY KEY (`id`),
  KEY `redirection_id` (`redirection_id`)
) ENGINE=InnoDB DEFAULT CHARSET=utf8mb4 COLLATE=utf8mb4_unicode_ci;

--
-- Dumping data for table `wp2__rank_math_redirections_cache`
--


--
-- Table structure for table `wp2__rank_math_sc_analytics`
--

CREATE TABLE `wp2__rank_math_sc_analytics` (
  `id` bigint(20) unsigned NOT NULL AUTO_INCREMENT,
  `date` datetime NOT NULL,
  `property` text COLLATE utf8mb4_unicode_ci NOT NULL,
  `clicks` mediumint(6) NOT NULL,
  `impressions` mediumint(6) NOT NULL,
  `position` double NOT NULL,
  `ctr` double NOT NULL,
  `dimension` varchar(25) COLLATE utf8mb4_unicode_ci NOT NULL,
  PRIMARY KEY (`id`),
  KEY `property` (`property`(191))
) ENGINE=InnoDB DEFAULT CHARSET=utf8mb4 COLLATE=utf8mb4_unicode_ci;

--
-- Dumping data for table `wp2__rank_math_sc_analytics`
--


--
-- Table structure for table `wp2__rg_form`
--

CREATE TABLE `wp2__rg_form` (
  `id` mediumint(8) unsigned NOT NULL AUTO_INCREMENT,
  `title` varchar(150) COLLATE utf8mb4_unicode_ci NOT NULL,
  `date_created` datetime NOT NULL,
  `is_active` tinyint(1) NOT NULL DEFAULT '1',
  `is_trash` tinyint(1) NOT NULL DEFAULT '0',
  PRIMARY KEY (`id`)
) ENGINE=InnoDB DEFAULT CHARSET=utf8mb4 COLLATE=utf8mb4_unicode_ci;

--
-- Dumping data for table `wp2__rg_form`
--


--
-- Table structure for table `wp2__rg_form_meta`
--

CREATE TABLE `wp2__rg_form_meta` (
  `form_id` mediumint(8) unsigned NOT NULL,
  `display_meta` longtext COLLATE utf8mb4_unicode_ci,
  `entries_grid_meta` longtext COLLATE utf8mb4_unicode_ci,
  `confirmations` longtext COLLATE utf8mb4_unicode_ci,
  `notifications` longtext COLLATE utf8mb4_unicode_ci,
  PRIMARY KEY (`form_id`)
) ENGINE=InnoDB DEFAULT CHARSET=utf8mb4 COLLATE=utf8mb4_unicode_ci;

--
-- Dumping data for table `wp2__rg_form_meta`
--


--
-- Table structure for table `wp2__rg_form_view`
--

CREATE TABLE `wp2__rg_form_view` (
  `id` bigint(20) unsigned NOT NULL AUTO_INCREMENT,
  `form_id` mediumint(8) unsigned NOT NULL,
  `date_created` datetime NOT NULL,
  `ip` char(15) COLLATE utf8mb4_unicode_ci DEFAULT NULL,
  `count` mediumint(8) unsigned NOT NULL DEFAULT '1',
  PRIMARY KEY (`id`),
  KEY `date_created` (`date_created`),
  KEY `form_id` (`form_id`)
) ENGINE=InnoDB DEFAULT CHARSET=utf8mb4 COLLATE=utf8mb4_unicode_ci;

--
-- Dumping data for table `wp2__rg_form_view`
--


--
-- Table structure for table `wp2__rg_incomplete_submissions`
--

CREATE TABLE `wp2__rg_incomplete_submissions` (
  `uuid` char(32) COLLATE utf8mb4_unicode_ci NOT NULL,
  `email` varchar(255) COLLATE utf8mb4_unicode_ci DEFAULT NULL,
  `form_id` mediumint(8) unsigned NOT NULL,
  `date_created` datetime NOT NULL,
  `ip` varchar(39) COLLATE utf8mb4_unicode_ci NOT NULL,
  `source_url` longtext COLLATE utf8mb4_unicode_ci NOT NULL,
  `submission` longtext COLLATE utf8mb4_unicode_ci NOT NULL,
  PRIMARY KEY (`uuid`),
  KEY `form_id` (`form_id`)
) ENGINE=InnoDB DEFAULT CHARSET=utf8mb4 COLLATE=utf8mb4_unicode_ci;

--
-- Dumping data for table `wp2__rg_incomplete_submissions`
--


--
-- Table structure for table `wp2__rg_lead`
--

CREATE TABLE `wp2__rg_lead` (
  `id` int(10) unsigned NOT NULL AUTO_INCREMENT,
  `form_id` mediumint(8) unsigned NOT NULL,
  `post_id` bigint(20) unsigned DEFAULT NULL,
  `date_created` datetime NOT NULL,
  `is_starred` tinyint(1) NOT NULL DEFAULT '0',
  `is_read` tinyint(1) NOT NULL DEFAULT '0',
  `ip` varchar(39) COLLATE utf8mb4_unicode_ci NOT NULL,
  `source_url` varchar(200) COLLATE utf8mb4_unicode_ci NOT NULL DEFAULT '',
  `user_agent` varchar(250) COLLATE utf8mb4_unicode_ci NOT NULL DEFAULT '',
  `currency` varchar(5) COLLATE utf8mb4_unicode_ci DEFAULT NULL,
  `payment_status` varchar(15) COLLATE utf8mb4_unicode_ci DEFAULT NULL,
  `payment_date` datetime DEFAULT NULL,
  `payment_amount` decimal(19,2) DEFAULT NULL,
  `payment_method` varchar(30) COLLATE utf8mb4_unicode_ci DEFAULT NULL,
  `transaction_id` varchar(50) COLLATE utf8mb4_unicode_ci DEFAULT NULL,
  `is_fulfilled` tinyint(1) DEFAULT NULL,
  `created_by` bigint(20) unsigned DEFAULT NULL,
  `transaction_type` tinyint(1) DEFAULT NULL,
  `status` varchar(20) COLLATE utf8mb4_unicode_ci NOT NULL DEFAULT 'active',
  PRIMARY KEY (`id`),
  KEY `form_id` (`form_id`),
  KEY `status` (`status`)
) ENGINE=InnoDB DEFAULT CHARSET=utf8mb4 COLLATE=utf8mb4_unicode_ci;

--
-- Dumping data for table `wp2__rg_lead`
--


--
-- Table structure for table `wp2__rg_lead_detail`
--

CREATE TABLE `wp2__rg_lead_detail` (
  `id` bigint(20) unsigned NOT NULL AUTO_INCREMENT,
  `lead_id` int(10) unsigned NOT NULL,
  `form_id` mediumint(8) unsigned NOT NULL,
  `field_number` float NOT NULL,
  `value` longtext COLLATE utf8mb4_unicode_ci,
  PRIMARY KEY (`id`),
  KEY `form_id` (`form_id`),
  KEY `lead_id` (`lead_id`),
  KEY `lead_field_number` (`lead_id`,`field_number`),
  KEY `lead_field_value` (`value`(191))
) ENGINE=InnoDB DEFAULT CHARSET=utf8mb4 COLLATE=utf8mb4_unicode_ci;

--
-- Dumping data for table `wp2__rg_lead_detail`
--


--
-- Table structure for table `wp2__rg_lead_detail_long`
--

CREATE TABLE `wp2__rg_lead_detail_long` (
  `lead_detail_id` bigint(20) unsigned NOT NULL,
  `value` longtext COLLATE utf8mb4_unicode_ci,
  PRIMARY KEY (`lead_detail_id`)
) ENGINE=InnoDB DEFAULT CHARSET=utf8mb4 COLLATE=utf8mb4_unicode_ci;

--
-- Dumping data for table `wp2__rg_lead_detail_long`
--


--
-- Table structure for table `wp2__rg_lead_meta`
--

CREATE TABLE `wp2__rg_lead_meta` (
  `id` bigint(20) unsigned NOT NULL AUTO_INCREMENT,
  `form_id` mediumint(8) unsigned NOT NULL DEFAULT '0',
  `lead_id` bigint(20) unsigned NOT NULL,
  `meta_key` varchar(255) COLLATE utf8mb4_unicode_ci DEFAULT NULL,
  `meta_value` longtext COLLATE utf8mb4_unicode_ci,
  PRIMARY KEY (`id`),
  KEY `meta_key` (`meta_key`(191)),
  KEY `lead_id` (`lead_id`),
  KEY `form_id_meta_key` (`form_id`,`meta_key`(191))
) ENGINE=InnoDB DEFAULT CHARSET=utf8mb4 COLLATE=utf8mb4_unicode_ci;

--
-- Dumping data for table `wp2__rg_lead_meta`
--


--
-- Table structure for table `wp2__rg_lead_notes`
--

CREATE TABLE `wp2__rg_lead_notes` (
  `id` int(10) unsigned NOT NULL AUTO_INCREMENT,
  `lead_id` int(10) unsigned NOT NULL,
  `user_name` varchar(250) COLLATE utf8mb4_unicode_ci DEFAULT NULL,
  `user_id` bigint(20) DEFAULT NULL,
  `date_created` datetime NOT NULL,
  `value` longtext COLLATE utf8mb4_unicode_ci,
  `note_type` varchar(50) COLLATE utf8mb4_unicode_ci DEFAULT NULL,
  PRIMARY KEY (`id`),
  KEY `lead_id` (`lead_id`),
  KEY `lead_user_key` (`lead_id`,`user_id`)
) ENGINE=InnoDB DEFAULT CHARSET=utf8mb4 COLLATE=utf8mb4_unicode_ci;

--
-- Dumping data for table `wp2__rg_lead_notes`
--


--
-- Table structure for table `wp2__term_relationships`
--

CREATE TABLE `wp2__term_relationships` (
  `object_id` bigint(20) unsigned NOT NULL DEFAULT '0',
  `term_taxonomy_id` bigint(20) unsigned NOT NULL DEFAULT '0',
  `term_order` int(11) NOT NULL DEFAULT '0',
  PRIMARY KEY (`object_id`,`term_taxonomy_id`),
  KEY `term_taxonomy_id` (`term_taxonomy_id`)
) ENGINE=InnoDB DEFAULT CHARSET=utf8mb4 COLLATE=utf8mb4_unicode_ci;

--
-- Dumping data for table `wp2__term_relationships`
--

INSERT INTO `wp2__term_relationships` VALUES (1,1,0),(155,16,0),(156,16,0),(157,16,0),(158,16,0),(159,16,0),(160,16,0),(161,16,0),(162,16,0),(175,16,0),(176,16,0),(255,16,0),(256,16,0),(278,69,0),(281,71,0),(282,71,0),(283,71,0),(284,71,0),(285,71,0),(447,2,0),(447,58,0),(447,77,0),(447,78,0),(447,79,0),(447,80,0),(447,81,0),(447,82,0),(447,83,0),(447,84,0),(447,85,0),(447,86,0),(447,87,0),(447,88,0),(447,112,0),(470,2,0),(470,25,0),(470,27,0),(470,28,0),(470,37,0),(470,98,0),(470,99,0),(470,100,0),(470,101,0),(470,102,0),(470,103,0),(470,104,0),(470,105,0),(471,2,0),(471,18,0),(471,61,0),(471,106,0),(471,107,0),(471,108,0),(471,109,0),(471,110,0),(471,111,0),(473,2,0),(473,18,0),(473,61,0),(473,108,0),(473,112,0),(473,113,0),(473,114,0),(473,115,0),(473,116,0),(473,117,0),(473,502,0),(473,503,0),(478,4,0),(478,26,0),(478,27,0),(478,33,0),(478,41,0),(478,123,0),(478,124,0),(478,125,0),(478,126,0),(478,127,0),(478,128,0),(478,129,0),(478,130,0),(478,131,0),(478,132,0),(478,133,0),(478,134,0),(478,135,0),(478,136,0),(478,137,0),(478,138,0),(478,139,0),(478,140,0),(478,141,0),(478,142,0),(478,143,0),(479,33,0),(479,128,0),(488,33,0),(488,125,0),(489,33,0),(489,124,0),(490,33,0),(490,126,0),(491,33,0),(491,130,0),(492,33,0),(492,131,0),(493,33,0),(493,129,0),(494,33,0),(494,127,0),(495,123,0),(495,128,0),(496,123,0),(496,125,0),(497,123,0),(497,124,0),(498,123,0),(498,126,0),(499,123,0),(499,130,0),(500,123,0),(500,131,0),(501,123,0),(501,129,0),(502,123,0),(502,127,0),(503,2,0),(503,9,0),(503,28,0),(503,58,0),(503,77,0),(503,83,0),(503,85,0),(503,112,0),(503,144,0),(503,145,0),(503,146,0),(503,147,0),(503,148,0),(503,149,0),(507,2,0),(507,18,0),(507,27,0),(507,150,0),(507,151,0),(507,152,0),(507,153,0),(507,154,0),(507,155,0),(507,156,0),(508,2,0),(508,27,0),(508,28,0),(508,39,0),(508,157,0),(508,158,0),(508,159,0),(508,160,0),(508,161,0),(508,162,0),(508,163,0),(508,164,0),(508,165,0),(508,166,0),(508,167,0),(508,168,0),(508,169,0),(508,170,0),(508,171,0),(508,172,0),(508,173,0),(508,174,0),(510,2,0),(510,18,0),(510,175,0),(510,176,0),(510,177,0),(510,178,0),(510,179,0),(510,180,0),(510,181,0),(510,182,0),(510,183,0),(513,4,0),(513,18,0),(513,175,0),(513,176,0),(513,177,0),(513,178,0),(513,184,0),(513,185,0),(513,186,0),(513,187,0),(513,188,0),(513,189,0),(513,190,0),(513,191,0),(513,192,0),(513,193,0),(516,187,0),(520,184,0),(521,186,0),(523,185,0),(525,188,0),(527,4,0),(527,18,0),(527,61,0),(527,110,0),(527,185,0),(527,194,0),(527,195,0),(527,196,0),(527,197,0),(527,198,0),(527,245,0),(527,267,0),(527,268,0),(528,267,0),(531,185,0),(533,2,0),(533,9,0),(533,25,0),(533,27,0),(533,28,0),(533,39,0),(533,199,0),(533,200,0),(533,201,0),(533,202,0),(533,203,0),(533,204,0),(533,205,0),(540,2,0),(540,17,0),(540,25,0),(540,27,0),(540,28,0),(540,39,0),(540,199,0),(540,204,0),(540,206,0),(540,207,0),(540,208,0),(540,209,0),(540,210,0),(540,211,0),(542,2,0),(542,18,0),(542,212,0),(542,213,0),(542,214,0),(542,215,0),(542,216,0),(542,217,0),(542,218,0),(542,219,0),(550,4,0),(550,17,0),(550,27,0),(550,29,0),(550,30,0),(550,31,0),(550,32,0),(550,40,0),(550,220,0),(550,221,0),(550,222,0),(550,223,0),(550,224,0),(550,225,0),(551,32,0),(554,31,0),(558,30,0),(571,2,0),(571,17,0),(571,18,0),(571,50,0),(571,62,0),(571,89,0),(571,226,0),(571,227,0),(571,228,0),(571,230,0),(571,231,0),(571,232,0),(571,233,0),(584,2,0),(584,17,0),(584,18,0),(584,50,0),(584,62,0),(584,89,0),(584,226,0),(584,227,0),(584,228,0),(584,229,0),(584,230,0),(584,231,0),(584,233,0),(592,2,0),(592,17,0),(592,18,0),(592,50,0),(592,62,0),(592,89,0),(592,226,0),(592,227,0),(592,228,0),(592,229,0),(592,230,0),(592,231,0),(592,233,0),(592,234,0),(597,4,0),(597,18,0),(597,27,0),(597,50,0),(597,60,0),(597,62,0),(597,65,0),(597,91,0),(597,92,0),(597,122,0),(597,185,0),(597,235,0),(597,236,0),(597,237,0),(597,252,0),(597,253,0),(598,2,0),(598,17,0),(598,29,0),(598,57,0),(598,132,0),(598,238,0),(598,239,0),(598,240,0),(598,241,0),(598,242,0),(598,243,0),(598,244,0),(598,245,0),(602,2,0),(602,17,0),(602,27,0),(602,29,0),(602,57,0),(602,239,0),(602,245,0),(602,246,0),(602,247,0),(602,248,0),(602,249,0),(602,250,0),(602,251,0),(606,4,0),(606,17,0),(606,18,0),(606,61,0),(606,65,0),(606,106,0),(606,113,0),(606,120,0),(606,245,0),(606,267,0),(606,384,0),(606,385,0),(606,386,0),(606,387,0),(606,388,0),(610,122,0),(612,65,0),(613,185,0),(616,253,0),(617,252,0),(632,4,0),(632,18,0),(632,50,0),(632,60,0),(632,62,0),(632,90,0),(632,94,0),(632,118,0),(632,119,0),(632,236,0),(632,237,0),(632,254,0),(632,255,0),(632,256,0),(632,257,0),(632,258,0),(632,259,0),(632,260,0),(637,118,0),(639,119,0),(642,4,0),(642,18,0),(642,50,0),(642,60,0),(642,62,0),(642,94,0),(642,96,0),(642,97,0),(642,118,0),(642,119,0),(642,237,0),(642,255,0),(642,261,0),(642,262,0),(642,263,0),(642,264,0),(642,265,0),(642,266,0),(643,119,0),(645,118,0),(650,4,0),(650,15,0),(650,25,0),(650,27,0),(650,28,0),(650,37,0),(650,98,0),(650,99,0),(650,100,0),(650,101,0),(650,269,0),(650,270,0),(650,271,0),(650,272,0),(650,273,0),(650,274,0),(650,275,0),(650,276,0),(650,277,0),(650,278,0),(650,279,0),(650,280,0),(650,281,0),(650,282,0),(651,269,0),(653,270,0),(656,271,0),(658,273,0),(660,272,0),(662,274,0),(664,2,0),(664,18,0),(664,27,0),(664,50,0),(664,60,0),(664,62,0),(664,237,0),(664,283,0),(664,284,0),(664,285,0),(664,286,0),(664,287,0),(664,288,0),(664,289,0),(664,290,0),(673,280,0),(675,281,0),(676,282,0),(677,279,0),(687,4,0),(687,18,0),(687,50,0),(687,60,0),(687,62,0),(687,90,0),(687,94,0),(687,96,0),(687,97,0),(687,118,0),(687,119,0),(687,237,0),(687,261,0),(687,262,0),(687,291,0),(687,292,0),(687,293,0),(688,119,0),(691,118,0),(698,4,0),(698,17,0),(698,18,0),(698,26,0),(698,294,0),(698,295,0),(698,296,0),(698,297,0),(698,298,0),(698,299,0),(698,300,0),(698,301,0),(698,302,0),(701,294,0),(702,295,0),(703,296,0),(707,297,0),(709,4,0),(709,28,0),(709,38,0),(709,65,0),(709,66,0),(709,88,0),(709,112,0),(709,490,0),(709,491,0),(709,492,0),(709,493,0),(709,494,0),(710,4,0),(710,18,0),(710,26,0),(710,28,0),(710,38,0),(710,74,0),(710,303,0),(712,303,0),(714,74,0),(726,2,0),(726,17,0),(726,25,0),(726,27,0),(726,28,0),(726,37,0),(726,99,0),(726,100,0),(726,306,0),(726,307,0),(726,308,0),(726,309,0),(726,310,0),(726,311,0),(726,312,0),(726,313,0),(726,314,0),(748,2,0),(748,9,0),(748,25,0),(748,27,0),(748,28,0),(748,37,0),(748,315,0),(748,316,0),(748,317,0),(748,318,0),(748,319,0),(748,320,0),(754,2,0),(754,9,0),(754,17,0),(754,25,0),(754,27,0),(754,28,0),(754,39,0),(754,200,0),(754,321,0),(754,322,0),(754,323,0),(754,324,0),(754,325,0),(754,326,0),(754,327,0),(754,328,0),(759,4,0),(759,17,0),(759,18,0),(759,26,0),(759,329,0),(759,330,0),(759,331,0),(759,332,0),(759,333,0),(759,334,0),(763,330,0),(764,329,0),(767,2,0),(767,28,0),(767,58,0),(767,85,0),(767,87,0),(767,112,0),(767,478,0),(767,479,0),(767,480,0),(767,481,0),(767,482,0),(767,483,0),(769,2,0),(769,17,0),(769,26,0),(769,27,0),(769,29,0),(769,57,0),(769,335,0),(769,336,0),(769,337,0),(769,338,0),(769,339,0),(769,340,0),(769,341,0),(769,342,0),(777,2,0),(777,26,0),(777,27,0),(777,29,0),(777,57,0),(777,343,0),(777,344,0),(777,345,0),(777,346,0),(777,347,0),(777,348,0),(782,2,0),(782,18,0),(782,26,0),(782,61,0),(782,349,0),(782,350,0),(782,351,0),(782,352,0),(788,2,0),(788,18,0),(788,26,0),(788,27,0),(788,61,0),(788,351,0),(788,353,0),(788,354,0),(788,355,0),(792,2,0),(792,17,0),(792,18,0),(792,26,0),(792,61,0),(792,107,0),(792,351,0),(792,356,0),(792,357,0),(792,358,0),(792,359,0),(796,2,0),(796,17,0),(796,18,0),(796,175,0),(796,176,0),(796,177,0),(796,360,0),(796,361,0),(796,362,0),(798,2,0),(798,18,0),(798,27,0),(798,175,0),(798,360,0),(798,362,0),(798,363,0),(798,364,0),(799,2,0),(799,18,0),(799,27,0),(799,175,0),(799,177,0),(799,360,0),(799,362,0),(799,363,0),(799,365,0),(799,366,0),(799,367,0),(825,2,0),(825,9,0),(825,17,0),(825,18,0),(825,26,0),(825,368,0),(825,369,0),(825,370,0),(825,371,0),(825,372,0),(825,373,0),(825,374,0),(825,375,0),(825,376,0),(825,377,0),(825,389,0),(837,2,0),(837,18,0),(837,26,0),(837,378,0),(837,379,0),(837,380,0),(837,381,0),(837,382,0),(837,383,0),(837,389,0),(853,4,0),(853,9,0),(853,18,0),(853,26,0),(853,65,0),(853,74,0),(853,373,0),(853,389,0),(853,390,0),(853,391,0),(853,392,0),(853,393,0),(853,394,0),(853,395,0),(858,9,0),(858,65,0),(860,9,0),(860,74,0),(862,65,0),(863,120,0),(864,267,0),(870,16,0),(871,16,0),(872,16,0),(873,16,0),(874,16,0),(875,16,0),(876,16,0),(882,2,0),(882,28,0),(882,37,0),(882,112,0),(882,316,0),(882,396,0),(882,397,0),(882,398,0),(882,399,0),(882,400,0),(882,401,0),(885,2,0),(885,18,0),(885,26,0),(885,389,0),(885,395,0),(885,402,0),(885,403,0),(885,404,0),(885,405,0),(885,406,0),(888,2,0),(888,9,0),(888,18,0),(888,26,0),(888,389,0),(888,395,0),(888,407,0),(888,408,0),(888,409,0),(888,410,0),(888,415,0),(888,417,0),(889,4,0),(889,9,0),(889,15,0),(889,18,0),(889,26,0),(889,65,0),(889,74,0),(889,378,0),(889,389,0),(889,394,0),(889,395,0),(889,414,0),(889,415,0),(889,416,0),(891,4,0),(891,9,0),(891,29,0),(891,30,0),(891,31,0),(891,32,0),(891,40,0),(891,220,0),(891,411,0),(891,412,0),(891,413,0),(891,508,0),(894,9,0),(894,32,0),(895,9,0),(895,31,0),(898,9,0),(898,30,0),(920,9,0),(920,74,0),(921,9,0),(921,65,0),(935,2,0),(935,26,0),(935,29,0),(935,57,0),(935,335,0),(935,418,0),(935,419,0),(935,420,0),(935,421,0),(935,422,0),(935,423,0),(940,2,0),(940,15,0),(940,26,0),(940,29,0),(940,57,0),(940,343,0),(940,344,0),(940,346,0),(940,347,0),(940,424,0),(940,425,0),(940,426,0),(940,427,0),(940,428,0),(942,2,0),(942,27,0),(942,28,0),(942,58,0),(942,63,0),(942,83,0),(942,429,0),(942,430,0),(942,431,0),(942,432,0),(942,433,0),(942,434,0),(975,2,0),(975,27,0),(975,28,0),(975,37,0),(975,101,0),(975,437,0),(975,438,0),(975,439,0),(975,440,0),(975,441,0),(985,2,0),(985,27,0),(985,28,0),(985,37,0),(985,101,0),(985,437,0),(985,442,0),(985,443,0),(985,444,0),(985,445,0),(985,446,0),(990,2,0),(990,26,0),(990,29,0),(990,41,0),(990,447,0),(990,448,0),(990,449,0),(990,450,0),(990,451,0),(995,4,0),(995,26,0),(995,29,0),(995,41,0),(995,447,0),(995,452,0),(995,453,0),(995,456,0),(995,457,0),(995,458,0),(995,459,0),(1000,452,0),(1001,453,0),(1006,4,0),(1006,26,0),(1006,29,0),(1006,41,0),(1006,447,0),(1006,454,0),(1006,455,0),(1006,458,0),(1006,460,0),(1006,461,0),(1006,462,0),(1007,454,0),(1008,455,0),(1010,4,0),(1010,26,0),(1010,29,0),(1010,41,0),(1010,447,0),(1010,463,0),(1010,464,0),(1010,465,0),(1010,466,0),(1010,467,0),(1010,468,0),(1010,469,0),(1010,470,0),(1010,471,0),(1016,465,0),(1017,466,0),(1018,463,0),(1019,464,0),(1023,4,0),(1023,28,0),(1023,38,0),(1023,88,0),(1023,112,0),(1023,121,0),(1023,184,0),(1023,185,0),(1023,202,0),(1023,303,0),(1023,472,0),(1023,473,0),(1023,474,0),(1023,475,0),(1023,476,0),(1023,477,0),(1028,121,0),(1029,303,0),(1030,185,0),(1031,184,0),(1050,2,0),(1050,9,0),(1050,17,0),(1050,28,0),(1050,38,0),(1050,484,0),(1050,485,0),(1050,486,0),(1050,487,0),(1050,488,0),(1050,489,0),(1077,66,0),(1078,65,0),(1079,2,0),(1079,28,0),(1079,38,0),(1079,88,0),(1079,112,0),(1079,202,0),(1079,492,0),(1079,495,0),(1079,496,0),(1084,2,0),(1084,18,0),(1084,27,0),(1084,61,0),(1084,108,0),(1084,112,0),(1084,116,0),(1084,497,0),(1084,498,0),(1084,499,0),(1084,500,0),(1084,501,0),(1088,2,0),(1088,9,0),(1088,27,0),(1088,29,0),(1088,40,0),(1088,220,0),(1088,504,0),(1088,505,0),(1088,506,0),(1088,507,0),(1088,508,0),(1092,4,0),(1092,29,0),(1092,31,0),(1092,32,0),(1092,40,0),(1092,220,0),(1092,508,0),(1092,509,0),(1092,510,0),(1093,9,0),(1093,32,0),(1094,31,0),(1099,4,0),(1099,26,0),(1099,29,0),(1099,41,0),(1099,132,0),(1099,136,0),(1099,447,0),(1099,511,0),(1099,512,0),(1099,513,0),(1099,514,0),(1099,515,0),(1099,516,0),(1099,517,0),(1099,518,0),(1099,519,0),(1099,520,0),(1104,511,0),(1105,514,0),(1106,512,0),(1107,513,0),(1116,2,0),(1116,27,0),(1116,28,0),(1116,58,0),(1116,83,0),(1116,521,0),(1116,522,0),(1116,528,0),(1116,529,0),(1116,532,0),(1116,536,0),(1116,537,0),(1116,538,0),(1116,539,0),(1118,2,0),(1118,27,0),(1118,28,0),(1118,58,0),(1118,83,0),(1118,521,0),(1118,522,0),(1118,523,0),(1118,524,0),(1118,525,0),(1118,526,0),(1118,527,0),(1118,528,0),(1118,529,0),(1120,2,0),(1120,27,0),(1120,28,0),(1120,58,0),(1120,433,0),(1120,521,0),(1120,529,0),(1120,530,0),(1120,531,0),(1120,532,0),(1120,533,0),(1120,534,0),(1120,535,0),(1120,540,0),(1120,541,0),(1124,2,0),(1124,28,0),(1124,37,0),(1124,98,0),(1124,442,0),(1124,521,0),(1124,542,0),(1124,543,0),(1124,544,0),(1124,545,0),(1124,546,0),(1124,547,0),(1124,548,0),(1136,2,0),(1136,28,0),(1136,58,0),(1136,521,0),(1143,2,0),(1143,27,0),(1143,28,0),(1143,58,0),(1143,83,0),(1143,521,0),(1143,522,0),(1143,525,0),(1143,549,0),(1143,550,0),(1143,551,0),(1143,552,0),(1143,553,0),(1143,554,0),(1174,2,0),(1174,28,0),(1174,58,0),(1174,112,0),(1174,144,0),(1174,555,0),(1174,556,0),(1174,557,0),(1183,2,0),(1183,28,0),(1183,38,0),(1183,475,0),(1183,558,0),(1183,559,0),(1183,560,0),(1183,561,0),(1183,562,0),(1186,4,0),(1186,9,0),(1186,28,0),(1186,38,0),(1191,2,0),(1191,28,0),(1191,58,0),(1191,83,0),(1191,112,0),(1191,522,0),(1191,541,0),(1191,563,0),(1191,564,0),(1191,565,0),(1191,566,0),(1191,567,0),(1191,568,0),(1191,569,0),(1191,570,0),(1198,69,0),(1203,2,0),(1203,17,0),(1203,18,0),(1203,212,0),(1203,571,0),(1203,572,0),(1203,573,0),(1203,574,0),(1203,575,0),(1207,2,0),(1207,9,0),(1207,17,0),(1207,18,0),(1207,212,0),(1207,571,0),(1207,572,0),(1207,576,0),(1207,577,0),(1207,578,0),(1211,2,0),(1211,17,0),(1211,18,0),(1211,212,0),(1211,571,0),(1211,572,0),(1211,579,0),(1211,580,0),(1211,581,0),(1216,2,0),(1216,17,0),(1216,18,0),(1216,212,0),(1216,582,0),(1216,583,0),(1216,584,0),(1216,585,0),(1216,586,0),(1216,587,0),(1216,588,0),(1218,2,0),(1218,17,0),(1218,18,0),(1218,212,0),(1218,584,0),(1218,585,0),(1218,589,0),(1218,590,0),(1218,591,0),(1218,592,0),(1218,593,0),(1222,2,0),(1222,18,0),(1222,27,0),(1261,2,0),(1261,17,0),(1261,28,0),(1261,37,0),(1261,63,0),(1261,98,0),(1261,587,0),(1261,594,0),(1261,595,0),(1261,596,0),(1261,597,0),(1261,598,0),(1261,599,0),(1261,600,0),(1265,2,0),(1265,17,0),(1265,28,0),(1265,37,0),(1265,63,0),(1265,98,0),(1265,442,0),(1265,595,0),(1265,596,0),(1265,601,0),(1265,602,0),(1265,603,0),(1265,604,0),(1265,605,0),(1268,2,0),(1268,17,0),(1268,28,0),(1268,38,0),(1268,63,0),(1268,606,0),(1268,607,0),(1268,608,0),(1268,609,0),(1268,610,0),(1268,611,0),(1268,612,0),(1268,613,0),(1271,2,0),(1271,17,0),(1271,29,0),(1271,41,0),(1271,614,0),(1271,615,0),(1271,616,0),(1271,617,0),(1271,618,0),(1271,619,0),(1271,620,0),(1271,621,0),(1271,622,0),(1271,623,0),(1271,624,0),(1271,625,0),(1276,2,0),(1276,9,0),(1276,17,0),(1276,29,0),(1276,41,0),(1276,614,0),(1276,615,0),(1276,616,0),(1276,619,0),(1276,620,0),(1276,622,0),(1276,623,0),(1276,624,0),(1276,625,0),(1276,626,0),(1276,627,0),(1279,2,0),(1279,17,0),(1279,29,0),(1279,41,0),(1279,614,0),(1279,616,0),(1279,619,0),(1279,620,0),(1279,623,0),(1279,625,0),(1279,628,0),(1279,629,0),(1279,630,0),(1279,631,0),(1279,632,0),(1287,2,0),(1287,28,0),(1287,38,0),(1287,485,0),(1287,487,0),(1287,633,0),(1301,2,0),(1301,17,0),(1301,29,0),(1301,57,0),(1301,238,0),(1301,336,0),(1301,343,0),(1301,636,0),(1301,637,0),(1301,638,0),(1301,639,0),(1301,640,0),(1301,641,0),(1307,2,0),(1307,18,0),(1307,50,0),(1307,62,0),(1307,642,0),(1307,643,0),(1307,644,0),(1307,645,0),(1320,2,0),(1320,29,0),(1320,41,0),(1320,636,0),(1320,639,0),(1320,648,0),(1320,649,0),(1320,650,0),(1339,2,0),(1339,18,0),(1339,663,0),(1339,664,0),(1400,2,0),(1400,17,0),(1400,18,0),(1400,26,0),(1400,370,0),(1400,389,0),(1400,408,0),(1400,671,0),(1400,672,0),(1400,673,0),(1400,674,0),(1400,675,0),(1400,676,0),(1400,677,0),(1413,2,0),(1413,9,0),(1413,17,0),(1413,26,0),(1413,29,0),(1413,41,0),(1413,620,0),(1413,687,0),(1413,688,0),(1413,689,0),(1413,690,0),(1420,2,0),(1420,17,0),(1420,28,0),(1420,678,0),(1420,679,0),(1420,680,0),(1420,681,0),(1420,682,0),(1420,683,0),(1420,684,0),(1420,685,0),(1420,686,0),(1428,2,0),(1428,17,0),(1428,18,0),(1428,370,0),(1428,389,0),(1428,408,0),(1428,671,0),(1428,673,0),(1428,691,0),(1428,692,0),(1428,693,0),(1428,694,0),(1438,2,0),(1438,26,0),(1438,29,0),(1438,41,0),(1438,132,0),(1438,343,0),(1438,347,0),(1438,447,0),(1438,695,0),(1442,2,0),(1442,28,0),(1442,112,0),(1442,681,0),(1442,696,0),(1442,697,0),(1442,698,0);

--
-- Table structure for table `wp2__term_taxonomy`
--

CREATE TABLE `wp2__term_taxonomy` (
  `term_taxonomy_id` bigint(20) unsigned NOT NULL AUTO_INCREMENT,
  `term_id` bigint(20) unsigned NOT NULL DEFAULT '0',
  `taxonomy` varchar(32) COLLATE utf8mb4_unicode_ci NOT NULL DEFAULT '',
  `description` longtext COLLATE utf8mb4_unicode_ci NOT NULL,
  `parent` bigint(20) unsigned NOT NULL DEFAULT '0',
  `count` bigint(20) NOT NULL DEFAULT '0',
  PRIMARY KEY (`term_taxonomy_id`),
  UNIQUE KEY `term_id_taxonomy` (`term_id`,`taxonomy`),
  KEY `taxonomy` (`taxonomy`)
) ENGINE=InnoDB AUTO_INCREMENT=699 DEFAULT CHARSET=utf8mb4 COLLATE=utf8mb4_unicode_ci;

--
-- Dumping data for table `wp2__term_taxonomy`
--

INSERT INTO `wp2__term_taxonomy` VALUES (1,1,'category','',0,1),(2,2,'product_type','',0,75),(3,3,'product_type','',0,0),(4,4,'product_type','',0,23),(5,5,'product_type','',0,0),(6,6,'product_visibility','',0,0),(7,7,'product_visibility','',0,0),(8,8,'product_visibility','',0,0),(9,9,'product_visibility','',0,22),(10,10,'product_visibility','',0,0),(11,11,'product_visibility','',0,0),(12,12,'product_visibility','',0,0),(13,13,'product_visibility','',0,0),(14,14,'product_visibility','',0,0),(15,15,'product_cat','',0,3),(16,16,'nav_menu','',0,19),(17,17,'product_cat','Aqui você vai encontrar os produtos mais recentes da Papelaria Blumenau. Estes produtos fazem toda a diferença para quem é exigente e quer produtos de qualidade.',0,33),(18,18,'product_cat','',0,41),(23,23,'pwb-brand','',0,0),(24,24,'pwb-brand','',0,0),(25,25,'pwb-brand','',0,7),(26,26,'pwb-brand','',0,25),(27,27,'product_cat','&nbsp;\r\n\r\n&nbsp;',0,28),(28,28,'product_cat','Toda a variedade de canetas você encontra aqui.',0,34),(29,29,'product_cat','',0,22),(30,30,'pa_tamanho','',0,2),(31,31,'pa_tamanho','',0,3),(32,32,'pa_tamanho','',0,3),(33,33,'pa_folhas','',0,1),(35,35,'pa_folhas','',0,0),(37,37,'product_cat','',28,10),(38,38,'product_cat','',28,8),(39,39,'product_cat','',28,4),(40,40,'product_cat','',29,4),(41,41,'product_cat','',29,12),(50,50,'pwb-brand','',0,9),(52,52,'pa_capa','',0,0),(53,53,'pa_capa','',0,0),(54,54,'pa_espessura','',0,0),(55,55,'pa_espessura','',0,0),(56,56,'nav_menu','',0,0),(57,57,'product_cat','',29,7),(58,58,'product_cat','',28,11),(60,60,'product_cat','',18,5),(61,61,'product_cat','',18,8),(62,62,'product_cat','',18,9),(63,63,'pwb-brand','',0,4),(64,64,'pa_cor','',0,0),(65,65,'pa_cor','',0,5),(66,66,'pa_cor','',0,1),(69,69,'cp_campaign','Convert Pro Campaign',0,2),(70,70,'bsf_custom_fonts','',0,0),(71,71,'nav_menu','',0,5),(73,73,'pa_cor','',0,0),(74,74,'pa_cor','',0,3),(75,75,'pa_cor','',0,0),(77,77,'product_tag','',0,2),(78,78,'product_tag','',0,1),(79,79,'product_tag','',0,1),(80,80,'product_tag','',0,1),(81,81,'product_tag','',0,1),(82,82,'product_tag','',0,1),(83,83,'product_tag','',0,7),(84,84,'product_tag','',0,1),(85,85,'product_tag','',0,3),(86,86,'product_tag','',0,1),(87,87,'product_tag','',0,2),(88,88,'product_tag','',0,4),(89,89,'product_tag','',0,3),(90,90,'product_tag','',0,2),(91,91,'product_tag','',0,1),(92,92,'product_tag','',0,1),(93,93,'product_tag','',0,0),(94,94,'product_tag','',0,3),(95,95,'product_tag','',0,0),(96,96,'product_tag','',0,2),(97,97,'product_tag','',0,2),(98,98,'product_tag','',0,5),(99,99,'product_tag','',0,3),(100,100,'product_tag','',0,3),(101,101,'product_tag','',0,4),(102,102,'product_tag','',0,1),(103,103,'product_tag','',0,1),(104,104,'product_tag','',0,1),(105,105,'product_tag','',0,1),(106,106,'product_tag','',0,2),(107,107,'product_tag','',0,2),(108,108,'product_tag','',0,3),(109,109,'product_tag','',0,1),(110,110,'product_tag','',0,2),(111,111,'product_tag','',0,1),(112,112,'pwb-brand','',0,12),(113,113,'product_tag','',0,2),(114,114,'product_tag','',0,1),(115,115,'product_tag','',0,1),(116,116,'product_tag','',0,2),(117,117,'product_tag','',0,1),(118,118,'pa_cor','',0,3),(119,119,'pa_cor','',0,3),(120,120,'pa_cor','',0,1),(121,121,'pa_cor','',0,1),(122,122,'pa_cor','',0,1),(123,123,'pa_folhas','',0,1),(124,124,'pa_capa','',0,1),(125,125,'pa_capa','',0,1),(126,126,'pa_capa','',0,1),(127,127,'pa_capa','',0,1),(128,128,'pa_capa','',0,1),(129,129,'pa_capa','',0,1),(130,130,'pa_capa','',0,1),(131,131,'pa_capa','',0,1),(132,132,'product_tag','',0,4),(133,133,'product_tag','',0,1),(134,134,'product_tag','',0,1),(135,135,'product_tag','',0,1),(136,136,'product_tag','',0,2),(137,137,'product_tag','',0,1),(138,138,'product_tag','',0,1),(139,139,'product_tag','',0,1),(140,140,'product_tag','',0,1),(141,141,'product_tag','',0,1),(142,142,'product_tag','',0,1),(143,143,'product_tag','',0,1),(144,144,'product_tag','',0,2),(145,145,'product_tag','',0,1),(146,146,'product_tag','',0,1),(147,147,'product_tag','',0,1),(148,148,'product_tag','',0,1),(149,149,'product_tag','',0,1),(150,150,'pwb-brand','',0,1),(151,151,'product_tag','',0,1),(152,152,'product_tag','',0,1),(153,153,'product_tag','',0,1),(154,154,'product_tag','',0,1),(155,155,'product_tag','',0,1),(156,156,'product_tag','',0,1),(157,157,'pwb-brand','',0,1),(158,158,'product_tag','',0,1),(159,159,'product_tag','',0,1),(160,160,'product_tag','',0,1),(161,161,'product_tag','',0,1),(162,162,'product_tag','',0,1),(163,163,'product_tag','',0,1),(164,164,'product_tag','',0,1),(165,165,'product_tag','',0,1),(166,166,'product_tag','',0,1),(167,167,'product_tag','',0,1),(168,168,'product_tag','',0,1),(169,169,'product_tag','',0,1),(170,170,'product_tag','',0,1),(171,171,'product_tag','',0,1),(172,172,'product_tag','',0,1),(173,173,'product_tag','',0,1),(174,174,'product_tag','',0,1),(175,175,'product_cat','',18,5),(176,176,'pwb-brand','',0,3),(177,177,'product_tag','',0,4),(178,178,'product_tag','',0,2),(179,179,'product_tag','',0,1),(180,180,'product_tag','',0,1),(181,181,'product_tag','',0,1),(182,182,'product_tag','',0,1),(183,183,'product_tag','',0,1),(184,184,'pa_cor','',0,2),(185,185,'pa_cor','',0,4),(186,186,'pa_cor','',0,1),(187,187,'pa_cor','',0,1),(188,188,'pa_cor','',0,1),(189,189,'product_tag','',0,1),(190,190,'product_tag','',0,1),(191,191,'product_tag','',0,1),(192,192,'product_tag','',0,1),(193,193,'product_tag','',0,1),(194,194,'product_tag','',0,1),(195,195,'product_tag','',0,1),(196,196,'product_tag','',0,1),(197,197,'product_tag','',0,1),(198,198,'product_tag','',0,1),(199,199,'product_tag','',0,2),(200,200,'product_tag','',0,2),(201,201,'product_tag','',0,1),(202,202,'product_tag','',0,3),(203,203,'product_tag','',0,1),(204,204,'product_tag','',0,2),(205,205,'product_tag','',0,1),(206,206,'product_tag','',0,1),(207,207,'product_tag','',0,1),(208,208,'product_tag','',0,1),(209,209,'product_tag','',0,1),(210,210,'product_tag','',0,1),(211,211,'product_tag','',0,1),(212,212,'pwb-brand','',0,6),(213,213,'product_tag','',0,1),(214,214,'product_tag','',0,1),(215,215,'product_tag','',0,1),(216,216,'product_tag','',0,1),(217,217,'product_tag','',0,1),(218,218,'product_tag','',0,1),(219,219,'product_tag','',0,1),(220,220,'product_tag','',0,4),(221,221,'product_tag','',0,1),(222,222,'product_tag','',0,1),(223,223,'product_tag','',0,1),(224,224,'product_tag','',0,1),(225,225,'product_tag','',0,1),(226,226,'product_tag','',0,3),(227,227,'product_tag','',0,3),(228,228,'product_tag','',0,3),(229,229,'product_tag','',0,2),(230,230,'product_tag','',0,3),(231,231,'product_tag','',0,3),(232,232,'product_tag','',0,1),(233,233,'product_tag','',0,3),(234,234,'product_tag','',0,1),(235,235,'product_tag','',0,1),(236,236,'product_tag','',0,2),(237,237,'product_tag','',0,5),(238,238,'product_tag','',0,2),(239,239,'product_tag','',0,2),(240,240,'product_tag','',0,1),(241,241,'product_tag','',0,1),(242,242,'product_tag','',0,1),(243,243,'product_tag','',0,1),(244,244,'product_tag','',0,1),(245,245,'pwb-brand','',0,4),(246,246,'product_tag','',0,1),(247,247,'product_tag','',0,1),(248,248,'product_tag','',0,1),(249,249,'product_tag','',0,1),(250,250,'product_tag','',0,1),(251,251,'product_tag','',0,1),(252,252,'pa_cor','',0,1),(253,253,'pa_cor','',0,1),(254,254,'product_tag','',0,1),(255,255,'product_tag','',0,2),(256,256,'product_tag','',0,1),(257,257,'product_tag','',0,1),(258,258,'product_tag','',0,1),(259,259,'product_tag','',0,1),(260,260,'product_tag','',0,1),(261,261,'product_tag','',0,2),(262,262,'product_tag','',0,2),(263,263,'product_tag','',0,1),(264,264,'product_tag','',0,1),(265,265,'product_tag','',0,1),(266,266,'product_tag','',0,1),(267,267,'pa_cor','verde turquesa',0,2),(268,268,'product_tag','',0,1),(269,269,'pa_boss','',0,1),(270,270,'pa_boss','',0,1),(271,271,'pa_boss','',0,1),(272,272,'pa_boss','',0,1),(273,273,'pa_boss','',0,1),(274,274,'pa_boss','',0,1),(275,275,'product_tag','',0,1),(276,276,'product_tag','',0,1),(277,277,'product_tag','',0,1),(278,278,'product_tag','',0,1),(279,279,'pa_boss','',0,1),(280,280,'pa_boss','',0,1),(281,281,'pa_boss','',0,1),(282,282,'pa_boss','',0,1),(283,283,'product_tag','',0,1),(284,284,'product_tag','',0,1),(285,285,'product_tag','',0,1),(286,286,'product_tag','',0,1),(287,287,'product_tag','',0,1),(288,288,'product_tag','',0,1),(289,289,'product_tag','',0,1),(290,290,'product_tag','',0,1),(291,291,'product_tag','',0,1),(292,292,'product_tag','',0,1),(293,293,'product_tag','',0,1),(294,294,'pa_modelo','',0,1),(295,295,'pa_modelo','',0,1),(296,296,'pa_modelo','',0,1),(297,297,'pa_modelo','',0,1),(298,298,'product_tag','',0,1),(299,299,'product_tag','',0,1),(300,300,'product_tag','',0,1),(301,301,'product_tag','',0,1),(302,302,'product_tag','',0,1),(303,303,'pa_cor','',0,2),(304,304,'pa_cor','',0,0),(305,305,'pa_cor','',0,0),(306,306,'product_tag','',0,1),(307,307,'product_tag','',0,1),(308,308,'product_tag','',0,1),(309,309,'product_tag','',0,1),(310,310,'product_tag','',0,1),(311,311,'product_tag','',0,1),(312,312,'product_tag','',0,1),(313,313,'product_tag','',0,1),(314,314,'product_tag','',0,1),(315,315,'product_tag','',0,1),(316,316,'product_tag','',0,2),(317,317,'product_tag','',0,1),(318,318,'product_tag','',0,1),(319,319,'product_tag','',0,1),(320,320,'product_tag','',0,1),(321,321,'product_tag','',0,1),(322,322,'product_tag','',0,1),(323,323,'product_tag','',0,1),(324,324,'product_tag','',0,1),(325,325,'product_tag','',0,1),(326,326,'product_tag','',0,1),(327,327,'product_tag','',0,1),(328,328,'product_tag','',0,1),(329,329,'pa_modelo','',0,1),(330,330,'pa_modelo','',0,1),(331,331,'product_tag','',0,1),(332,332,'product_tag','',0,1),(333,333,'product_tag','',0,1),(334,334,'product_tag','',0,1),(335,335,'product_tag','',0,2),(336,336,'product_tag','',0,2),(337,337,'product_tag','',0,1),(338,338,'product_tag','',0,1),(339,339,'product_tag','',0,1),(340,340,'product_tag','',0,1),(341,341,'product_tag','',0,1),(342,342,'product_tag','',0,1),(343,343,'product_tag','',0,4),(344,344,'product_tag','',0,2),(345,345,'product_tag','',0,1),(346,346,'product_tag','',0,2),(347,347,'product_tag','',0,3),(348,348,'product_tag','',0,1),(349,349,'product_tag','',0,1),(350,350,'product_tag','',0,1),(351,351,'product_tag','',0,3),(352,352,'product_tag','',0,1),(353,353,'product_tag','',0,1),(354,354,'product_tag','',0,1),(355,355,'product_tag','',0,1),(356,356,'product_tag','',0,1),(357,357,'product_tag','',0,1),(358,358,'product_tag','',0,1),(359,359,'product_tag','',0,1),(360,360,'product_tag','',0,3),(361,361,'product_tag','',0,1),(362,362,'product_tag','',0,3),(363,363,'product_tag','',0,2),(364,364,'product_tag','',0,1),(365,365,'product_tag','',0,1),(366,366,'product_tag','',0,1),(367,367,'product_tag','',0,1),(368,368,'product_tag','',0,1),(369,369,'product_tag','',0,1),(370,370,'product_tag','',0,3),(371,371,'product_tag','',0,1),(372,372,'product_tag','',0,1),(373,373,'product_tag','',0,2),(374,374,'product_tag','',0,1),(375,375,'product_tag','',0,1),(376,376,'product_tag','',0,1),(377,377,'product_tag','',0,1),(378,378,'product_tag','',0,2),(379,379,'product_tag','',0,1),(380,380,'product_tag','',0,1),(381,381,'product_tag','',0,1),(382,382,'product_tag','',0,1),(383,383,'product_tag','',0,1),(384,384,'product_tag','',0,1),(385,385,'product_tag','',0,1),(386,386,'product_tag','',0,1),(387,387,'product_tag','',0,1),(388,388,'product_tag','',0,1),(389,389,'product_cat','',18,8),(390,390,'product_tag','',0,1),(391,391,'product_tag','',0,1),(392,392,'product_tag','',0,1),(393,393,'product_tag','',0,1),(394,394,'product_tag','',0,2),(395,395,'product_tag','',0,4),(396,396,'product_tag','',0,1),(397,397,'product_tag','',0,1),(398,398,'product_tag','',0,1),(399,399,'product_tag','',0,1),(400,400,'product_tag','',0,1),(401,401,'product_tag','',0,1),(402,402,'product_tag','',0,1),(403,403,'product_tag','',0,1),(404,404,'product_tag','',0,1),(405,405,'product_tag','',0,1),(406,406,'product_tag','',0,1),(407,407,'product_tag','',0,1),(408,408,'product_tag','',0,3),(409,409,'product_tag','',0,1),(410,410,'product_tag','',0,1),(411,411,'product_tag','',0,1),(412,412,'product_tag','',0,1),(413,413,'product_tag','',0,1),(414,414,'product_tag','',0,1),(415,415,'product_tag','',0,2),(416,416,'product_tag','',0,1),(417,417,'product_tag','',0,1),(418,418,'product_tag','',0,1),(419,419,'product_tag','',0,1),(420,420,'product_tag','',0,1),(421,421,'product_tag','',0,1),(422,422,'product_tag','',0,1),(423,423,'product_tag','',0,1),(424,424,'product_tag','',0,1),(425,425,'product_tag','',0,1),(426,426,'product_tag','',0,1),(427,427,'product_tag','',0,1),(428,428,'product_tag','',0,1),(429,429,'product_tag','',0,1),(430,430,'product_tag','',0,1),(431,431,'product_tag','',0,1),(432,432,'product_tag','',0,1),(433,433,'product_tag','',0,2),(434,434,'product_tag','',0,1),(435,435,'product_shipping_class','Serviço de motoboy',0,0),(436,436,'product_shipping_class','Exceções de Blumenau',0,0),(437,437,'product_tag','',0,2),(438,438,'product_tag','',0,1),(439,439,'product_tag','',0,1),(440,440,'product_tag','',0,1),(441,441,'product_tag','',0,1),(442,442,'product_tag','',0,3),(443,443,'product_tag','',0,1),(444,444,'product_tag','',0,1),(445,445,'product_tag','',0,1),(446,446,'product_tag','',0,1),(447,447,'product_tag','',0,6),(448,448,'product_tag','',0,1),(449,449,'product_tag','',0,1),(450,450,'product_tag','',0,1),(451,451,'product_tag','',0,1),(452,452,'pa_modelo','',0,1),(453,453,'pa_modelo','',0,1),(454,454,'pa_modelo','',0,1),(455,455,'pa_modelo','',0,1),(456,456,'product_tag','',0,1),(457,457,'product_tag','',0,1),(458,458,'product_tag','',0,2),(459,459,'product_tag','',0,1),(460,460,'product_tag','',0,1),(461,461,'product_tag','',0,1),(462,462,'product_tag','',0,1),(463,463,'pa_modelo','',0,1),(464,464,'pa_modelo','',0,1),(465,465,'pa_modelo','',0,1),(466,466,'pa_modelo','',0,1),(467,467,'product_tag','',0,1),(468,468,'product_tag','',0,1),(469,469,'product_tag','',0,1),(470,470,'product_tag','',0,1),(471,471,'product_tag','',0,1),(472,472,'product_tag','',0,1),(473,473,'product_tag','',0,1),(474,474,'product_tag','',0,1),(475,475,'product_tag','',0,2),(476,476,'product_tag','',0,1),(477,477,'product_tag','',0,1),(478,478,'product_tag','',0,1),(479,479,'product_tag','',0,1),(480,480,'product_tag','',0,1),(481,481,'product_tag','',0,1),(482,482,'product_tag','',0,1),(483,483,'product_tag','',0,1),(484,484,'product_tag','',0,1),(485,485,'product_tag','',0,2),(486,486,'product_tag','',0,1),(487,487,'product_tag','',0,2),(488,488,'product_tag','',0,1),(489,489,'product_tag','',0,1),(490,490,'product_tag','',0,1),(491,491,'product_tag','',0,1),(492,492,'product_tag','',0,2),(493,493,'product_tag','',0,1),(494,494,'product_tag','',0,1),(495,495,'product_tag','',0,1),(496,496,'product_tag','',0,1),(497,497,'product_tag','',0,1),(498,498,'product_tag','',0,1),(499,499,'product_tag','',0,1),(500,500,'product_tag','',0,1),(501,501,'product_tag','',0,1),(502,502,'product_tag','',0,1),(503,503,'product_tag','',0,1),(504,504,'product_tag','',0,1),(505,505,'product_tag','',0,1),(506,506,'product_tag','',0,1),(507,507,'product_tag','',0,1),(508,508,'pwb-brand','',0,3),(509,509,'product_tag','',0,1),(510,510,'product_tag','',0,1),(511,511,'pa_capa','',0,1),(512,512,'pa_capa','',0,1),(513,513,'pa_capa','',0,1),(514,514,'pa_capa','',0,1),(515,515,'product_tag','',0,1),(516,516,'product_tag','',0,1),(517,517,'product_tag','',0,1),(518,518,'product_tag','',0,1),(519,519,'product_tag','',0,1),(520,520,'product_tag','',0,1),(521,521,'pwb-brand','',0,6),(522,522,'product_tag','',0,4),(523,523,'product_tag','',0,1),(524,524,'product_tag','',0,1),(525,525,'product_tag','',0,2),(526,526,'product_tag','',0,1),(527,527,'product_tag','',0,1),(528,528,'product_tag','',0,2),(529,529,'product_tag','',0,3),(530,530,'product_tag','',0,1),(531,531,'product_tag','',0,1),(532,532,'product_tag','',0,2),(533,533,'product_tag','',0,1),(534,534,'product_tag','',0,1),(535,535,'product_tag','',0,1),(536,536,'product_tag','',0,1),(537,537,'product_tag','',0,1),(538,538,'product_tag','',0,1),(539,539,'product_tag','',0,1),(540,540,'product_tag','',0,1),(541,541,'product_tag','',0,2),(542,542,'product_tag','',0,1),(543,543,'product_tag','',0,1),(544,544,'product_tag','',0,1),(545,545,'product_tag','',0,1),(546,546,'product_tag','',0,1),(547,547,'product_tag','',0,1),(548,548,'product_tag','',0,1),(549,549,'product_tag','',0,1),(550,550,'product_tag','',0,1),(551,551,'product_tag','',0,1),(552,552,'product_tag','',0,1),(553,553,'product_tag','',0,1),(554,554,'product_tag','',0,1),(555,555,'product_tag','',0,1),(556,556,'product_tag','',0,1),(557,557,'product_tag','',0,1),(558,558,'pwb-brand','',0,1),(559,559,'product_tag','',0,1),(560,560,'product_tag','',0,1),(561,561,'product_tag','',0,1),(562,562,'product_tag','',0,1),(563,563,'product_tag','',0,1),(564,564,'product_tag','',0,1),(565,565,'product_tag','',0,1),(566,566,'product_tag','',0,1),(567,567,'product_tag','',0,1),(568,568,'product_tag','',0,1),(569,569,'product_tag','',0,1),(570,570,'product_tag','',0,1),(571,571,'product_tag','',0,3),(572,572,'product_tag','',0,3),(573,573,'product_tag','',0,1),(574,574,'product_tag','',0,1),(575,575,'product_tag','',0,1),(576,576,'product_tag','',0,1),(577,577,'product_tag','',0,1),(578,578,'product_tag','',0,1),(579,579,'product_tag','',0,1),(580,580,'product_tag','',0,1),(581,581,'product_tag','',0,1),(582,582,'product_tag','',0,1),(583,583,'product_tag','',0,1),(584,584,'product_tag','',0,2),(585,585,'product_tag','',0,2),(586,586,'product_tag','',0,1),(587,587,'product_tag','',0,2),(588,588,'product_tag','',0,1),(589,589,'product_tag','',0,1),(590,590,'product_tag','',0,1),(591,591,'product_tag','',0,1),(592,592,'product_tag','',0,1),(593,593,'product_tag','',0,1),(594,594,'product_tag','',0,1),(595,595,'product_tag','',0,2),(596,596,'product_tag','',0,2),(597,597,'product_tag','',0,1),(598,598,'product_tag','',0,1),(599,599,'product_tag','',0,1),(600,600,'product_tag','',0,1),(601,601,'product_tag','',0,1),(602,602,'product_tag','',0,1),(603,603,'product_tag','',0,1),(604,604,'product_tag','',0,1),(605,605,'product_tag','',0,1),(606,606,'product_tag','',0,1),(607,607,'product_tag','',0,1),(608,608,'product_tag','',0,1),(609,609,'product_tag','',0,1),(610,610,'product_tag','',0,1),(611,611,'product_tag','',0,1),(612,612,'product_tag','',0,1),(613,613,'product_tag','',0,1),(614,614,'pwb-brand','',0,3),(615,615,'product_tag','',0,2),(616,616,'product_tag','',0,3),(617,617,'product_tag','',0,1),(618,618,'product_tag','',0,1),(619,619,'product_tag','',0,3),(620,620,'product_tag','',0,4),(621,621,'product_tag','',0,1),(622,622,'product_tag','',0,2),(623,623,'product_tag','',0,3),(624,624,'product_tag','',0,2),(625,625,'product_tag','',0,3),(626,626,'product_tag','',0,1),(627,627,'product_tag','',0,1),(628,628,'product_tag','',0,1),(629,629,'product_tag','',0,1),(630,630,'product_tag','',0,1),(631,631,'product_tag','',0,1),(632,632,'product_tag','',0,1),(633,633,'product_tag','',0,1),(634,634,'product_tag','',0,0),(635,635,'product_tag','',0,0),(636,636,'pwb-brand','',0,2),(637,637,'product_tag','',0,1),(638,638,'product_tag','',0,1),(639,639,'product_tag','',0,2),(640,640,'product_tag','',0,1),(641,641,'product_tag','',0,1),(642,642,'product_tag','',0,1),(643,643,'product_tag','',0,1),(644,644,'product_tag','',0,1),(645,645,'product_tag','',0,1),(646,646,'product_tag','',0,0),(647,647,'product_tag','',0,0),(648,648,'product_tag','',0,1),(649,649,'product_tag','',0,1),(650,650,'product_tag','',0,1),(651,651,'product_tag','',0,0),(652,652,'product_tag','',0,0),(653,653,'product_tag','',0,0),(654,654,'product_tag','',0,0),(655,655,'product_tag','',0,0),(656,656,'product_tag','',0,0),(657,657,'product_tag','',0,0),(658,658,'pwb-brand','',0,0),(659,659,'product_tag','',0,0),(660,660,'product_tag','',0,0),(661,661,'product_tag','',0,0),(662,662,'product_tag','',0,0),(663,663,'product_tag','',0,1),(664,664,'product_tag','',0,1),(665,665,'product_tag','',0,0),(666,666,'product_tag','',0,0),(667,667,'product_tag','',0,0),(668,668,'product_tag','',0,0),(669,669,'product_tag','',0,0),(670,670,'product_tag','',0,0),(671,671,'product_tag','',0,2),(672,672,'product_tag','',0,1),(673,673,'product_tag','',0,2),(674,674,'product_tag','',0,1),(675,675,'product_tag','',0,1),(676,676,'product_tag','',0,1),(677,677,'product_tag','',0,1),(678,678,'pwb-brand','',0,1),(679,679,'product_tag','',0,1),(680,680,'product_tag','',0,1),(681,681,'product_tag','',0,2),(682,682,'product_tag','',0,1),(683,683,'product_tag','',0,1),(684,684,'product_tag','',0,1),(685,685,'product_tag','',0,1),(686,686,'product_tag','',0,1),(687,687,'product_tag','',0,1),(688,688,'product_tag','',0,1),(689,689,'product_tag','',0,1),(690,690,'product_tag','',0,1),(691,691,'product_tag','',0,1),(692,692,'product_tag','',0,1),(693,693,'product_tag','',0,1),(694,694,'product_tag','',0,1),(695,695,'product_tag','',0,1),(696,696,'product_tag','',0,1),(697,697,'product_tag','',0,1),(698,698,'product_tag','',0,1);

--
-- Table structure for table `wp2__termmeta`
--

CREATE TABLE `wp2__termmeta` (
  `meta_id` bigint(20) unsigned NOT NULL AUTO_INCREMENT,
  `term_id` bigint(20) unsigned NOT NULL DEFAULT '0',
  `meta_key` varchar(255) COLLATE utf8mb4_unicode_ci DEFAULT NULL,
  `meta_value` longtext COLLATE utf8mb4_unicode_ci,
  PRIMARY KEY (`meta_id`),
  KEY `term_id` (`term_id`),
  KEY `meta_key` (`meta_key`(191))
) ENGINE=InnoDB AUTO_INCREMENT=881 DEFAULT CHARSET=utf8mb4 COLLATE=utf8mb4_unicode_ci;

--
-- Dumping data for table `wp2__termmeta`
--

INSERT INTO `wp2__termmeta` VALUES (1,15,'product_count_product_cat','3'),(2,17,'order','0'),(3,17,'display_type',''),(4,17,'thumbnail_id','0'),(5,18,'order','0'),(6,18,'display_type',''),(7,18,'thumbnail_id','0'),(8,18,'product_count_product_cat','41'),(9,17,'product_count_product_cat','33'),(15,27,'order','0'),(16,27,'display_type',''),(17,27,'thumbnail_id','0'),(18,28,'order','0'),(19,28,'display_type',''),(20,28,'thumbnail_id','0'),(21,29,'order','0'),(22,29,'display_type',''),(23,29,'thumbnail_id','0'),(24,30,'order_pa_tamanho','0'),(25,31,'order_pa_tamanho','0'),(26,32,'order_pa_tamanho','0'),(27,33,'order_pa_folhas','0'),(29,35,'order_pa_folhas','0'),(30,28,'product_count_product_cat','35'),(31,27,'product_count_product_cat','28'),(32,29,'product_count_product_cat','23'),(36,37,'order','0'),(37,37,'display_type','subcategories'),(38,37,'thumbnail_id','0'),(39,38,'order','0'),(40,38,'display_type',''),(41,38,'thumbnail_id','0'),(42,39,'order','0'),(43,39,'display_type','subcategories'),(44,39,'thumbnail_id','0'),(45,40,'order','0'),(46,40,'display_type',''),(47,40,'thumbnail_id','0'),(48,41,'order','0'),(49,41,'display_type',''),(50,41,'thumbnail_id','0'),(69,52,'order_pa_capa','0'),(70,52,'product_attribute_image','149'),(71,53,'order_pa_capa','0'),(72,53,'product_attribute_image','150'),(73,54,'order_pa_espessura','0'),(74,55,'order_pa_espessura','0'),(75,39,'product_count_product_cat','4'),(76,18,'rank_math_robots','a:1:{i:0;s:5:\"index\";}'),(77,18,'rank_math_advanced_robots','a:3:{s:11:\"max-snippet\";s:2:\"-1\";s:17:\"max-video-preview\";s:2:\"-1\";s:17:\"max-image-preview\";s:5:\"large\";}'),(78,18,'rank_math_facebook_enable_image_overlay','off'),(79,18,'rank_math_facebook_image_overlay','play'),(80,18,'rank_math_twitter_use_facebook','on'),(81,18,'rank_math_twitter_card_type','summary_large_image'),(82,18,'rank_math_twitter_enable_image_overlay','off'),(83,18,'rank_math_twitter_image_overlay','play'),(84,29,'rank_math_permalink','cadernos'),(85,29,'rank_math_seo_score','0'),(86,29,'rank_math_robots','a:1:{i:0;s:5:\"index\";}'),(87,29,'rank_math_advanced_robots','a:3:{s:11:\"max-snippet\";s:2:\"-1\";s:17:\"max-video-preview\";s:2:\"-1\";s:17:\"max-image-preview\";s:5:\"large\";}'),(88,29,'rank_math_facebook_enable_image_overlay','off'),(89,29,'rank_math_facebook_image_overlay','play'),(90,29,'rank_math_twitter_use_facebook','on'),(91,29,'rank_math_twitter_card_type','summary_large_image'),(92,29,'rank_math_twitter_enable_image_overlay','off'),(93,29,'rank_math_twitter_image_overlay','play'),(94,41,'rank_math_permalink','espiral-universitario'),(95,41,'rank_math_seo_score','0'),(96,41,'rank_math_robots','a:1:{i:0;s:5:\"index\";}'),(97,41,'rank_math_advanced_robots','a:3:{s:11:\"max-snippet\";s:2:\"-1\";s:17:\"max-video-preview\";s:2:\"-1\";s:17:\"max-image-preview\";s:5:\"large\";}'),(98,41,'rank_math_facebook_enable_image_overlay','off'),(99,41,'rank_math_facebook_image_overlay','play'),(100,41,'rank_math_twitter_use_facebook','on'),(101,41,'rank_math_twitter_card_type','summary_large_image'),(102,41,'rank_math_twitter_enable_image_overlay','off'),(103,41,'rank_math_twitter_image_overlay','play'),(104,40,'rank_math_permalink','inteligente'),(105,40,'rank_math_seo_score','0'),(106,40,'rank_math_robots','a:1:{i:0;s:5:\"index\";}'),(107,40,'rank_math_advanced_robots','a:3:{s:11:\"max-snippet\";s:2:\"-1\";s:17:\"max-video-preview\";s:2:\"-1\";s:17:\"max-image-preview\";s:5:\"large\";}'),(108,40,'rank_math_facebook_enable_image_overlay','off'),(109,40,'rank_math_facebook_image_overlay','play'),(110,40,'rank_math_twitter_use_facebook','on'),(111,40,'rank_math_twitter_card_type','summary_large_image'),(112,40,'rank_math_twitter_enable_image_overlay','off'),(113,40,'rank_math_twitter_image_overlay','play'),(114,57,'order','0'),(115,57,'display_type',''),(116,57,'thumbnail_id','0'),(117,28,'rank_math_permalink','canetas'),(118,28,'rank_math_focus_keyword','caneta'),(119,28,'rank_math_seo_score','100'),(120,28,'rank_math_robots','a:1:{i:0;s:5:\"index\";}'),(121,28,'rank_math_advanced_robots','a:3:{s:11:\"max-snippet\";s:2:\"-1\";s:17:\"max-video-preview\";s:2:\"-1\";s:17:\"max-image-preview\";s:5:\"large\";}'),(122,28,'rank_math_facebook_enable_image_overlay','off'),(123,28,'rank_math_facebook_image_overlay','play'),(124,28,'rank_math_twitter_use_facebook','on'),(125,28,'rank_math_twitter_card_type','summary_large_image'),(126,28,'rank_math_twitter_enable_image_overlay','off'),(127,28,'rank_math_twitter_image_overlay','play'),(128,38,'rank_math_permalink','esferografica'),(129,38,'rank_math_seo_score','8'),(130,38,'rank_math_robots','a:1:{i:0;s:5:\"index\";}'),(131,38,'rank_math_advanced_robots','a:3:{s:11:\"max-snippet\";s:2:\"-1\";s:17:\"max-video-preview\";s:2:\"-1\";s:17:\"max-image-preview\";s:5:\"large\";}'),(132,38,'rank_math_facebook_enable_image_overlay','off'),(133,38,'rank_math_facebook_image_overlay','play'),(134,38,'rank_math_twitter_use_facebook','on'),(135,38,'rank_math_twitter_card_type','summary_large_image'),(136,38,'rank_math_twitter_enable_image_overlay','off'),(137,38,'rank_math_twitter_image_overlay','play'),(138,37,'rank_math_permalink','marca-texto'),(139,37,'rank_math_seo_score','0'),(140,37,'rank_math_robots','a:1:{i:0;s:5:\"index\";}'),(141,37,'rank_math_advanced_robots','a:3:{s:11:\"max-snippet\";s:2:\"-1\";s:17:\"max-video-preview\";s:2:\"-1\";s:17:\"max-image-preview\";s:5:\"large\";}'),(142,37,'rank_math_facebook_enable_image_overlay','off'),(143,37,'rank_math_facebook_image_overlay','play'),(144,37,'rank_math_twitter_use_facebook','on'),(145,37,'rank_math_twitter_card_type','summary_large_image'),(146,37,'rank_math_twitter_enable_image_overlay','off'),(147,37,'rank_math_twitter_image_overlay','play'),(148,39,'rank_math_permalink','fine-pen'),(149,39,'rank_math_seo_score','8'),(150,39,'rank_math_robots','a:1:{i:0;s:5:\"index\";}'),(151,39,'rank_math_advanced_robots','a:3:{s:11:\"max-snippet\";s:2:\"-1\";s:17:\"max-video-preview\";s:2:\"-1\";s:17:\"max-image-preview\";s:5:\"large\";}'),(152,39,'rank_math_facebook_enable_image_overlay','off'),(153,39,'rank_math_facebook_image_overlay','play'),(154,39,'rank_math_twitter_use_facebook','on'),(155,39,'rank_math_twitter_card_type','summary_large_image'),(156,39,'rank_math_twitter_enable_image_overlay','off'),(157,39,'rank_math_twitter_image_overlay','play'),(158,58,'order','0'),(159,58,'display_type','subcategories'),(160,58,'thumbnail_id','0'),(161,18,'rank_math_permalink','papelaria'),(162,18,'rank_math_seo_score','0'),(166,60,'order','0'),(167,60,'display_type','subcategories'),(168,60,'thumbnail_id','0'),(169,61,'order','0'),(170,61,'display_type','subcategories'),(171,61,'thumbnail_id','0'),(172,62,'order','0'),(173,62,'display_type','subcategories'),(174,62,'thumbnail_id','0'),(175,17,'rank_math_permalink','novidades'),(176,17,'rank_math_focus_keyword','novidades'),(177,17,'rank_math_seo_score','100'),(178,17,'rank_math_robots','a:1:{i:0;s:5:\"index\";}'),(179,17,'rank_math_advanced_robots','a:3:{s:11:\"max-snippet\";s:2:\"-1\";s:17:\"max-video-preview\";s:2:\"-1\";s:17:\"max-image-preview\";s:5:\"large\";}'),(180,17,'rank_math_facebook_enable_image_overlay','off'),(181,17,'rank_math_facebook_image_overlay','play'),(182,17,'rank_math_twitter_use_facebook','on'),(183,17,'rank_math_twitter_card_type','summary_large_image'),(184,17,'rank_math_twitter_enable_image_overlay','off'),(185,17,'rank_math_twitter_image_overlay','play'),(186,27,'rank_math_permalink','ofertas'),(187,27,'rank_math_focus_keyword','Ofertas'),(188,27,'rank_math_seo_score','96'),(189,27,'rank_math_robots','a:1:{i:0;s:5:\"index\";}'),(190,27,'rank_math_advanced_robots','a:3:{s:11:\"max-snippet\";s:2:\"-1\";s:17:\"max-video-preview\";s:2:\"-1\";s:17:\"max-image-preview\";s:5:\"large\";}'),(191,27,'rank_math_facebook_enable_image_overlay','off'),(192,27,'rank_math_facebook_image_overlay','play'),(193,27,'rank_math_twitter_use_facebook','on'),(194,27,'rank_math_twitter_card_type','summary_large_image'),(195,27,'rank_math_twitter_enable_image_overlay','off'),(196,27,'rank_math_twitter_image_overlay','play'),(197,38,'product_count_product_cat','8'),(198,40,'product_count_product_cat','4'),(199,60,'product_count_product_cat','5'),(201,62,'product_count_product_cat','9'),(202,58,'product_count_product_cat','11'),(203,61,'product_count_product_cat','8'),(204,57,'product_count_product_cat','7'),(205,64,'order_pa_cor','0'),(206,64,'product_attribute_color','#ffffff'),(207,65,'order_pa_cor','0'),(208,65,'product_attribute_color','#000000'),(209,66,'order_pa_cor','0'),(210,66,'product_attribute_color','#1e73be'),(217,73,'order_pa_cor','0'),(218,73,'product_attribute_color','#81d742'),(219,74,'order_pa_cor','0'),(220,74,'product_attribute_color','#ed497a'),(221,75,'order_pa_cor','0'),(222,75,'product_attribute_color','#f5f5dc'),(223,77,'product_count_product_tag','2'),(224,78,'product_count_product_tag','1'),(225,79,'product_count_product_tag','1'),(226,80,'product_count_product_tag','1'),(227,81,'product_count_product_tag','1'),(228,82,'product_count_product_tag','1'),(229,83,'product_count_product_tag','7'),(230,84,'product_count_product_tag','1'),(231,85,'product_count_product_tag','3'),(232,86,'product_count_product_tag','1'),(233,87,'product_count_product_tag','2'),(234,88,'product_count_product_tag','4'),(235,89,'product_count_product_tag','3'),(236,90,'product_count_product_tag','2'),(237,91,'product_count_product_tag','1'),(238,92,'product_count_product_tag','1'),(239,93,'product_count_product_tag','0'),(240,94,'product_count_product_tag','3'),(241,95,'product_count_product_tag','0'),(242,96,'product_count_product_tag','2'),(243,97,'product_count_product_tag','2'),(244,37,'product_count_product_cat','10'),(245,98,'product_count_product_tag','5'),(246,99,'product_count_product_tag','3'),(247,100,'product_count_product_tag','3'),(248,101,'product_count_product_tag','4'),(249,102,'product_count_product_tag','1'),(250,103,'product_count_product_tag','1'),(251,104,'product_count_product_tag','1'),(252,105,'product_count_product_tag','1'),(253,106,'product_count_product_tag','2'),(254,107,'product_count_product_tag','2'),(255,108,'product_count_product_tag','3'),(256,109,'product_count_product_tag','1'),(257,110,'product_count_product_tag','2'),(258,111,'product_count_product_tag','1'),(259,113,'product_count_product_tag','2'),(260,114,'product_count_product_tag','1'),(261,115,'product_count_product_tag','1'),(262,116,'product_count_product_tag','2'),(263,117,'product_count_product_tag','1'),(264,118,'order_pa_cor','0'),(265,118,'product_attribute_color','#c9a18f'),(266,119,'order_pa_cor','0'),(267,119,'product_attribute_color','#c1c1c1'),(268,120,'order_pa_cor','0'),(269,120,'product_attribute_color','#e8a9c4'),(270,121,'order_pa_cor','0'),(271,121,'product_attribute_color','#8dd88a'),(272,122,'order_pa_cor','0'),(273,122,'product_attribute_color','#7c8fc1'),(274,123,'order_pa_folhas','0'),(275,124,'order_pa_capa','0'),(276,124,'product_attribute_image','480'),(277,125,'order_pa_capa','0'),(278,125,'product_attribute_image','481'),(279,126,'order_pa_capa','0'),(280,126,'product_attribute_image','482'),(281,127,'order_pa_capa','0'),(282,127,'product_attribute_image','483'),(283,128,'order_pa_capa','0'),(284,128,'product_attribute_image','484'),(285,129,'order_pa_capa','0'),(286,129,'product_attribute_image','485'),(287,130,'order_pa_capa','0'),(288,130,'product_attribute_image','486'),(289,131,'order_pa_capa','0'),(290,131,'product_attribute_image','487'),(291,41,'product_count_product_cat','12'),(292,132,'product_count_product_tag','4'),(293,133,'product_count_product_tag','1'),(294,134,'product_count_product_tag','1'),(295,135,'product_count_product_tag','1'),(296,136,'product_count_product_tag','2'),(297,137,'product_count_product_tag','1'),(298,138,'product_count_product_tag','1'),(299,139,'product_count_product_tag','1'),(300,140,'product_count_product_tag','1'),(301,141,'product_count_product_tag','1'),(302,142,'product_count_product_tag','1'),(303,143,'product_count_product_tag','1'),(304,144,'product_count_product_tag','2'),(305,145,'product_count_product_tag','1'),(306,146,'product_count_product_tag','1'),(307,147,'product_count_product_tag','1'),(308,148,'product_count_product_tag','1'),(309,149,'product_count_product_tag','1'),(310,151,'product_count_product_tag','1'),(311,152,'product_count_product_tag','1'),(312,153,'product_count_product_tag','1'),(313,154,'product_count_product_tag','1'),(314,155,'product_count_product_tag','1'),(315,156,'product_count_product_tag','1'),(316,158,'product_count_product_tag','1'),(317,159,'product_count_product_tag','1'),(318,160,'product_count_product_tag','1'),(319,161,'product_count_product_tag','1'),(320,162,'product_count_product_tag','1'),(321,163,'product_count_product_tag','1'),(322,164,'product_count_product_tag','1'),(323,165,'product_count_product_tag','1'),(324,166,'product_count_product_tag','1'),(325,167,'product_count_product_tag','1'),(326,168,'product_count_product_tag','1'),(327,169,'product_count_product_tag','1'),(328,170,'product_count_product_tag','1'),(329,171,'product_count_product_tag','1'),(330,172,'product_count_product_tag','1'),(331,173,'product_count_product_tag','1'),(332,174,'product_count_product_tag','1'),(333,175,'order','0'),(334,175,'product_count_product_cat','5'),(335,177,'product_count_product_tag','4'),(336,178,'product_count_product_tag','2'),(337,179,'product_count_product_tag','1'),(338,180,'product_count_product_tag','1'),(339,181,'product_count_product_tag','1'),(340,182,'product_count_product_tag','1'),(341,183,'product_count_product_tag','1'),(342,184,'order_pa_cor','0'),(343,184,'product_attribute_color','#7fc6c2'),(344,185,'order_pa_cor','0'),(345,185,'product_attribute_color','#f4bcbc'),(346,186,'order_pa_cor','0'),(347,186,'product_attribute_color','#ff8c28'),(348,187,'order_pa_cor','0'),(349,187,'product_attribute_color','#eded65'),(350,188,'order_pa_cor','0'),(351,188,'product_attribute_color','#a5d682'),(352,189,'product_count_product_tag','1'),(353,190,'product_count_product_tag','1'),(354,191,'product_count_product_tag','1'),(355,192,'product_count_product_tag','1'),(356,193,'product_count_product_tag','1'),(357,194,'product_count_product_tag','1'),(358,195,'product_count_product_tag','1'),(359,196,'product_count_product_tag','1'),(360,197,'product_count_product_tag','1'),(361,198,'product_count_product_tag','1'),(362,41,'rank_math_dont_show_seo_score','off'),(363,199,'product_count_product_tag','2'),(364,200,'product_count_product_tag','2'),(365,201,'product_count_product_tag','1'),(366,202,'product_count_product_tag','3'),(367,203,'product_count_product_tag','1'),(368,204,'product_count_product_tag','2'),(369,205,'product_count_product_tag','1'),(370,206,'product_count_product_tag','1'),(371,207,'product_count_product_tag','1'),(372,208,'product_count_product_tag','1'),(373,209,'product_count_product_tag','1'),(374,210,'product_count_product_tag','1'),(375,211,'product_count_product_tag','1'),(376,213,'product_count_product_tag','1'),(377,214,'product_count_product_tag','1'),(378,215,'product_count_product_tag','1'),(379,216,'product_count_product_tag','1'),(380,217,'product_count_product_tag','1'),(381,218,'product_count_product_tag','1'),(382,219,'product_count_product_tag','1'),(383,220,'product_count_product_tag','4'),(384,221,'product_count_product_tag','1'),(385,222,'product_count_product_tag','1'),(386,223,'product_count_product_tag','1'),(387,224,'product_count_product_tag','1'),(388,225,'product_count_product_tag','1'),(389,226,'product_count_product_tag','3'),(390,227,'product_count_product_tag','3'),(391,228,'product_count_product_tag','3'),(392,229,'product_count_product_tag','2'),(393,230,'product_count_product_tag','3'),(394,231,'product_count_product_tag','3'),(395,232,'product_count_product_tag','1'),(396,233,'product_count_product_tag','3'),(397,234,'product_count_product_tag','1'),(398,235,'product_count_product_tag','1'),(399,236,'product_count_product_tag','2'),(400,237,'product_count_product_tag','5'),(401,238,'product_count_product_tag','2'),(402,239,'product_count_product_tag','2'),(403,240,'product_count_product_tag','1'),(404,241,'product_count_product_tag','1'),(405,242,'product_count_product_tag','1'),(406,243,'product_count_product_tag','1'),(407,244,'product_count_product_tag','1'),(408,246,'product_count_product_tag','1'),(409,247,'product_count_product_tag','1'),(410,248,'product_count_product_tag','1'),(411,249,'product_count_product_tag','1'),(412,250,'product_count_product_tag','1'),(413,251,'product_count_product_tag','1'),(414,252,'order_pa_cor','0'),(415,252,'product_attribute_color','#ededed'),(416,253,'order_pa_cor','0'),(417,253,'product_attribute_color','#9ece88'),(418,254,'product_count_product_tag','1'),(419,255,'product_count_product_tag','2'),(420,256,'product_count_product_tag','1'),(421,257,'product_count_product_tag','1'),(422,258,'product_count_product_tag','1'),(423,259,'product_count_product_tag','1'),(424,260,'product_count_product_tag','1'),(425,261,'product_count_product_tag','2'),(426,262,'product_count_product_tag','2'),(427,263,'product_count_product_tag','1'),(428,264,'product_count_product_tag','1'),(429,265,'product_count_product_tag','1'),(430,266,'product_count_product_tag','1'),(431,267,'order_pa_cor','0'),(432,267,'product_attribute_color','#28a07a'),(433,268,'product_count_product_tag','1'),(434,269,'order_pa_boss','0'),(435,270,'order_pa_boss','0'),(436,271,'order_pa_boss','0'),(437,272,'order_pa_boss','0'),(438,273,'order_pa_boss','0'),(439,274,'order_pa_boss','0'),(440,275,'product_count_product_tag','1'),(441,276,'product_count_product_tag','1'),(442,277,'product_count_product_tag','1'),(443,278,'product_count_product_tag','1'),(444,279,'order_pa_boss','0'),(445,280,'order_pa_boss','0'),(446,281,'order_pa_boss','0'),(447,282,'order_pa_boss','0'),(448,283,'product_count_product_tag','1'),(449,284,'product_count_product_tag','1'),(450,285,'product_count_product_tag','1'),(451,286,'product_count_product_tag','1'),(452,287,'product_count_product_tag','1'),(453,288,'product_count_product_tag','1'),(454,289,'product_count_product_tag','1'),(455,290,'product_count_product_tag','1'),(456,291,'product_count_product_tag','1'),(457,292,'product_count_product_tag','1'),(458,293,'product_count_product_tag','1'),(459,294,'order_pa_modelo','0'),(460,294,'product_attribute_image','704'),(461,295,'order_pa_modelo','0'),(462,295,'product_attribute_image','705'),(463,296,'order_pa_modelo','0'),(464,296,'product_attribute_image','706'),(465,297,'order_pa_modelo','0'),(466,297,'product_attribute_image','708'),(467,298,'product_count_product_tag','1'),(468,299,'product_count_product_tag','1'),(469,300,'product_count_product_tag','1'),(470,301,'product_count_product_tag','1'),(471,302,'product_count_product_tag','1'),(472,303,'order_pa_cor','0'),(473,303,'product_attribute_color','#bf15b9'),(474,304,'order_pa_cor','0'),(475,304,'product_attribute_color','#f41a1a'),(476,305,'order_pa_cor','0'),(477,305,'product_attribute_color','#198c00'),(478,306,'product_count_product_tag','1'),(479,307,'product_count_product_tag','1'),(480,308,'product_count_product_tag','1'),(481,309,'product_count_product_tag','1'),(482,310,'product_count_product_tag','1'),(483,311,'product_count_product_tag','1'),(484,312,'product_count_product_tag','1'),(485,313,'product_count_product_tag','1'),(486,314,'product_count_product_tag','1'),(487,315,'product_count_product_tag','1'),(488,316,'product_count_product_tag','2'),(489,317,'product_count_product_tag','1'),(490,318,'product_count_product_tag','1'),(491,319,'product_count_product_tag','1'),(492,320,'product_count_product_tag','1'),(493,321,'product_count_product_tag','1'),(494,322,'product_count_product_tag','1'),(495,323,'product_count_product_tag','1'),(496,324,'product_count_product_tag','1'),(497,325,'product_count_product_tag','1'),(498,326,'product_count_product_tag','1'),(499,327,'product_count_product_tag','1'),(500,328,'product_count_product_tag','1'),(501,329,'order_pa_modelo','0'),(502,329,'product_attribute_image','762'),(503,330,'order_pa_modelo','0'),(504,330,'product_attribute_image','761'),(506,331,'product_count_product_tag','1'),(507,332,'product_count_product_tag','1'),(508,333,'product_count_product_tag','1'),(509,334,'product_count_product_tag','1'),(510,335,'product_count_product_tag','2'),(511,336,'product_count_product_tag','2'),(512,337,'product_count_product_tag','1'),(513,338,'product_count_product_tag','1'),(514,339,'product_count_product_tag','1'),(515,340,'product_count_product_tag','1'),(516,341,'product_count_product_tag','1'),(517,342,'product_count_product_tag','1'),(518,343,'product_count_product_tag','4'),(519,344,'product_count_product_tag','2'),(520,345,'product_count_product_tag','1'),(521,346,'product_count_product_tag','2'),(522,347,'product_count_product_tag','3'),(523,348,'product_count_product_tag','1'),(524,349,'product_count_product_tag','1'),(525,350,'product_count_product_tag','1'),(526,351,'product_count_product_tag','3'),(527,352,'product_count_product_tag','1'),(528,353,'product_count_product_tag','1'),(529,354,'product_count_product_tag','1'),(530,355,'product_count_product_tag','1'),(531,356,'product_count_product_tag','1'),(532,357,'product_count_product_tag','1'),(533,358,'product_count_product_tag','1'),(534,359,'product_count_product_tag','1'),(535,360,'product_count_product_tag','3'),(536,361,'product_count_product_tag','1'),(537,362,'product_count_product_tag','3'),(538,363,'product_count_product_tag','2'),(539,364,'product_count_product_tag','1'),(540,365,'product_count_product_tag','1'),(541,366,'product_count_product_tag','1'),(542,367,'product_count_product_tag','1'),(543,368,'product_count_product_tag','1'),(544,369,'product_count_product_tag','1'),(545,370,'product_count_product_tag','3'),(546,371,'product_count_product_tag','1'),(547,372,'product_count_product_tag','1'),(548,373,'product_count_product_tag','2'),(549,374,'product_count_product_tag','1'),(550,375,'product_count_product_tag','1'),(551,376,'product_count_product_tag','1'),(552,377,'product_count_product_tag','1'),(553,378,'product_count_product_tag','2'),(554,379,'product_count_product_tag','1'),(555,380,'product_count_product_tag','1'),(556,381,'product_count_product_tag','1'),(557,382,'product_count_product_tag','1'),(558,383,'product_count_product_tag','1'),(559,384,'product_count_product_tag','1'),(560,385,'product_count_product_tag','1'),(561,386,'product_count_product_tag','1'),(562,387,'product_count_product_tag','1'),(563,388,'product_count_product_tag','1'),(564,389,'order','0'),(565,389,'display_type',''),(566,389,'thumbnail_id','0'),(567,389,'product_count_product_cat','8'),(568,390,'product_count_product_tag','1'),(569,391,'product_count_product_tag','1'),(570,392,'product_count_product_tag','1'),(571,393,'product_count_product_tag','1'),(572,394,'product_count_product_tag','2'),(573,395,'product_count_product_tag','4'),(574,396,'product_count_product_tag','1'),(575,397,'product_count_product_tag','1'),(576,398,'product_count_product_tag','1'),(577,399,'product_count_product_tag','1'),(578,400,'product_count_product_tag','1'),(579,401,'product_count_product_tag','1'),(580,402,'product_count_product_tag','1'),(581,403,'product_count_product_tag','1'),(582,404,'product_count_product_tag','1'),(583,405,'product_count_product_tag','1'),(584,406,'product_count_product_tag','1'),(585,407,'product_count_product_tag','1'),(586,408,'product_count_product_tag','3'),(587,409,'product_count_product_tag','1'),(588,410,'product_count_product_tag','1'),(589,411,'product_count_product_tag','1'),(590,412,'product_count_product_tag','1'),(591,413,'product_count_product_tag','1'),(592,414,'product_count_product_tag','1'),(593,415,'product_count_product_tag','2'),(594,416,'product_count_product_tag','1'),(595,417,'product_count_product_tag','1'),(596,418,'product_count_product_tag','1'),(597,419,'product_count_product_tag','1'),(598,420,'product_count_product_tag','1'),(599,421,'product_count_product_tag','1'),(600,422,'product_count_product_tag','1'),(601,423,'product_count_product_tag','1'),(602,424,'product_count_product_tag','1'),(603,425,'product_count_product_tag','1'),(604,426,'product_count_product_tag','1'),(605,427,'product_count_product_tag','1'),(606,428,'product_count_product_tag','1'),(607,429,'product_count_product_tag','1'),(608,430,'product_count_product_tag','1'),(609,431,'product_count_product_tag','1'),(610,432,'product_count_product_tag','1'),(611,433,'product_count_product_tag','2'),(612,434,'product_count_product_tag','1'),(613,17,'rank_math_dont_show_seo_score','off'),(614,437,'product_count_product_tag','2'),(615,438,'product_count_product_tag','1'),(616,439,'product_count_product_tag','1'),(617,440,'product_count_product_tag','1'),(618,441,'product_count_product_tag','1'),(619,442,'product_count_product_tag','3'),(620,443,'product_count_product_tag','1'),(621,444,'product_count_product_tag','1'),(622,445,'product_count_product_tag','1'),(623,446,'product_count_product_tag','1'),(624,447,'product_count_product_tag','6'),(625,448,'product_count_product_tag','1'),(626,449,'product_count_product_tag','1'),(627,450,'product_count_product_tag','1'),(628,451,'product_count_product_tag','1'),(629,452,'order_pa_modelo','0'),(630,452,'product_attribute_image','996'),(631,453,'order_pa_modelo','0'),(632,453,'product_attribute_image','997'),(633,454,'order_pa_modelo','0'),(634,454,'product_attribute_image','998'),(635,455,'order_pa_modelo','0'),(636,455,'product_attribute_image','999'),(637,456,'product_count_product_tag','1'),(638,457,'product_count_product_tag','1'),(639,458,'product_count_product_tag','2'),(640,459,'product_count_product_tag','1'),(641,460,'product_count_product_tag','1'),(642,461,'product_count_product_tag','1'),(643,462,'product_count_product_tag','1'),(644,463,'order_pa_modelo','0'),(645,463,'product_attribute_image','1012'),(646,464,'order_pa_modelo','0'),(647,464,'product_attribute_image','1013'),(648,465,'order_pa_modelo','0'),(649,465,'product_attribute_image','1014'),(650,466,'order_pa_modelo','0'),(651,466,'product_attribute_image','1015'),(652,467,'product_count_product_tag','1'),(653,468,'product_count_product_tag','1'),(654,469,'product_count_product_tag','1'),(655,470,'product_count_product_tag','1'),(656,471,'product_count_product_tag','1'),(657,472,'product_count_product_tag','1'),(658,473,'product_count_product_tag','1'),(659,474,'product_count_product_tag','1'),(660,475,'product_count_product_tag','2'),(661,476,'product_count_product_tag','1'),(662,477,'product_count_product_tag','1'),(663,478,'product_count_product_tag','1'),(664,479,'product_count_product_tag','1'),(665,480,'product_count_product_tag','1'),(666,481,'product_count_product_tag','1'),(667,482,'product_count_product_tag','1'),(668,483,'product_count_product_tag','1'),(669,484,'product_count_product_tag','1'),(670,485,'product_count_product_tag','2'),(671,486,'product_count_product_tag','1'),(672,487,'product_count_product_tag','2'),(673,488,'product_count_product_tag','1'),(674,489,'product_count_product_tag','1'),(675,490,'product_count_product_tag','1'),(676,491,'product_count_product_tag','1'),(677,492,'product_count_product_tag','2'),(678,493,'product_count_product_tag','1'),(679,494,'product_count_product_tag','1'),(680,495,'product_count_product_tag','1'),(681,496,'product_count_product_tag','1'),(682,497,'product_count_product_tag','1'),(683,498,'product_count_product_tag','1'),(684,499,'product_count_product_tag','1'),(685,500,'product_count_product_tag','1'),(686,501,'product_count_product_tag','1'),(687,502,'product_count_product_tag','1'),(688,503,'product_count_product_tag','1'),(689,504,'product_count_product_tag','1'),(690,505,'product_count_product_tag','1'),(691,506,'product_count_product_tag','1'),(692,507,'product_count_product_tag','1'),(693,509,'product_count_product_tag','1'),(694,510,'product_count_product_tag','1'),(695,511,'order_pa_capa','0'),(696,511,'product_attribute_image','1100'),(697,512,'order_pa_capa','0'),(698,512,'product_attribute_image','1101'),(699,513,'order_pa_capa','0'),(700,513,'product_attribute_image','1102'),(701,514,'order_pa_capa','0'),(702,514,'product_attribute_image','1103'),(703,515,'product_count_product_tag','1'),(704,516,'product_count_product_tag','1'),(705,517,'product_count_product_tag','1'),(706,518,'product_count_product_tag','1'),(707,519,'product_count_product_tag','1'),(708,520,'product_count_product_tag','1'),(709,522,'product_count_product_tag','4'),(710,523,'product_count_product_tag','1'),(711,524,'product_count_product_tag','1'),(712,525,'product_count_product_tag','2'),(713,526,'product_count_product_tag','1'),(714,527,'product_count_product_tag','1'),(715,528,'product_count_product_tag','2'),(716,529,'product_count_product_tag','3'),(717,530,'product_count_product_tag','1'),(718,531,'product_count_product_tag','1'),(719,532,'product_count_product_tag','2'),(720,533,'product_count_product_tag','1'),(721,534,'product_count_product_tag','1'),(722,535,'product_count_product_tag','1'),(723,536,'product_count_product_tag','1'),(724,537,'product_count_product_tag','1'),(725,538,'product_count_product_tag','1'),(726,539,'product_count_product_tag','1'),(727,540,'product_count_product_tag','1'),(728,541,'product_count_product_tag','2'),(729,542,'product_count_product_tag','1'),(730,543,'product_count_product_tag','1'),(731,544,'product_count_product_tag','1'),(732,545,'product_count_product_tag','1'),(733,546,'product_count_product_tag','1'),(734,547,'product_count_product_tag','1'),(735,548,'product_count_product_tag','1'),(736,549,'product_count_product_tag','1'),(737,550,'product_count_product_tag','1'),(738,551,'product_count_product_tag','1'),(739,552,'product_count_product_tag','1'),(740,553,'product_count_product_tag','1'),(741,554,'product_count_product_tag','1'),(742,555,'product_count_product_tag','1'),(743,556,'product_count_product_tag','1'),(744,557,'product_count_product_tag','1'),(745,559,'product_count_product_tag','1'),(746,560,'product_count_product_tag','1'),(747,561,'product_count_product_tag','1'),(748,562,'product_count_product_tag','1'),(749,563,'product_count_product_tag','1'),(750,564,'product_count_product_tag','1'),(751,565,'product_count_product_tag','1'),(752,566,'product_count_product_tag','1'),(753,567,'product_count_product_tag','1'),(754,568,'product_count_product_tag','1'),(755,569,'product_count_product_tag','1'),(756,570,'product_count_product_tag','1'),(757,571,'product_count_product_tag','3'),(758,572,'product_count_product_tag','3'),(759,573,'product_count_product_tag','1'),(760,574,'product_count_product_tag','1'),(761,575,'product_count_product_tag','1'),(762,576,'product_count_product_tag','1'),(763,577,'product_count_product_tag','1'),(764,578,'product_count_product_tag','1'),(765,579,'product_count_product_tag','1'),(766,580,'product_count_product_tag','1'),(767,581,'product_count_product_tag','1'),(768,582,'product_count_product_tag','1'),(769,583,'product_count_product_tag','1'),(770,584,'product_count_product_tag','2'),(771,585,'product_count_product_tag','2'),(772,586,'product_count_product_tag','1'),(773,587,'product_count_product_tag','2'),(774,588,'product_count_product_tag','1'),(775,589,'product_count_product_tag','1'),(776,590,'product_count_product_tag','1'),(777,591,'product_count_product_tag','1'),(778,592,'product_count_product_tag','1'),(779,593,'product_count_product_tag','1'),(780,594,'product_count_product_tag','1'),(781,595,'product_count_product_tag','2'),(782,596,'product_count_product_tag','2'),(783,597,'product_count_product_tag','1'),(784,598,'product_count_product_tag','1'),(785,599,'product_count_product_tag','1'),(786,600,'product_count_product_tag','1'),(787,601,'product_count_product_tag','1'),(788,602,'product_count_product_tag','1'),(789,603,'product_count_product_tag','1'),(790,604,'product_count_product_tag','1'),(791,605,'product_count_product_tag','1'),(792,606,'product_count_product_tag','1'),(793,607,'product_count_product_tag','1'),(794,608,'product_count_product_tag','1'),(795,609,'product_count_product_tag','1'),(796,610,'product_count_product_tag','1'),(797,611,'product_count_product_tag','1'),(798,612,'product_count_product_tag','1'),(799,613,'product_count_product_tag','1'),(800,615,'product_count_product_tag','2'),(801,616,'product_count_product_tag','3'),(802,617,'product_count_product_tag','1'),(803,618,'product_count_product_tag','1'),(804,619,'product_count_product_tag','3'),(805,620,'product_count_product_tag','4'),(806,621,'product_count_product_tag','1'),(807,622,'product_count_product_tag','2'),(808,623,'product_count_product_tag','3'),(809,624,'product_count_product_tag','2'),(810,625,'product_count_product_tag','3'),(811,626,'product_count_product_tag','1'),(812,627,'product_count_product_tag','1'),(813,628,'product_count_product_tag','1'),(814,629,'product_count_product_tag','1'),(815,630,'product_count_product_tag','1'),(816,631,'product_count_product_tag','1'),(817,632,'product_count_product_tag','1'),(818,633,'product_count_product_tag','1'),(819,634,'product_count_product_tag','0'),(820,635,'product_count_product_tag','0'),(821,637,'product_count_product_tag','1'),(822,638,'product_count_product_tag','1'),(823,639,'product_count_product_tag','2'),(824,640,'product_count_product_tag','1'),(825,641,'product_count_product_tag','1'),(826,642,'product_count_product_tag','1'),(827,643,'product_count_product_tag','1'),(828,644,'product_count_product_tag','1'),(829,645,'product_count_product_tag','1'),(830,646,'product_count_product_tag','0'),(831,647,'product_count_product_tag','0'),(832,648,'product_count_product_tag','1'),(833,649,'product_count_product_tag','1'),(834,650,'product_count_product_tag','1'),(835,651,'product_count_product_tag','0'),(836,652,'product_count_product_tag','0'),(837,653,'product_count_product_tag','0'),(838,654,'product_count_product_tag','0'),(839,655,'product_count_product_tag','0'),(840,656,'product_count_product_tag','0'),(841,657,'product_count_product_tag','0'),(842,659,'product_count_product_tag','0'),(843,660,'product_count_product_tag','0'),(844,661,'product_count_product_tag','0'),(845,662,'product_count_product_tag','0'),(846,663,'product_count_product_tag','1'),(847,664,'product_count_product_tag','1'),(848,665,'product_count_product_tag','0'),(849,666,'product_count_product_tag','0'),(850,667,'product_count_product_tag','0'),(851,668,'product_count_product_tag','0'),(852,669,'product_count_product_tag','0'),(853,670,'product_count_product_tag','0'),(854,671,'product_count_product_tag','2'),(855,672,'product_count_product_tag','1'),(856,673,'product_count_product_tag','2'),(857,674,'product_count_product_tag','1'),(858,675,'product_count_product_tag','1'),(859,676,'product_count_product_tag','1'),(860,677,'product_count_product_tag','1'),(861,679,'product_count_product_tag','1'),(862,680,'product_count_product_tag','1'),(863,681,'product_count_product_tag','2'),(864,682,'product_count_product_tag','1'),(865,683,'product_count_product_tag','1'),(866,684,'product_count_product_tag','1'),(867,685,'product_count_product_tag','1'),(868,686,'product_count_product_tag','1'),(869,687,'product_count_product_tag','1'),(870,688,'product_count_product_tag','1'),(871,689,'product_count_product_tag','1'),(872,690,'product_count_product_tag','1'),(873,691,'product_count_product_tag','1'),(874,692,'product_count_product_tag','1'),(875,693,'product_count_product_tag','1'),(876,694,'product_count_product_tag','1'),(877,695,'product_count_product_tag','1'),(878,696,'product_count_product_tag','1'),(879,697,'product_count_product_tag','1'),(880,698,'product_count_product_tag','1');

--
-- Table structure for table `wp2__terms`
--

CREATE TABLE `wp2__terms` (
  `term_id` bigint(20) unsigned NOT NULL AUTO_INCREMENT,
  `name` varchar(200) COLLATE utf8mb4_unicode_ci NOT NULL DEFAULT '',
  `slug` varchar(200) COLLATE utf8mb4_unicode_ci NOT NULL DEFAULT '',
  `term_group` bigint(10) NOT NULL DEFAULT '0',
  PRIMARY KEY (`term_id`),
  KEY `slug` (`slug`(191)),
  KEY `name` (`name`(191))
) ENGINE=InnoDB AUTO_INCREMENT=699 DEFAULT CHARSET=utf8mb4 COLLATE=utf8mb4_unicode_ci;

--
-- Dumping data for table `wp2__terms`
--

INSERT INTO `wp2__terms` VALUES (1,'Sem categoria','sem-categoria',0),(2,'simple','simple',0),(3,'grouped','grouped',0),(4,'variable','variable',0),(5,'external','external',0),(6,'exclude-from-search','exclude-from-search',0),(7,'exclude-from-catalog','exclude-from-catalog',0),(8,'featured','featured',0),(9,'outofstock','outofstock',0),(10,'rated-1','rated-1',0),(11,'rated-2','rated-2',0),(12,'rated-3','rated-3',0),(13,'rated-4','rated-4',0),(14,'rated-5','rated-5',0),(15,'Sem categoria','sem-categoria',0),(16,'Menu Home','menu-home',0),(17,'NOVIDADES','novidades',0),(18,'PAPELARIA','papelaria',0),(23,'Pilot','pilot',0),(24,'Tombow','tombow',0),(25,'Stabilo','stabilo',0),(26,'Tilibra','tilibra',0),(27,'OFERTAS','ofertas',0),(28,'CANETAS','canetas',0),(29,'CADERNOS','cadernos',0),(30,'P','pequeno',0),(31,'M','medio',0),(32,'G','grande',0),(33,'80 folhas','80-folhas',0),(35,'200 folhas','200-folhas',0),(37,'MARCA-TEXTO','marca-texto',0),(38,'ESFEROGRÁFICA','esferografica',0),(39,'FINE PEN','fine-pen',0),(40,'INTELIGENTE','inteligente',0),(41,'ESPIRAL/UNIVERSITÁRIO','espiral-universitario',0),(50,'Dello','dello',0),(52,'Holografica','holografica',0),(53,'Arco-iris','arco-iris',0),(54,'0,5','05',0),(55,'0,2','02',0),(56,'Cadernos','cadernos',0),(57,'SKETCHBOOK','sketchbook',0),(58,'BRUSH PEN','brush-pen',0),(60,'PORTA-CANETAS','porta-canetas',0),(61,'CLIPS E PRENDEDORES','clips-e-prendedores',0),(62,'ORGANIZADORES','organizadores',0),(63,'Faber Castell','faber-castell',0),(64,'Branco','branco',0),(65,'Preto','preto',0),(66,'Azul','azul',0),(69,'Your Designs','your-designs',0),(70,'King Brasil','king-brasil',0),(71,'MENU FOOTER','menu-footer',0),(73,'Verde limão','verde',0),(74,'Rosa','rosa',0),(75,'Bege','bege',0),(77,'brush','brush',0),(78,'metallic','metallic',0),(79,'cis','cis',0),(80,'brush metallic','brush-metallic',0),(81,'brush metálica','brush-metalica',0),(82,'caneta metálica','caneta-metalica',0),(83,'brush pen','brush-pen',0),(84,'brush pen metallic','brush-pen-metallic',0),(85,'brush cis','brush-cis',0),(86,'brush pen metálica','brush-pen-metalica',0),(87,'caneta brush','caneta-brush',0),(88,'caneta cis','caneta-cis',0),(89,'organizador','organizador',0),(90,'porta caneta','porta-caneta',0),(91,'porta canetas','porta-canetas',0),(92,'dello','dello',0),(93,'porta canetas metálico','porta-canetas-metalico',0),(94,'porta caneta metálico','porta-caneta-metalico',0),(95,'porta caneta rose','porta-caneta-rose',0),(96,'porta caneta prata','porta-caneta-prata',0),(97,'porta caneta rose gold','porta-caneta-rose-gold',0),(98,'marca texto','marca-texto',0),(99,'marca texto boss','marca-texto-boss',0),(100,'marca texto stabilo','marca-texto-stabilo',0),(101,'marca texto pastel','marca-texto-pastel',0),(102,'boss pastel','boss-pastel',0),(103,'kit boss pastel','kit-boss-pastel',0),(104,'kit stabilo pastel','kit-stabilo-pastel',0),(105,'tons pastel stabilo','tons-pastel-stabilo',0),(106,'clips','clips',0),(107,'clips flamingo','clips-flamingo',0),(108,'prendedor','prendedor',0),(109,'prendedor flamingo','prendedor-flamingo',0),(110,'clips rosa','clips-rosa',0),(111,'flamingo','flamingo',0),(112,'Cis','cis',0),(113,'prendedores','prendedores',0),(114,'prendedor papel','prendedor-papel',0),(115,'prendedor de papel','prendedor-de-papel',0),(116,'prendedor cis','prendedor-cis',0),(117,'prendedor pastel','prendedor-pastel',0),(118,'Rose','rose',0),(119,'Prata','prata',0),(120,'Rosa claro','rosa-claro',0),(121,'Verde claro','verde-2',0),(122,'Azul claro','azul-claro',0),(123,'160 folhas','160-folhas',0),(124,'Gatinho rosa','rosa',0),(125,'Flores roxa','flores',0),(126,'Hey, it\'s okay azul','azul',0),(127,'Tênis rosa','tenis-rosa',0),(128,'Bicicleta Pepper','bike',0),(129,'Surf oceano pepper','surf-oceano',0),(130,'Moto preta','moto',0),(131,'Skate pepper','skate-pepper',0),(132,'caderno','caderno',0),(133,'caderno universitário','caderno-universitario',0),(134,'caderno espiral','caderno-espiral',0),(135,'caderno 1 matéria','caderno-1-materia',0),(136,'caderno 10 matérias','caderno-10-materias',0),(137,'caderno pepper','caderno-pepper',0),(138,'caderno pepper 1 matéria','caderno-pepper-1-materia',0),(139,'caderno pepper 10 matérias','caderno-pepper-10-materias',0),(140,'caderno grande','caderno-grande',0),(141,'cadernos','cadernos',0),(142,'caderno barato','caderno-barato',0),(143,'caderno promoção','caderno-promocao',0),(144,'brush aquarelavel','brush-aquarelavel',0),(145,'brush estojo','brush-estojo',0),(146,'12 cores brush pen','12-cores-brush-pen',0),(147,'brush cis estojo','brush-cis-estojo',0),(148,'brush cis kit','brush-cis-kit',0),(149,'brush aquarelavel kit','brush-aquarelavel-kit',0),(150,'Genmes','genmes',0),(151,'grampeador','grampeador',0),(152,'grampeador genmes','grampeador-genmes',0),(153,'grampeador 26/6','grampeador-26-6',0),(154,'grampeador 5777','grampeador-5777',0),(155,'grampeador genmes 5777','grampeador-genmes-5777',0),(156,'genmes','genmes',0),(157,'Staedtler','staedtler',0),(158,'fine pen','fine-pen',0),(159,'staedtler','staedtler',0),(160,'staedtler pastel','staedtler-pastel',0),(161,'ponta fina pastel','ponta-fina-pastel',0),(162,'caneta staedtler','caneta-staedtler',0),(163,'caneta pastel','caneta-pastel',0),(164,'caneta fineliner','caneta-fineliner',0),(165,'caneta 0.3','caneta-0-3',0),(166,'kit staedtler fineliner','kit-staedtler-fineliner',0),(167,'kit staedtler pastel','kit-staedtler-pastel',0),(168,'kit pastel 0.3','kit-pastel-0-3',0),(169,'kit my pastel colours','kit-my-pastel-colours',0),(170,'kit caneta ponta fina','kit-caneta-ponta-fina',0),(171,'staedtler fine pen pastel','staedtler-fine-pen-pastel',0),(172,'fine pen staedtler','fine-pen-staedtler',0),(173,'triplus fineliner','triplus-fineliner',0),(174,'staedtler triplus pastel','staedtler-triplus-pastel',0),(175,'BLOCO DE ANOTAÇÕES/POST-IT','bloco-de-anotacoes-post-it',0),(176,'3M','3m',0),(177,'post-it','post-it',0),(178,'post-it 3m','post-it-3m',0),(179,'post-it tropical','post-it-tropical',0),(180,'post-it com 4 blocos neon','post-it-com-4-blocos-neon',0),(181,'bloco de anotações','bloco-de-anotacoes',0),(182,'post-it neon','post-it-neon',0),(183,'bloco de anotações 3m','bloco-de-anotacoes-3m',0),(184,'Azul bebê','azul-bebe',0),(185,'Rosa bebê','rosa-bebe',0),(186,'Laranja','laranja',0),(187,'Amarelo','amarelo',0),(188,'Verde claro','verde-bebe',0),(189,'post-it notefix','post-it-notefix',0),(190,'notefix','notefix',0),(191,'note fix','note-fix',0),(192,'bloco anotacoes','bloco-anotacoes',0),(193,'bloco anotacoes note fix','bloco-anotacoes-note-fix',0),(194,'clips. clips bee unique','clips-clips-bee-unique',0),(195,'clips fofo','clips-fofo',0),(196,'clips azul','clips-azul',0),(197,'clips verde','clips-verde',0),(198,'pacote de clips','pacote-de-clips',0),(199,'stabilo','stabilo',0),(200,'stabilo point 88','stabilo-point-88',0),(201,'stabilo ponta fina','stabilo-ponta-fina',0),(202,'caneta ponta fina','caneta-ponta-fina',0),(203,'caneta stabilo point 88','caneta-stabilo-point-88',0),(204,'caneta stabilo','caneta-stabilo',0),(205,'stabilo 88','stabilo-88',0),(206,'caneta point 68','caneta-point-68',0),(207,'stabilo 68','stabilo-68',0),(208,'caneta stabilo point 68','caneta-stabilo-point-68',0),(209,'caneta stabilo grossa','caneta-stabilo-grossa',0),(210,'stabilo grossa','stabilo-grossa',0),(211,'stabilo ponta grossa','stabilo-ponta-grossa',0),(212,'Pentel','pentel',0),(213,'borracha','borracha',0),(214,'borracha pentel','borracha-pentel',0),(215,'borracha soft','borracha-soft',0),(216,'borracha hi polymer','borracha-hi-polymer',0),(217,'borracha dust free','borracha-dust-free',0),(218,'pentel','pentel',0),(219,'borracha pentel soft','borracha-pentel-soft',0),(220,'caderno inteligente','caderno-inteligente',0),(221,'caderno inteligente preto','caderno-inteligente-preto',0),(222,'inteligente preto','inteligente-preto',0),(223,'caderno inteligente promocao','caderno-inteligente-promocao',0),(224,'caderno inteligente oferta','caderno-inteligente-oferta',0),(225,'caderno inteligente preto ecologico','caderno-inteligente-preto-ecologico',0),(226,'organizador marca texto','organizador-marca-texto',0),(227,'organizador maquiagem','organizador-maquiagem',0),(228,'organizador batom','organizador-batom',0),(229,'organizador divisorias','organizador-divisorias',0),(230,'organizador papelaria','organizador-papelaria',0),(231,'organizador stabilo','organizador-stabilo',0),(232,'organizador cosmetico','organizador-cosmetico',0),(233,'organizador canetas','organizador-canetas',0),(234,'organizador cosmeticos','organizador-cosmeticos',0),(235,'porta canetas dello','porta-canetas-dello',0),(236,'porta objetos','porta-objetos',0),(237,'porta caneta dello','porta-caneta-dello',0),(238,'sketchbook','sketchbook',0),(239,'caderno bee unique','caderno-bee-unique',0),(240,'caderno cachorro','caderno-cachorro',0),(241,'caderno bulldog francês','caderno-bulldog-frances',0),(242,'caderno cachorro bee unique','caderno-cachorro-bee-unique',0),(243,'sketchbook cachorro','sketchbook-cachorro',0),(244,'sketchbook bee unique','sketchbook-bee-unique',0),(245,'Bee Unique','bee-unique',0),(246,'caderno bee unique preto','caderno-bee-unique-preto',0),(247,'caderno SL-NB0036','caderno-sl-nb0036',0),(248,'caderno preto sem pauta','caderno-preto-sem-pauta',0),(249,'caderno preto sl-nb0036','caderno-preto-sl-nb0036',0),(250,'sketchbook preto','sketchbook-preto',0),(251,'sketchbook sem pauta preto','sketchbook-sem-pauta-preto',0),(252,'Incolor','incolor',0),(253,'Verde 2','verde-2-2',0),(254,'porta','porta',0),(255,'porta objetos metalico','porta-objetos-metalico',0),(256,'porta caneta 3029','porta-caneta-3029',0),(257,'porta caneta 3029.rg','porta-caneta-3029-rg',0),(258,'organizador de caneta metalico','organizador-de-caneta-metalico',0),(259,'organizador de caneta dello','organizador-de-caneta-dello',0),(260,'organizador metalico','organizador-metalico',0),(261,'porta objetos prata','porta-objetos-prata',0),(262,'porta objetos rose','porta-objetos-rose',0),(263,'porta caneta 3031','porta-caneta-3031',0),(264,'porta caneta triplo','porta-caneta-triplo',0),(265,'porta caneta triplo metalico','porta-caneta-triplo-metalico',0),(266,'porta objetos triplo','porta-objetos-triplo',0),(267,'Verde turquesa','verde-turquesa',0),(268,'clips turquesa','clips-turquesa',0),(269,'Amarelo Pastel 70/144','amarelo-pastel',0),(270,'Azul Pastel 70/113','azul-pastel-70-113',0),(271,'Lilás Pastel 70/155','lilas-pastel-70-155',0),(272,'Rosa Pastel 70/129','rosa-pastel-70-129',0),(273,'Pêssego Pastel 70/126','pessego-pastel-70-126',0),(274,'Verde Pastel 70/116','verde-pastel-70-116',0),(275,'comprar marca texto online','comprar-marca-texto-online',0),(276,'comprar marca texto stabilo','comprar-marca-texto-stabilo',0),(277,'marcador de texto stabilo','marcador-de-texto-stabilo',0),(278,'marcador de texto pastel','marcador-de-texto-pastel',0),(279,'Limão Pastel 70/133','limao-pastel-70-133',0),(280,'Azul Nublado Pastel 70/111','azul-nublado-pastel-70-111',0),(281,'Cerejeira Rosa 70/150','cerejeira-rosa-70-150',0),(282,'Coral 70/140','coral-70-140',0),(283,'kit docura','kit-docura',0),(284,'kit porta objetos','kit-porta-objetos',0),(285,'kit docura dello','kit-docura-dello',0),(286,'kit rosa dello','kit-rosa-dello',0),(287,'suporte com porta caneta dello','suporte-com-porta-caneta-dello',0),(288,'suporte com porta objetos dello','suporte-com-porta-objetos-dello',0),(289,'porta caneta rosa dello','porta-caneta-rosa-dello',0),(290,'porta caneta roxo dello','porta-caneta-roxo-dello',0),(291,'porta caneta rose dello','porta-caneta-rose-dello',0),(292,'porta caneta 3030','porta-caneta-3030',0),(293,'porta objetos dello','porta-objetos-dello',0),(294,'Abacaxi (amarelo)','abacaxi-amarelo',0),(295,'Melancia (vermelho)','melancia-vermelho',0),(296,'Morango (rosa)','morango-rosa',0),(297,'Uva (roxo)','uva-roxo',0),(298,'borracha picole','borracha-picole',0),(299,'borracha de cheirinho','borracha-de-cheirinho',0),(300,'borracha tilibra','borracha-tilibra',0),(301,'borracha tilibra com cheiro','borracha-tilibra-com-cheiro',0),(302,'borracha picole com cheiro','borracha-picole-com-cheiro',0),(303,'Roxo','roxo',0),(304,'Vermelho','vermelho',0),(305,'Verde','verde-escuro',0),(306,'kit 4 cores novas stabilo','kit-4-cores-novas-stabilo',0),(307,'stabilo boss 4 cores novas','stabilo-boss-4-cores-novas',0),(308,'stabilo cores novas','stabilo-cores-novas',0),(309,'kit com 4 stabilo','kit-com-4-stabilo',0),(310,'kit com 4 cores novas stabilo','kit-com-4-cores-novas-stabilo',0),(311,'kit marca texto cores novas','kit-marca-texto-cores-novas',0),(312,'estojo cores novas','estojo-cores-novas',0),(313,'stabilo boss cores novas','stabilo-boss-cores-novas',0),(314,'marca texto cores novas stabilo','marca-texto-cores-novas-stabilo',0),(315,'kit stabilo 15 cores','kit-stabilo-15-cores',0),(316,'kit marca texto','kit-marca-texto',0),(317,'kit 15 cores marca texto','kit-15-cores-marca-texto',0),(318,'kit boss','kit-boss',0),(319,'kit stabilo boss','kit-stabilo-boss',0),(320,'kit com deskset stabilo','kit-com-deskset-stabilo',0),(321,'kit 20 cores stabilo','kit-20-cores-stabilo',0),(322,'kit stabilo','kit-stabilo',0),(323,'kit stabilo ponta fina','kit-stabilo-ponta-fina',0),(324,'kit 20 cores ponta fina','kit-20-cores-ponta-fina',0),(325,'caneta ponta fina 20 cores','caneta-ponta-fina-20-cores',0),(326,'caneta stabilo 20 cores','caneta-stabilo-20-cores',0),(327,'caneta point 88 estojo','caneta-point-88-estojo',0),(328,'caneta ponta fina estojo 20 cores','caneta-ponta-fina-estojo-20-cores',0),(329,'Cactus Amarelo','cactus-amarelo',0),(330,'Cactus Alaranjado','cactus-alaranjado',0),(331,'lapiseira cactus','lapiseira-cactus',0),(332,'lapiseira tilibra','lapiseira-tilibra',0),(333,'lapiseira 0.7mm','lapiseira-0-7mm',0),(334,'lapiseira cactus tilibra','lapiseira-cactus-tilibra',0),(335,'sketchbook tilibra','sketchbook-tilibra',0),(336,'caderno sem pauta','caderno-sem-pauta',0),(337,'caderno costurado tilibra','caderno-costurado-tilibra',0),(338,'caderno sem pauta tlibra','caderno-sem-pauta-tlibra',0),(339,'caderno west village','caderno-west-village',0),(340,'caderno west villagre tilibra','caderno-west-villagre-tilibra',0),(341,'caderno west village sem pauta','caderno-west-village-sem-pauta',0),(342,'sketchbook sem pauta','sketchbook-sem-pauta',0),(343,'caderno pontilhado','caderno-pontilhado',0),(344,'caderno pontilhado tilibra','caderno-pontilhado-tilibra',0),(345,'caderno bullet journal','caderno-bullet-journal',0),(346,'bullet journal','bullet-journal',0),(347,'bullet journal tilibra','bullet-journal-tilibra',0),(348,'pontilhado west village','pontilhado-west-village',0),(349,'clips rose','clips-rose',0),(350,'clips rose gold','clips-rose-gold',0),(351,'clips tilibra','clips-tilibra',0),(352,'clips ouro rose','clips-ouro-rose',0),(353,'clips dourado','clips-dourado',0),(354,'clips dourado tilibra','clips-dourado-tilibra',0),(355,'clips 28mm','clips-28mm',0),(356,'clips decorado','clips-decorado',0),(357,'clips abacaxi','clips-abacaxi',0),(358,'clips cereja','clips-cereja',0),(359,'clips decorado tilibra','clips-decorado-tilibra',0),(360,'post-it preto','post-it-preto',0),(361,'post-it preto 3m','post-it-preto-3m',0),(362,'notas adesivas preto','notas-adesivas-preto',0),(363,'post it preto eagle','post-it-preto-eagle',0),(364,'notas adesivas eagle','notas-adesivas-eagle',0),(365,'post-it coração','post-it-coracao',0),(366,'notas adesivas de coração','notas-adesivas-de-coracao',0),(367,'post-it de coração','post-it-de-coracao',0),(368,'planner','planner',0),(369,'planner magic','planner-magic',0),(370,'planner tilibra','planner-tilibra',0),(371,'planner horoscope','planner-horoscope',0),(372,'planner tilibra magic','planner-tilibra-magic',0),(373,'agenda tilibra','agenda-tilibra',0),(374,'agenda tilibra magic','agenda-tilibra-magic',0),(375,'agenda 2021 magic','agenda-2021-magic',0),(376,'agenda 2021 horoscope','agenda-2021-horoscope',0),(377,'planner 2021 magic','planner-2021-magic',0),(378,'agenda 2021','agenda-2021',0),(379,'planner 2021 tilibra','planner-2021-tilibra',0),(380,'planner cambridge','planner-cambridge',0),(381,'agenda cambridge','agenda-cambridge',0),(382,'planner preto tilibra','planner-preto-tilibra',0),(383,'agenda preta tilibra','agenda-preta-tilibra',0),(384,'kit 4 em 1','kit-4-em-1',0),(385,'clips bee unique','clips-bee-unique',0),(386,'donuts papelaria','donuts-papelaria',0),(387,'donuts de clips','donuts-de-clips',0),(388,'donuts bee unique','donuts-bee-unique',0),(389,'AGENDA','agenda',0),(390,'agenda pepper','agenda-pepper',0),(391,'agenda tilibra rosa','agenda-tilibra-rosa',0),(392,'agenda pepper tilibra','agenda-pepper-tilibra',0),(393,'agenda tilibra cores lisas','agenda-tilibra-cores-lisas',0),(394,'agenda pepper 2021','agenda-pepper-2021',0),(395,'agenda tilibra 2021','agenda-tilibra-2021',0),(396,'kit marca texto cis','kit-marca-texto-cis',0),(397,'estojo marca texto tom pastel','estojo-marca-texto-tom-pastel',0),(398,'estojo marca texto cis','estojo-marca-texto-cis',0),(399,'estojo cis lumini','estojo-cis-lumini',0),(400,'estojo marca texto pastel','estojo-marca-texto-pastel',0),(401,'marca texto cis','marca-texto-cis',0),(402,'agenda torino','agenda-torino',0),(403,'agenda executiva tilibra','agenda-executiva-tilibra',0),(404,'agenda torino 2021','agenda-torino-2021',0),(405,'agenda executiva 2021','agenda-executiva-2021',0),(406,'agenda preta tilibra 2021','agenda-preta-tilibra-2021',0),(407,'planner happy 2021','planner-happy-2021',0),(408,'planner happy','planner-happy',0),(409,'agenda happy 2021','agenda-happy-2021',0),(410,'agenda happy tilibra','agenda-happy-tilibra',0),(411,'caderno inteligente rosa holografico','caderno-inteligente-rosa-holografico',0),(412,'caderno inteligente holografico','caderno-inteligente-holografico',0),(413,'caderno inteligente rosa','caderno-inteligente-rosa',0),(414,'agenda espiral pepper','agenda-espiral-pepper',0),(415,'agenda rosa tilibra','agenda-rosa-tilibra',0),(416,'agenda espiral tilibra 2021','agenda-espiral-tilibra-2021',0),(417,'planner rosa tilibra','planner-rosa-tilibra',0),(418,'caderno shine tilibra','caderno-shine-tilibra',0),(419,'caderno shine','caderno-shine',0),(420,'sketchbook shine dourado','sketchbook-shine-dourado',0),(421,'caderno dourado','caderno-dourado',0),(422,'caderno glitter','caderno-glitter',0),(423,'sketchbook glitter','sketchbook-glitter',0),(424,'caderno pontilhado shine','caderno-pontilhado-shine',0),(425,'caderno pontilhado com glitter preto','caderno-pontilhado-com-glitter-preto',0),(426,'caderno pontilhado glitter','caderno-pontilhado-glitter',0),(427,'bullet journal com glitter','bullet-journal-com-glitter',0),(428,'caderno para lettering','caderno-para-lettering',0),(429,'caneta brush pen','caneta-brush-pen',0),(430,'brush pen faber castell','brush-pen-faber-castell',0),(431,'estojo de brush pen','estojo-de-brush-pen',0),(432,'caneta para lettering','caneta-para-lettering',0),(433,'kit de brush pen','kit-de-brush-pen',0),(434,'caneta brush faber castell','caneta-brush-faber-castell',0),(435,'Starblu','starblu',0),(436,'Blumenau Diferenciado','blumenau-diferenciado',0),(437,'marca texto staedtler','marca-texto-staedtler',0),(438,'marca texto vintage','marca-texto-vintage',0),(439,'marca texto staedtler textsurfer','marca-texto-staedtler-textsurfer',0),(440,'estojo marca texto staedtler 10 cores','estojo-marca-texto-staedtler-10-cores',0),(441,'estojo staedtler 10 cores','estojo-staedtler-10-cores',0),(442,'marca texto tom pastel','marca-texto-tom-pastel',0),(443,'estojo staedtler','estojo-staedtler',0),(444,'marca texto textsurfer','marca-texto-textsurfer',0),(445,'estojo staedtler 6 cores','estojo-staedtler-6-cores',0),(446,'estojo staedtler tom pastel','estojo-staedtler-tom-pastel',0),(447,'caderno tilibra','caderno-tilibra',0),(448,'caderno happy tilibra','caderno-happy-tilibra',0),(449,'caderno 1 materia tilibra','caderno-1-materia-tilibra',0),(450,'caderno azul tilibra','caderno-azul-tilibra',0),(451,'caderno happy','caderno-happy',0),(452,'Caderno Soho de Bolinhas','caderno-soho-de-bolinhas',0),(453,'Caderno Soho de Listras','caderno-soho-de-listras',0),(454,'Caderno Rosa de Bolinhas','caderno-rosa-de-bolinhas',0),(455,'Caderno Rosa de Listras','caderno-rosa-de-listras',0),(456,'caderno soho tilibra','caderno-soho-tilibra',0),(457,'caderno college tilibra','caderno-college-tilibra',0),(458,'caderno soho','caderno-soho',0),(459,'caderno soho azul','caderno-soho-azul',0),(460,'caderno colegial tilibra','caderno-colegial-tilibra',0),(461,'caderno rosa soho','caderno-rosa-soho',0),(462,'caderno colegial','caderno-colegial',0),(463,'Caderno Hello Rosa','hello-rosa',0),(464,'Caderno Hello Amarelo','caderno-hello-amarelo',0),(465,'Caderno Stay Kind Love','caderno-stay',0),(466,'Caderno Hello Verde Água','hello-verde',0),(467,'caderno hello','caderno-hello',0),(468,'caderno lhama','caderno-lhama',0),(469,'caderno universitario caderno universitario tilibra','caderno-universitario-caderno-universitario-tilibra',0),(470,'caderno hello tilibra','caderno-hello-tilibra',0),(471,'caderno lhama tilibra','caderno-lhama-tilibra',0),(472,'caneta dolce color','caneta-dolce-color',0),(473,'dolce color cis','dolce-color-cis',0),(474,'caneta dolce color cis','caneta-dolce-color-cis',0),(475,'caneta','caneta',0),(476,'caneta 0.5','caneta-0-5',0),(477,'caneta colorida','caneta-colorida',0),(478,'caneta brush neon','caneta-brush-neon',0),(479,'caneta cis dual brush','caneta-cis-dual-brush',0),(480,'caneta dual brush','caneta-dual-brush',0),(481,'caneta neon','caneta-neon',0),(482,'brush neon cis','brush-neon-cis',0),(483,'dual brush neon','dual-brush-neon',0),(484,'caneta branca','caneta-branca',0),(485,'caneta uniball','caneta-uniball',0),(486,'caneta signo branca','caneta-signo-branca',0),(487,'caneta signo','caneta-signo',0),(488,'caneta branca para folha preta','caneta-branca-para-folha-preta',0),(489,'caneta branca uniball','caneta-branca-uniball',0),(490,'caneta spiro','caneta-spiro',0),(491,'caneta esferografica','caneta-esferografica',0),(492,'caneta 0.7','caneta-0-7',0),(493,'caneta cis 0.7','caneta-cis-0-7',0),(494,'caneta cis spiro','caneta-cis-spiro',0),(495,'caneta pentonic','caneta-pentonic',0),(496,'caneta cis pentonic','caneta-cis-pentonic',0),(497,'prendedor de coracao','prendedor-de-coracao',0),(498,'prendedor de papel rosa','prendedor-de-papel-rosa',0),(499,'prendedor de papel de coracao','prendedor-de-papel-de-coracao',0),(500,'prendedor de papel cis','prendedor-de-papel-cis',0),(501,'prendedor de papel coracao rosa cis','prendedor-de-papel-coracao-rosa-cis',0),(502,'prendedor de emoji','prendedor-de-emoji',0),(503,'prendedor emoji cis','prendedor-emoji-cis',0),(504,'caderno inteligente grande','caderno-inteligente-grande',0),(505,'caderno inteligente arco iris','caderno-inteligente-arco-iris',0),(506,'caderno inteligente arco iris grande','caderno-inteligente-arco-iris-grande',0),(507,'caderno inteligente barato','caderno-inteligente-barato',0),(508,'Caderno Inteligente','caderno-inteligente',0),(509,'caderno inteligente azul','caderno-inteligente-azul',0),(510,'caderno inteligente azul celeste','caderno-inteligente-azul-celeste',0),(511,'Wonder Capa Rosa','capa-rosa',0),(512,'Wonder Mermaid Soul','mermaid-soul',0),(513,'Wonder Starfish','wonder-starfish',0),(514,'Wonder Feeling like a Mermaid','wonder-feeling-like-a-mermaid',0),(515,'caderno 10 materias tilibra','caderno-10-materias-tilibra',0),(516,'caderno sereia','caderno-sereia',0),(517,'caderno sereia tilibra','caderno-sereia-tilibra',0),(518,'caderno sereia 10 materias tilibra','caderno-sereia-10-materias-tilibra',0),(519,'caderno wonder tilibra','caderno-wonder-tilibra',0),(520,'caderno wonder 10 materias','caderno-wonder-10-materias',0),(521,'NewPen','newpen',0),(522,'brush pen aquarelavel','brush-pen-aquarelavel',0),(523,'brush pen kit com 20','brush-pen-kit-com-20',0),(524,'brush pen estojo 20 cores','brush-pen-estojo-20-cores',0),(525,'brush pen new pen','brush-pen-new-pen',0),(526,'brush new pen 20 cores','brush-new-pen-20-cores',0),(527,'brush aquarelavel 20 cores','brush-aquarelavel-20-cores',0),(528,'kit newpen de brush','kit-newpen-de-brush',0),(529,'caneta brush newpen','caneta-brush-newpen',0),(530,'brush pen tom pastel','brush-pen-tom-pastel',0),(531,'brush pen pastel','brush-pen-pastel',0),(532,'brush pen newpen','brush-pen-newpen',0),(533,'caneta brush tom pastel','caneta-brush-tom-pastel',0),(534,'estojo brush pen tom pastel','estojo-brush-pen-tom-pastel',0),(535,'kit brush newpen','kit-brush-newpen',0),(536,'brush aquarelavel 16 cores','brush-aquarelavel-16-cores',0),(537,'brush new pen 16 cores','brush-new-pen-16-cores',0),(538,'brush pen estojo com 16 cores','brush-pen-estojo-com-16-cores',0),(539,'brush pen kit com 16 cores','brush-pen-kit-com-16-cores',0),(540,'estojo brush tom pastel aquarelavel','estojo-brush-tom-pastel-aquarelavel',0),(541,'kit brush aquarelavel','kit-brush-aquarelavel',0),(542,'marca texto newpen','marca-texto-newpen',0),(543,'marca texto newpen tom pastel','marca-texto-newpen-tom-pastel',0),(544,'estojo de marca texto 6 cores','estojo-de-marca-texto-6-cores',0),(545,'estojo marca texto newpen','estojo-marca-texto-newpen',0),(546,'kit de marca texto da newpen','kit-de-marca-texto-da-newpen',0),(547,'marca texto tom pastel newpen','marca-texto-tom-pastel-newpen',0),(548,'kit marca texto pastel','kit-marca-texto-pastel',0),(549,'brush newpen','brush-newpen',0),(550,'brush pen cores basicas','brush-pen-cores-basicas',0),(551,'estojo caneta brush cores basicas','estojo-caneta-brush-cores-basicas',0),(552,'kit de brush pen aquarelavel','kit-de-brush-pen-aquarelavel',0),(553,'kit de brush pen newpen','kit-de-brush-pen-newpen',0),(554,'kit de brush pen cores basicas','kit-de-brush-pen-cores-basicas',0),(555,'cis dual brush','cis-dual-brush',0),(556,'brush dual','brush-dual',0),(557,'brush cisl estojo brush aquarelavel','brush-cisl-estojo-brush-aquarelavel',0),(558,'BIC','bic',0),(559,'caneta bic','caneta-bic',0),(560,'caneta bic cristal','caneta-bic-cristal',0),(561,'caneta simples','caneta-simples',0),(562,'caixa de caneta bic','caixa-de-caneta-bic',0),(563,'brus pen cis','brus-pen-cis',0),(564,'dual brush pastel cis','dual-brush-pastel-cis',0),(565,'dual brush','dual-brush',0),(566,'dual brush cis','dual-brush-cis',0),(567,'estojo dual brush','estojo-dual-brush',0),(568,'estojo dual brush pastel','estojo-dual-brush-pastel',0),(569,'kit dual brush pastel','kit-dual-brush-pastel',0),(570,'kit brush pastel cis','kit-brush-pastel-cis',0),(571,'aquarela','aquarela',0),(572,'aquarela ´pentel','aquarela-pentel',0),(573,'estojo de aquarela','estojo-de-aquarela',0),(574,'aquarela 8 cores','aquarela-8-cores',0),(575,'aquarela pentel 8 cores','aquarela-pentel-8-cores',0),(576,'aquela 12 cores','aquela-12-cores',0),(577,'aquarela 12 cores pentel','aquarela-12-cores-pentel',0),(578,'estojo de aquarela 12 cores pentel','estojo-de-aquarela-12-cores-pentel',0),(579,'aquarela pentel 24 cores','aquarela-pentel-24-cores',0),(580,'estojo de aquarela 24 cores','estojo-de-aquarela-24-cores',0),(581,'aquarela htp','aquarela-htp',0),(582,'giz pastel','giz-pastel',0),(583,'giz pastel oleo','giz-pastel-oleo',0),(584,'giz pastel oleoso','giz-pastel-oleoso',0),(585,'giz pastel oleoso pentel','giz-pastel-oleoso-pentel',0),(586,'giz pastel pentel','giz-pastel-pentel',0),(587,'estojo com 12 cores giz pastel oleoso','estojo-com-12-cores-giz-pastel-oleoso',0),(588,'giz pastel oleoso 12 cores','giz-pastel-oleoso-12-cores',0),(589,'giz pastel oleoso 25 cores','giz-pastel-oleoso-25-cores',0),(590,'estojo com 25 cores giz pastel','estojo-com-25-cores-giz-pastel',0),(591,'estojo pentel 25 cores','estojo-pentel-25-cores',0),(592,'estojo giz pastel pentel','estojo-giz-pastel-pentel',0),(593,'estojo giz oleoso','estojo-giz-oleoso',0),(594,'marca texto textliner','marca-texto-textliner',0),(595,'marca texto faber','marca-texto-faber',0),(596,'marca texto faber castell','marca-texto-faber-castell',0),(597,'marca texto faber em tom pastel','marca-texto-faber-em-tom-pastel',0),(598,'marca texto textliner pastel','marca-texto-textliner-pastel',0),(599,'estojo com 6 marca texto pastel','estojo-com-6-marca-texto-pastel',0),(600,'estojo com 6 cores marca texto faber','estojo-com-6-cores-marca-texto-faber',0),(601,'marca texto faber tom pastel','marca-texto-faber-tom-pastel',0),(602,'estojo de marca texto faber','estojo-de-marca-texto-faber',0),(603,'marca texto textliner faber','marca-texto-textliner-faber',0),(604,'estojo com 4 marca texto pastel','estojo-com-4-marca-texto-pastel',0),(605,'estojo com 4 marca texto faber','estojo-com-4-marca-texto-faber',0),(606,'caneta trilux','caneta-trilux',0),(607,'caneta trilux faber castell','caneta-trilux-faber-castell',0),(608,'caneta trilux tom pastel','caneta-trilux-tom-pastel',0),(609,'caneta tom pastel faber castell','caneta-tom-pastel-faber-castell',0),(610,'caneta esferografica tom pastel','caneta-esferografica-tom-pastel',0),(611,'caneta esferografica faber castell','caneta-esferografica-faber-castell',0),(612,'estojo de caneta esferografica faber castell','estojo-de-caneta-esferografica-faber-castell',0),(613,'estojo de caneta tom pastel faber','estojo-de-caneta-tom-pastel-faber',0),(614,'DAC','dac',0),(615,'fichario breeze','fichario-breeze',0),(616,'fichario dac','fichario-dac',0),(617,'fichario dac roxo','fichario-dac-roxo',0),(618,'fichario breeze lilas','fichario-breeze-lilas',0),(619,'caderno argolado dac','caderno-argolado-dac',0),(620,'caderno argolado','caderno-argolado',0),(621,'caderno argolado roxo','caderno-argolado-roxo',0),(622,'caderno argolado breeze','caderno-argolado-breeze',0),(623,'fichario breeze dac','fichario-breeze-dac',0),(624,'caderno argolado neon','caderno-argolado-neon',0),(625,'fichario neon','fichario-neon',0),(626,'fichario verde agua','fichario-verde-agua',0),(627,'caderno argolado verde agua','caderno-argolado-verde-agua',0),(628,'caderno argolado rosa','caderno-argolado-rosa',0),(629,'fichario rosa','fichario-rosa',0),(630,'fichario rosa dac','fichario-rosa-dac',0),(631,'fichario breeze rosa','fichario-breeze-rosa',0),(632,'caderno argolado breeze rosa','caderno-argolado-breeze-rosa',0),(633,'caneta dourada','caneta-dourada',0),(634,'uno','uno',0),(635,'jogo uno','jogo-uno',0),(636,'Redoma','redoma',0),(637,'caderno 3 em 1','caderno-3-em-1',0),(638,'caderno 3 em 1 redoma','caderno-3-em-1-redoma',0),(639,'caderno redoma','caderno-redoma',0),(640,'caderno pautado','caderno-pautado',0),(641,'caderno candy redoma','caderno-candy-redoma',0),(642,'porta revista dello','porta-revista-dello',0),(643,'porta revista','porta-revista',0),(644,'porta revista rosa','porta-revista-rosa',0),(645,'organizador rosa','organizador-rosa',0),(646,'caneta posca','caneta-posca',0),(647,'caneta posca preta','caneta-posca-preta',0),(648,'caderno guaxinim','caderno-guaxinim',0),(649,'caderno redoma guaxinim','caderno-redoma-guaxinim',0),(650,'caderno guaxinim redoma','caderno-guaxinim-redoma',0),(651,'caixa lápis de cor tris','caixa-lapis-de-cor-tris',0),(652,'lapis de cor metalico','lapis-de-cor-metalico',0),(653,'lapis de cor super soft','lapis-de-cor-super-soft',0),(654,'lapiseira stabilo','lapiseira-stabilo',0),(655,'lapiseira rosa stabilo','lapiseira-rosa-stabilo',0),(656,'lapiseira 0.7','lapiseira-0-7',0),(657,'caneta de bolinhas','caneta-de-bolinhas',0),(658,'Molin','molin',0),(659,'caneta molin','caneta-molin',0),(660,'caneta lhama','caneta-lhama',0),(661,'caneta borracha','caneta-borracha',0),(662,'caneta borracha pentel','caneta-borracha-pentel',0),(663,'lapis coracao','lapis-coracao',0),(664,'lapis molin','lapis-molin',0),(665,'caneta 0.7mm','caneta-0-7mm',0),(666,'clips coracao','clips-coracao',0),(667,'clips colorido','clips-colorido',0),(668,'clips coracao tilibra','clips-coracao-tilibra',0),(669,'clips de coracao rose gold','clips-de-coracao-rose-gold',0),(670,'clips rose gold tilibra','clips-rose-gold-tilibra',0),(671,'planner 2021','planner-2021',0),(672,'planner happy rosa','planner-happy-rosa',0),(673,'planner tilibra 2021','planner-tilibra-2021',0),(674,'planner tilibra rosa 2021','planner-tilibra-rosa-2021',0),(675,'planner argolado','planner-argolado',0),(676,'planner argolado rosa','planner-argolado-rosa',0),(677,'planner argolado 2021','planner-argolado-2021',0),(678,'BRW','brw',0),(679,'caneta artistica','caneta-artistica',0),(680,'caneta brw','caneta-brw',0),(681,'marcador artistico','marcador-artistico',0),(682,'marcador com brilho','marcador-com-brilho',0),(683,'caneta com brilho','caneta-com-brilho',0),(684,'caneta evoke','caneta-evoke',0),(685,'caneta evoke brw','caneta-evoke-brw',0),(686,'estojo caneta evoke','estojo-caneta-evoke',0),(687,'fichario soho','fichario-soho',0),(688,'fichario tilibra','fichario-tilibra',0),(689,'caderno argolado tilibra','caderno-argolado-tilibra',0),(690,'caderno argolado soho','caderno-argolado-soho',0),(691,'planner happy verde','planner-happy-verde',0),(692,'planner verde tilibra 2021','planner-verde-tilibra-2021',0),(693,'agenda 2021 argolada','agenda-2021-argolada',0),(694,'planner verde tilibra','planner-verde-tilibra',0),(695,'pontilhado shine','pontilhado-shine',0),(696,'marcador metalico','marcador-metalico',0),(697,'marcador cis','marcador-cis',0),(698,'estojo de marcador artistico metalico','estojo-de-marcador-artistico-metalico',0);

--
